000
CXUS55 KBOI 181002
CF6TWF
PRELIMINARY LOCAL CLIMATOLOGICAL DATA (WS FORM: F-6)

                                          STATION:   TWIN FALLS ID
                                          MONTH:     APRIL
                                          YEAR:      2019
                                          LATITUDE:   42 28 N
                                          LONGITUDE: 114 29 W

  TEMPERATURE IN F:       :PCPN:    SNOW:  WIND      :SUNSHINE: SKY     :PK WND
================================================================================
1   2   3   4   5  6A  6B    7    8   9   10  11  12  13   14  15   16   17  18
                                     12Z  AVG MX 2MIN
DY MAX MIN AVG DEP HDD CDD  WTR  SNW DPTH SPD SPD DIR MIN PSBL S-S WX    SPD DR
================================================================================

 1  58  33  46   1  19   0 0.00    M    M  7.1 14 190   M    M   4        24  10
 2  49  35  42  -3  23   0 0.47    M    M  6.7 15 250   M    M  10 1      17 110
 3  55  42  49   3  16   0    T    M    M  9.4 21 230   M    M   8        27 240
 4  64  40  52   6  13   0 0.08    M    M  7.9 25 170   M    M   3 13     31 160
 5  56  45  51   5  14   0 0.07    M    M  9.7 30 240   M    M   9        36 240
 6  59  36  48   2  17   0 0.01    M    M 10.8 25 250   M    M   4        32 240
 7  64  45  55   9  10   0 0.01    M    M 10.6 29 270   M    M   9        35 260
 8  69  43  56  10   9   0 0.08    M    M 12.7 26 200   M    M   6 3      35 180
 9  50  36  43  -3  22   0 0.08    M    M 24.2 38 270   M    M   6 1      45 260
10  50  33  42  -5  23   0 0.00    M    M 33.9 46 270   M    M   2        57 280
11  52  35  44  -3  21   0 0.00    M    M 19.4 26 270   M    M   4        35 280
12  52  32  42  -5  23   0    T    M    M 13.7 29 260   M    M   4        35 250
13  60  32  46  -1  19   0 0.00    M    M 11.8 20 240   M    M   4        26 250
14  52  37  45  -3  20   0 0.50    M    M 11.4 25 250   M    M  10 1      32 250
15  56  37  47  -1  18   0 0.26    M    M  7.3 17 230   M    M   7 1      21  50
16  54  38  46  -2  19   0    T    M    M 17.3 28 270   M    M   5        36 280
17  59  35  47  -1  18   0 0.00    M    M 17.2 29 260   M    M   2        36 270
================================================================================
SM  959  634       304   0  1.56    M    231.1          M       97
================================================================================
AV 56.4 37.3                              13.6 FASTST   M    M   6    MAX(MPH)
                                 MISC ---->  # 46 270               # 57  280
================================================================================
NOTES:
# LAST OF SEVERAL OCCURRENCES

COLUMN 17 PEAK WIND IN M.P.H.

PRELIMINARY LOCAL CLIMATOLOGICAL DATA (WS FORM: F-6) , PAGE 2

                                          STATION:  TWIN FALLS ID
                                          MONTH:    APRIL
                                          YEAR:     2019
                                          LATITUDE:   42 28 N
                                          LONGITUDE: 114 29 W

[TEMPERATURE DATA]      [PRECIPITATION DATA]       SYMBOLS USED IN COLUMN 16

AVERAGE MONTHLY: 46.9   TOTAL FOR MONTH:   1.56    1 = FOG OR MIST
DPTR FM NORMAL:   0.3   DPTR FM NORMAL:    0.94    2 = FOG REDUCING VISIBILITY
HIGHEST:    69 ON  8    GRTST 24HR  0.50 ON 14-14      TO 1/4 MILE OR LESS
LOWEST:     32 ON 13,12                            3 = THUNDER
                        SNOW, ICE PELLETS, HAIL    4 = ICE PELLETS
                        TOTAL MONTH:    M          5 = HAIL
                        GRTST 24HR    M  ON   M    6 = FREEZING RAIN OR DRIZZLE
                        GRTST DEPTH:  M  ON   M    7 = DUSTSTORM OR SANDSTORM:
                                                       VSBY 1/2 MILE OR LESS
                                                   8 = SMOKE OR HAZE
[NO. OF DAYS WITH]      [WEATHER - DAYS WITH]      9 = BLOWING SNOW
                                                   X = TORNADO
MAX 32 OR BELOW:   0    0.01 INCH OR MORE:   9
MAX 90 OR ABOVE:   0    0.10 INCH OR MORE:   3
MIN 32 OR BELOW:   2    0.50 INCH OR MORE:   1
MIN  0 OR BELOW:   0    1.00 INCH OR MORE:   0

[HDD (BASE 65) ]
TOTAL THIS MO.   304    CLEAR  (SCALE 0-3)   2
DPTR FM NORMAL    -9    PTCLDY (SCALE 4-7)  11
TOTAL FM JUL 1  5788    CLOUDY (SCALE 8-10)  4
DPTR FM NORMAL   186

[CDD (BASE 65) ]
TOTAL THIS MO.     0
DPTR FM NORMAL     0    [PRESSURE DATA]
TOTAL FM JAN 1     0    HIGHEST SLP M ON M
DPTR FM NORMAL     0    LOWEST  SLP 29.64 ON 15

[REMARKS]
