000
CXUS55 KBOI 231002
CF6TWF
PRELIMINARY LOCAL CLIMATOLOGICAL DATA (WS FORM: F-6)

                                          STATION:   TWIN FALLS ID
                                          MONTH:     FEBRUARY
                                          YEAR:      2019
                                          LATITUDE:   42 28 N
                                          LONGITUDE: 114 29 W

  TEMPERATURE IN F:       :PCPN:    SNOW:  WIND      :SUNSHINE: SKY     :PK WND
================================================================================
1   2   3   4   5  6A  6B    7    8   9   10  11  12  13   14  15   16   17  18
                                     12Z  AVG MX 2MIN
DY MAX MIN AVG DEP HDD CDD  WTR  SNW DPTH SPD SPD DIR MIN PSBL S-S WX    SPD DR
================================================================================

 1  55  20  38   8  27   0 0.00    M    M  6.8 17 140   M    M   0 1      20 140
 2  50  30  40  10  25   0 0.11    M    M 10.6 32 240   M    M   7 1      39 240
 3  45  35  40  10  25   0 0.13    M    M 13.4 23 220   M    M   8 1      29 170
 4  47  32  40   9  25   0 0.06    M    M 13.3 28 230   M    M   5 1      36 160
 5  35  22  29  -2  36   0 0.23    M    M 10.3 26 240   M    M   9 12     33 230
 6  25  13  19 -12  46   0 0.00    M    M 17.7 28 250   M    M   7        32 240
 7  25   2  14 -17  51   0 0.00    M    M 10.2 25 250   M    M   1        31 250
 8  26   4  15 -16  50   0 0.00    M    M  6.3 12  60   M    M   6        14  60
 9  36  14  25  -6  40   0 0.00    M    M 11.2 35 150   M    M   8        40 150
10  34  10  22 -10  43   0 0.08    M    M 15.0 40 250   M    M   4 12     51 260
11  31  11  21 -11  44   0    T    M    M 16.3 26 190   M    M   6        33 190
12  37  14  26  -6  39   0 0.00    M    M 11.8 26 170   M    M   3        36 180
13  39  27  33   1  32   0 0.19    M    M 13.3 29 170   M    M  10 1      37 170
14  51  35  43  11  22   0 0.24    M    M 18.7 40 220   M    M   8        51 220
15  44  26  35   2  30   0    T    M    M 14.4 36 240   M    M   4 1      43 230
16  35  24  30  -3  35   0    T    M    M 13.5 24 240   M    M   5 1      30 230
17  28  17  23 -10  42   0 0.15    M    M  8.5 18 180   M    M   9 12     23 180
18  27  16  22 -12  43   0    T    M    M 13.3 22 260   M    M   9 12     26 260
19  25  10  18 -16  47   0 0.01    M    M 14.1 21 240   M    M   6 1      26 230
20  34  21  28  -6  37   0 0.04    M    M  8.5 20 230   M    M  10 1      24 230
21  25  11  18 -16  47   0 0.01    M    M 13.3 25  80   M    M   3 1      31  80
22  28  10  19 -16  46   0 0.00    M    M 10.5 17 190   M    M   4        21 260
================================================================================
SM  782  404       832   0  1.25    M    271.0          M      132
================================================================================
AV 35.6 18.4                              12.3 FASTST   M    M   6    MAX(MPH)
                                 MISC ---->  # 40 250               # 51  260
================================================================================
NOTES:
# LAST OF SEVERAL OCCURRENCES

COLUMN 17 PEAK WIND IN M.P.H.

PRELIMINARY LOCAL CLIMATOLOGICAL DATA (WS FORM: F-6) , PAGE 2

                                          STATION:  TWIN FALLS ID
                                          MONTH:    FEBRUARY
                                          YEAR:     2019
                                          LATITUDE:   42 28 N
                                          LONGITUDE: 114 29 W

[TEMPERATURE DATA]      [PRECIPITATION DATA]       SYMBOLS USED IN COLUMN 16

AVERAGE MONTHLY: 27.0   TOTAL FOR MONTH:   1.25    1 = FOG OR MIST
DPTR FM NORMAL:  -5.1   DPTR FM NORMAL:    0.59    2 = FOG REDUCING VISIBILITY
HIGHEST:    55 ON  1    GRTST 24HR  0.24 ON 14-14      TO 1/4 MILE OR LESS
LOWEST:      2 ON  7                               3 = THUNDER
                        SNOW, ICE PELLETS, HAIL    4 = ICE PELLETS
                        TOTAL MONTH:    M          5 = HAIL
                        GRTST 24HR    M  ON   M    6 = FREEZING RAIN OR DRIZZLE
                        GRTST DEPTH:  M  ON   M    7 = DUSTSTORM OR SANDSTORM:
                                                       VSBY 1/2 MILE OR LESS
                                                   8 = SMOKE OR HAZE
[NO. OF DAYS WITH]      [WEATHER - DAYS WITH]      9 = BLOWING SNOW
                                                   X = TORNADO
MAX 32 OR BELOW:   9    0.01 INCH OR MORE:  11
MAX 90 OR ABOVE:   0    0.10 INCH OR MORE:   6
MIN 32 OR BELOW:  20    0.50 INCH OR MORE:   0
MIN  0 OR BELOW:   0    1.00 INCH OR MORE:   0

[HDD (BASE 65) ]
TOTAL THIS MO.   832    CLEAR  (SCALE 0-3)   2
DPTR FM NORMAL   108    PTCLDY (SCALE 4-7)  14
TOTAL FM JUL 1  4503    CLOUDY (SCALE 8-10)  6
DPTR FM NORMAL   111

[CDD (BASE 65) ]
TOTAL THIS MO.     0
DPTR FM NORMAL     0    [PRESSURE DATA]
TOTAL FM JAN 1     0    HIGHEST SLP M ON M
DPTR FM NORMAL     0    LOWEST  SLP 29.26 ON 14

[REMARKS]
