000
CXUS55 KBOI 241002
CF6TWF
PRELIMINARY LOCAL CLIMATOLOGICAL DATA (WS FORM: F-6)

                                          STATION:   TWIN FALLS ID
                                          MONTH:     JUNE
                                          YEAR:      2019
                                          LATITUDE:   42 28 N
                                          LONGITUDE: 114 29 W

  TEMPERATURE IN F:       :PCPN:    SNOW:  WIND      :SUNSHINE: SKY     :PK WND
================================================================================
1   2   3   4   5  6A  6B    7    8   9   10  11  12  13   14  15   16   17  18
                                     12Z  AVG MX 2MIN
DY MAX MIN AVG DEP HDD CDD  WTR  SNW DPTH SPD SPD DIR MIN PSBL S-S WX    SPD DR
================================================================================

 1  75  47  61   0   4   0 0.04    M    M  7.5 15 230   M    M   1 3      18 270
 2  77  49  63   2   2   0 0.00    M    M  8.4 23 160   M    M   0        28 160
 3  80  50  65   4   0   0 0.00    M    M  8.7 15 210   M    M   1        19 210
 4  81  56  69   8   0   4 0.00    M    M 10.8 16 310   M    M   0        21 300
 5  83  54  69   7   0   4 0.00    M    M  9.3 16 220   M    M   0        20 220
 6  85  48  67   5   0   2    T    M    M 13.6 37 290   M    M   1 8      46 290
 7  55  36  46 -16  19   0    T    M    M 14.6 30 290   M    M   7 8      38 280
 8  60  35  48 -14  17   0 0.00    M    M 14.9 24 290   M    M   1        35 290
 9  70  36  53 -10  12   0 0.00    M    M  7.7 14 210   M    M   0        17 210
10  78  39  59  -4   6   0 0.00    M    M  8.7 17 230   M    M   0        24 220
11  83  53  68   5   0   3 0.00    M    M 11.1 18 220   M    M   0        24 220
12  87  54  71   7   0   6    T    M    M  8.5 32 290   M    M   0 3      40 290
13  85  57  71   7   0   6 0.03    M    M 10.6 24 310   M    M   0 38     30 320
14  84  53  69   5   0   4 0.00    M    M 12.3 20 310   M    M   0        25 310
15  83  57  70   5   0   5 0.00    M    M 12.0 17 320   M    M   0        24 330
16  83  56  70   5   0   5 0.00    M    M 12.0 18 310   M    M   0 8      24 290
17  84  53  69   4   0   4 0.00    M    M 10.0 17 300   M    M   0        24 320
18  84  56  70   4   0   5 0.00    M    M 14.4 24 300   M    M   0        31 310
19  78  53  66   0   0   1 0.00    M    M 16.4 28 310   M    M   0        35 310
20  63  43  53 -13  12   0 0.00    M    M 18.2 36 290   M    M   0        47 290
21  65  37  51 -16  14   0 0.00    M    M 11.6 24 290   M    M   1        33 290
22  71  40  56 -11   9   0 0.00    M    M 11.5 20 290   M    M   0        24 320
23  79  51  65  -2   0   0 0.00    M    M 12.9 23 310   M    M   0        30 300
================================================================================
SM 1773 1113        95  49  0.07    M    265.7          M       12
================================================================================
AV 77.1 48.4                              11.6 FASTST   M    M   1    MAX(MPH)
                                 MISC ---->  # 37 290               # 47  290
================================================================================
NOTES:
# LAST OF SEVERAL OCCURRENCES

COLUMN 17 PEAK WIND IN M.P.H.

PRELIMINARY LOCAL CLIMATOLOGICAL DATA (WS FORM: F-6) , PAGE 2

                                          STATION:  TWIN FALLS ID
                                          MONTH:    JUNE
                                          YEAR:     2019
                                          LATITUDE:   42 28 N
                                          LONGITUDE: 114 29 W

[TEMPERATURE DATA]      [PRECIPITATION DATA]       SYMBOLS USED IN COLUMN 16

AVERAGE MONTHLY: 62.7   TOTAL FOR MONTH:   0.07    1 = FOG OR MIST
DPTR FM NORMAL:  -1.0   DPTR FM NORMAL:   -0.72    2 = FOG REDUCING VISIBILITY
HIGHEST:    87 ON 12    GRTST 24HR  0.04 ON  1- 1      TO 1/4 MILE OR LESS
LOWEST:     35 ON  8                               3 = THUNDER
                        SNOW, ICE PELLETS, HAIL    4 = ICE PELLETS
                        TOTAL MONTH:    M          5 = HAIL
                        GRTST 24HR    M  ON   M    6 = FREEZING RAIN OR DRIZZLE
                        GRTST DEPTH:  M  ON   M    7 = DUSTSTORM OR SANDSTORM:
                                                       VSBY 1/2 MILE OR LESS
                                                   8 = SMOKE OR HAZE
[NO. OF DAYS WITH]      [WEATHER - DAYS WITH]      9 = BLOWING SNOW
                                                   X = TORNADO
MAX 32 OR BELOW:   0    0.01 INCH OR MORE:   2
MAX 90 OR ABOVE:   0    0.10 INCH OR MORE:   0
MIN 32 OR BELOW:   0    0.50 INCH OR MORE:   0
MIN  0 OR BELOW:   0    1.00 INCH OR MORE:   0

[HDD (BASE 65) ]
TOTAL THIS MO.    95    CLEAR  (SCALE 0-3)  22
DPTR FM NORMAL    14    PTCLDY (SCALE 4-7)   1
TOTAL FM JUL 1  6377    CLOUDY (SCALE 8-10)  0
DPTR FM NORMAL   212

[CDD (BASE 65) ]
TOTAL THIS MO.    49
DPTR FM NORMAL    -5    [PRESSURE DATA]
TOTAL FM JAN 1    55    HIGHEST SLP M ON M
DPTR FM NORMAL   -21    LOWEST  SLP 29.64 ON  6

[REMARKS]
