000
CXUS52 KMLB 270724
CF6VRB
PRELIMINARY LOCAL CLIMATOLOGICAL DATA (WS FORM: F-6)

                                          STATION:   VERO BEACH
                                          MONTH:     FEBRUARY
                                          YEAR:      2020
                                          LATITUDE:   27 39 N
                                          LONGITUDE:  80 25 W

  TEMPERATURE IN F:       :PCPN:    SNOW:  WIND      :SUNSHINE: SKY     :PK WND
================================================================================
1   2   3   4   5  6A  6B    7    8   9   10  11  12  13   14  15   16   17  18
                                     12Z  AVG MX 2MIN
DY MAX MIN AVG DEP HDD CDD  WTR  SNW DPTH SPD SPD DIR MIN PSBL S-S WX    SPD DR
================================================================================

 1  70  56  63   0   2   0 0.32  0.0    0  9.5 24 160   M    M   8 1      30 170
 2  66  48  57  -6   8   0 0.00  0.0    0  9.7 18 320   M    M   0        25 300
 3  70  39  55  -8  10   0 0.00  0.0    0  3.1 13 340   M    M   0 1      15 360
 4  78  45  62  -1   3   0 0.00  0.0    0  5.9 17 130   M    M   0 1      22 200
 5  81  55  68   5   0   3 0.00  0.0    0  8.9 21 140   M    M   1        25 140
 6  88  71  80  17   0  15 0.00  0.0    0 16.8 28 200   M    M   3        37 210
 7  77  50  64   0   1   0 0.69  0.0    0 13.4 31 290   M    M   2 1      43 290
 8  74  42  58  -6   7   0 0.00  0.0    0  7.5 16  10   M    M   1        20  40
 9  77  53  65   1   0   0 0.00  0.0    0 11.7 21  60   M    M   2 1      27  70
10  81  69  75  11   0  10 0.00  0.0    0 11.9 20 120   M    M   4        25 120
11  83  64  74  10   0   9 0.00  0.0    0 10.2 18 130   M    M   3 1      23 110
12  85  68  77  13   0  12 0.03  0.0    0 10.3 23 150   M    M   4 1      27 140
13  87  72  80  16   0  15 0.01  0.0    0  8.7 21 180   M    M   3        27 180
14  82  65  74  10   0   9 0.01  0.0    0 10.7 22 350   M    M   7 1      27 350
15  79  65  72   8   0   7 0.01  0.0    0 12.7 21  70   M    M   8        27  10
16  80  71  76  12   0  11 0.07  0.0    0 12.2 23 120   M    M   5        27 130
17  81  63  72   7   0   7    T  0.0    0  4.1 13 260   M    M   4 1      15 260
18  83  64  74   9   0   9 0.00  0.0    0  8.6 22 140   M    M   1 1      25 130
19  85  65  75  10   0  10 0.01  0.0    0  5.3 14 120   M    M   6 1      16 130
20  82  64  73   8   0   8    T  0.0    0  5.1 14 270   M    M   5 1      18 280
21  71  58  65   0   0   0 0.06  0.0    0 19.2 33 350   M    M   9 1      46 360
22  74  60  67   2   0   2    T  0.0    0 14.4 25 360   M    M   5        33 350
23  75  54  65   0   0   0 0.10  0.0    M  6.2 15 110   M    M   4 1      20 100
24  78  53  66   1   0   1 0.00  0.0    0  9.0 24 150   M    M   1        30 160
25  87  63  75  10   0  10 0.00  0.0    0  9.9 21 190   M    M   1        27 200
26  85  64  75   9   0  10 0.45  0.0    0  6.5 33 350   M    M   7 13     40 340
================================================================================
SM 2059 1541        31 148  1.76  0.0    251.5          M       94
================================================================================
AV 79.2 59.3                               9.7 FASTST   M    M   4    MAX(MPH)
                                 MISC ---->  # 33 350                 46 360
================================================================================
NOTES:
# LAST OF SEVERAL OCCURRENCES

COLUMN 17 PEAK WIND IN M.P.H.

PRELIMINARY LOCAL CLIMATOLOGICAL DATA (WS FORM: F-6) , PAGE 2

                                          STATION:   VERO BEACH
                                          MONTH:     FEBRUARY
                                          YEAR:      2020
                                          LATITUDE:   27 39 N
                                          LONGITUDE:  80 25 W

[TEMPERATURE DATA]      [PRECIPITATION DATA]       SYMBOLS USED IN COLUMN 16

AVERAGE MONTHLY: 69.2   TOTAL FOR MONTH:   1.76    1 = FOG OR MIST
DPTR FM NORMAL:   5.0   DPTR FM NORMAL:   -0.68    2 = FOG REDUCING VISIBILITY
HIGHEST:    88 ON  6    GRTST 24HR  0.69 ON  7- 7      TO 1/4 MILE OR LESS
LOWEST:     39 ON  3                               3 = THUNDER
                        SNOW, ICE PELLETS, HAIL    4 = ICE PELLETS
                        TOTAL MONTH:   0.0 INCH    5 = HAIL
                        GRTST 24HR  0.0            6 = FREEZING RAIN OR DRIZZLE
                        GRTST DEPTH:  0            7 = DUSTSTORM OR SANDSTORM:
                                                       VSBY 1/2 MILE OR LESS
                                                   8 = SMOKE OR HAZE
[NO. OF DAYS WITH]      [WEATHER - DAYS WITH]      9 = BLOWING SNOW
                                                   X = TORNADO
MAX 32 OR BELOW:   0    0.01 INCH OR MORE:  11
MAX 90 OR ABOVE:   0    0.10 INCH OR MORE:   4
MIN 32 OR BELOW:   0    0.50 INCH OR MORE:   1
MIN  0 OR BELOW:   0    1.00 INCH OR MORE:   0

[HDD (BASE 65) ]
TOTAL THIS MO.    31    CLEAR  (SCALE 0-3)  13
DPTR FM NORMAL   -61    PTCLDY (SCALE 4-7)  12
TOTAL FM JUL 1   182    CLOUDY (SCALE 8-10)  1
DPTR FM NORMAL  -197

[CDD (BASE 65) ]
TOTAL THIS MO.   148
DPTR FM NORMAL    78    [PRESSURE DATA]
TOTAL FM JAN 1   274    HIGHEST SLP M ON M
DPTR FM NORMAL   143    LOWEST  SLP 29.69 ON  6

[REMARKS]
