000
CXUS52 KMLB 250631
CF6VRB
PRELIMINARY LOCAL CLIMATOLOGICAL DATA (WS FORM: F-6)

                                          STATION:   VERO BEACH
                                          MONTH:     AUGUST
                                          YEAR:      2019
                                          LATITUDE:   27 39 N
                                          LONGITUDE:  80 25 W

  TEMPERATURE IN F:       :PCPN:    SNOW:  WIND      :SUNSHINE: SKY     :PK WND
================================================================================
1   2   3   4   5  6A  6B    7    8   9   10  11  12  13   14  15   16   17  18
                                     12Z  AVG MX 2MIN
DY MAX MIN AVG DEP HDD CDD  WTR  SNW DPTH SPD SPD DIR MIN PSBL S-S WX    SPD DR
================================================================================

 1  89  74  82   0   0  17 1.47  0.0    0  5.5 29 130   M    M   3 138    36 120
 2  90  73  82   0   0  17 1.71  0.0    0  5.8 25 120   M    M   5 13     30 120
 3  90  74  82   0   0  17    T  0.0    0  6.3 23 250   M    M   3 3      29 250
 4  89  75  82   0   0  17 0.17  0.0    0  7.4 23 220   M    M   3 138    31 220
 5  89  75  82   0   0  17 0.22  0.0    0  5.8 16 230   M    M   6 13     19 230
 6  88  72  80  -2   0  15 0.23  0.0    0  5.8 13  60   M    M   2 138    15  60
 7  91  71  81  -1   0  16 1.31  0.0    0  5.3 25 270   M    M   3 1238   33 270
 8  92  73  83   1   0  18 1.61  0.0    0  5.8 25 170   M    M   2 138    32 170
 9  94  75  85   3   0  20 0.00  0.0    0  5.5 15 250   M    M   3 3      19 260
10  91  77  84   2   0  19 0.00  0.0    0  6.4 16 300   M    M   2 3      22 180
11  93  75  84   2   0  19 0.57  0.0    0  6.8 30 210   M    M   2 138    38 200
12  91  76  84   2   0  19 0.42  0.0    0  6.6 20 130   M    M   3 13     24 240
13  92  76  84   2   0  19 0.44  0.0    0  6.4 25 290   M    M   4 123    31 280
14  89  75  82   0   0  17 0.03  0.0    0  5.9 22 270   M    M   5 13     26 270
15  92  74  83   1   0  18 0.57  0.0    0  5.6 20 150   M    M   3 13     25 150
16  91  74  83   1   0  18 0.47  0.0    0  6.7 29 250   M    M   3 138    36 240
17  89  72  81  -1   0  16 0.00  0.0    0  5.8 18 130   M    M   2 3      23 130
18  90  74  82   0   0  17 0.00  0.0    0  5.4 14 120   M    M   1 3      18 120
19  90  75  83   1   0  18 0.01  0.0    0  7.8 16 110   M    M   2 13     20 100
20  89  73  81  -1   0  16    T  0.0    0  7.0 18 130   M    M   1        25 160
21  90  73  82   0   0  17 0.00  0.0    0  5.8 14  80   M    M   2        20  80
22  89  75  82   0   0  17 0.07  0.0    0  6.4 22  80   M    M   3 18     29  90
23  88  76  82   0   0  17 0.03  0.0    0  9.1 17  70   M    M   3 18     23  80
24  88  76  82   0   0  17    T  0.0    0  6.0 15  40   M    M   3        19  60
================================================================================
SM 2164 1783         0 418  9.33     0.0 150.9          M       69
================================================================================
AV 90.2 74.3                               6.3 FASTST   M    M   3    MAX(MPH)
                                 MISC ---->  # 30 210               # 38  200
================================================================================
NOTES:
# LAST OF SEVERAL OCCURRENCES

COLUMN 17 PEAK WIND IN M.P.H.

PRELIMINARY LOCAL CLIMATOLOGICAL DATA (WS FORM: F-6) , PAGE 2

                                          STATION:  VERO BEACH
                                          MONTH:    AUGUST
                                          YEAR:     2019
                                          LATITUDE:   27 39 N
                                          LONGITUDE:  80 25 W

[TEMPERATURE DATA]      [PRECIPITATION DATA]       SYMBOLS USED IN COLUMN 16

AVERAGE MONTHLY: 82.2   TOTAL FOR MONTH:   9.33    1 = FOG OR MIST
DPTR FM NORMAL:   0.2   DPTR FM NORMAL:    3.98    2 = FOG REDUCING VISIBILITY
HIGHEST:    94 ON  9    GRTST 24HR  1.71 ON  2- 2      TO 1/4 MILE OR LESS
LOWEST:     71 ON  7                               3 = THUNDER
                        SNOW, ICE PELLETS, HAIL    4 = ICE PELLETS
                        TOTAL MONTH:   0.0 INCH    5 = HAIL
                        GRTST 24HR     0.0         6 = FREEZING RAIN OR DRIZZLE
                        GRTST DEPTH:   0           7 = DUSTSTORM OR SANDSTORM:
                                                       VSBY 1/2 MILE OR LESS
                                                   8 = SMOKE OR HAZE
[NO. OF DAYS WITH]      [WEATHER - DAYS WITH]      9 = BLOWING SNOW
                                                   X = TORNADO
MAX 32 OR BELOW:   0    0.01 INCH OR MORE:  16
MAX 90 OR ABOVE:  14    0.10 INCH OR MORE:  12
MIN 32 OR BELOW:   0    0.50 INCH OR MORE:   6
MIN  0 OR BELOW:   0    1.00 INCH OR MORE:   4

[HDD (BASE 65) ]
TOTAL THIS MO.     0    CLEAR  (SCALE 0-3)  15
DPTR FM NORMAL     0    PTCLDY (SCALE 4-7)   9
TOTAL FM JUL 1     0    CLOUDY (SCALE 8-10)  0
DPTR FM NORMAL     0

[CDD (BASE 65) ]
TOTAL THIS MO.   418
DPTR FM NORMAL    12    [PRESSURE DATA]
TOTAL FM JAN 1  2515    HIGHEST SLP M ON M
DPTR FM NORMAL   329    LOWEST  SLP 29.86 ON 14

[REMARKS]
