000
CXUS52 KMLB 260626
CF6VRB
PRELIMINARY LOCAL CLIMATOLOGICAL DATA (WS FORM: F-6)

                                          STATION:   VERO BEACH
                                          MONTH:     APRIL
                                          YEAR:      2019
                                          LATITUDE:   27 39 N
                                          LONGITUDE:  80 25 W

  TEMPERATURE IN F:       :PCPN:    SNOW:  WIND      :SUNSHINE: SKY     :PK WND
================================================================================
1   2   3   4   5  6A  6B    7    8   9   10  11  12  13   14  15   16   17  18
                                     12Z  AVG MX 2MIN
DY MAX MIN AVG DEP HDD CDD  WTR  SNW DPTH SPD SPD DIR MIN PSBL S-S WX    SPD DR
================================================================================

 1  78  59  69   0   0   4 0.00  0.0    0  7.2 18 360   M    M   2        24  30
 2  79  59  69   0   0   4 0.10  0.0    0  6.8 15 310   M    M   5 138    20  10
 3  77  66  72   3   0   7 0.00  0.0    0 11.1 18  60   M    M   5        24  60
 4  81  65  73   4   0   8 0.00  0.0    0  9.7 17  90   M    M   4        24 100
 5  85  69  77   8   0  12 1.24  0.0    0  8.7 23  40   M    M   7 13     28  40
 6  83  64  74   4   0   9 0.00  0.0    0  6.5 15 120   M    M   1 128    18 130
 7  83  70  77   7   0  12 0.00  0.0    0 10.2 17 120   M    M   2        22 110
 8  84  73  79   9   0  14 0.00  0.0    0 11.7 26 140   M    M   3        33 140
 9  87  72  80  10   0  15 0.00  0.0    0 12.5 22 220   M    M   2        29 230
10  86  67  77   7   0  12    T  0.0    0  9.1 21 280   M    M   5        27 240
11  83  62  73   3   0   8 0.00  0.0    0  6.4 17  70   M    M   2 1      21 100
12  86  71  79   9   0  14 0.00  0.0    0 11.4 21 130   M    M   4        26 130
13  86  75  81  11   0  16 0.00  0.0    0 15.0 24 140   M    M   1        30 120
14  88  75  82  12   0  17 0.14  0.0    0 12.1 30 240   M    M   4 8      37 240
15  86  61  74   3   0   9    T  0.0    0 10.5 20 280   M    M   3        24 280
16  80  57  69  -2   0   4 0.00  0.0    0  7.9 15  60   M    M   1        23  30
17  82  61  72   1   0   7 0.00  0.0    0  9.1 16 130   M    M   4        22  60
18  86  70  78   7   0  13 0.00  0.0    0 15.7 28 140   M    M   3 8      37 130
19  86  66  76   5   0  11 0.61  0.0    0 12.7 28 170   M    M   5 138    37 230
20  79  54  67  -4   0   2 0.00  0.0    0 11.1 26 270   M    M   2        34 270
21  78  51  65  -7   0   0 0.00  0.0    0  4.9 18 290   M    M   1        28 270
22  79  51  65  -7   0   0 0.00  0.0    0  6.6 15  40   M    M   0        20  40
23  80  56  68  -4   0   3 0.00  0.0    0  4.6 14  40   M    M   2        20  50
24  81  55  68  -4   0   3 0.00  0.0    0  4.3 13 110   M    M   0        17 130
25  84  57  71  -1   0   6 0.00  0.0    0  9.0 20 140   M    M   1        23 140
================================================================================
SM 2067 1586         0 210  2.09     0.0 234.8          M       69
================================================================================
AV 82.7 63.4                               9.4 FASTST   M    M   3    MAX(MPH)
                                 MISC ---->  # 30 240               # 37  240
================================================================================
NOTES:
# LAST OF SEVERAL OCCURRENCES

COLUMN 17 PEAK WIND IN M.P.H.

PRELIMINARY LOCAL CLIMATOLOGICAL DATA (WS FORM: F-6) , PAGE 2

                                          STATION:  VERO BEACH
                                          MONTH:    APRIL
                                          YEAR:     2019
                                          LATITUDE:   27 39 N
                                          LONGITUDE:  80 25 W

[TEMPERATURE DATA]      [PRECIPITATION DATA]       SYMBOLS USED IN COLUMN 16

AVERAGE MONTHLY: 73.1   TOTAL FOR MONTH:   2.09    1 = FOG OR MIST
DPTR FM NORMAL:   2.6   DPTR FM NORMAL:   -0.21    2 = FOG REDUCING VISIBILITY
HIGHEST:    88 ON 14    GRTST 24HR  1.24 ON  5- 5      TO 1/4 MILE OR LESS
LOWEST:     51 ON 22,21                            3 = THUNDER
                        SNOW, ICE PELLETS, HAIL    4 = ICE PELLETS
                        TOTAL MONTH:   0.0 INCH    5 = HAIL
                        GRTST 24HR     0.0         6 = FREEZING RAIN OR DRIZZLE
                        GRTST DEPTH:   0           7 = DUSTSTORM OR SANDSTORM:
                                                       VSBY 1/2 MILE OR LESS
                                                   8 = SMOKE OR HAZE
[NO. OF DAYS WITH]      [WEATHER - DAYS WITH]      9 = BLOWING SNOW
                                                   X = TORNADO
MAX 32 OR BELOW:   0    0.01 INCH OR MORE:   4
MAX 90 OR ABOVE:   0    0.10 INCH OR MORE:   4
MIN 32 OR BELOW:   0    0.50 INCH OR MORE:   2
MIN  0 OR BELOW:   0    1.00 INCH OR MORE:   1

[HDD (BASE 65) ]
TOTAL THIS MO.     0    CLEAR  (SCALE 0-3)  16
DPTR FM NORMAL   -13    PTCLDY (SCALE 4-7)   9
TOTAL FM JUL 1   287    CLOUDY (SCALE 8-10)  0
DPTR FM NORMAL  -166

[CDD (BASE 65) ]
TOTAL THIS MO.   210
DPTR FM NORMAL    60    [PRESSURE DATA]
TOTAL FM JAN 1   571    HIGHEST SLP M ON M
DPTR FM NORMAL   153    LOWEST  SLP 29.70 ON  9

[REMARKS]
