000
CXUS56 KMTR 221000
CF6WVI
PRELIMINARY LOCAL CLIMATOLOGICAL DATA (WS FORM: F-6)

                                          STATION:   WATSONVILLE AIRPORT
                                          MONTH:     FEBRUARY
                                          YEAR:      2019
                                          LATITUDE:   36 55 N
                                          LONGITUDE: 121 47 W

  TEMPERATURE IN F:       :PCPN:    SNOW:  WIND      :SUNSHINE: SKY     :PK WND
================================================================================
1   2   3   4   5  6A  6B    7    8   9   10  11  12  13   14  15   16   17  18
                                     12Z  AVG MX 2MIN
DY MAX MIN AVG DEP HDD CDD  WTR  SNW DPTH SPD SPD DIR MIN PSBL S-S WX    SPD DR
================================================================================

 1  59  47  53   2  12   0 0.16  0.0    0  6.0 22 140   M    M   7 1      33 130
 2  59  49  54   3  11   0 1.57  0.0    0 12.5 28 210   M    M   9 1      38 200
 3  56  49  53   2  12   0 0.32    M    0 12.8 31 210   M    M   9 1      39 210
 4  53  42  48  -3  17   0 0.90    M    0 11.6 28 260   M    M   8 1      35 250
 5  52  34  43  -8  22   0 0.08    M    0  5.4 23 270   M    M   4 1      35 280
 6  55  31  43  -8  22   0    T    M    0  3.0  9 220   M    M   4        15 240
 7  56  34  45  -6  20   0    T    M    0  3.1 14 110   M    M   3        17 130
 8  54  40  47  -5  18   0 0.82    M    0  3.0 16 210   M    M   9 1      20 210
 9  55  38  47  -5  18   0 0.44    M    0  7.3 22 250   M    M   9 1      30 220
10  54  36  45  -7  20   0 0.35    M    0  5.6 20 260   M    M   4 1      29 260
11  56  33  45  -7  20   0 0.00  0.0    0  3.0 12 270   M    M   2        13 270
12  54  34  44  -8  21   0 0.03  0.0    0  3.2  9 280   M    M   4        12 280
13  62  48  55   3  10   0 1.26    M    0  6.0 21 130   M    M  10 1      29 110
14  63  50  57   5   8   0 0.73  0.0    0 12.5 26 230   M    M   8 13     37 200
15  55  41  48  -4  17   0 0.54    M    0  6.3 22 270   M    M   7 1      27 280
16  57  40  49  -3  16   0 0.16    M    0  4.1 18 260   M    M   5 1      26 260
17  56  36  46  -6  19   0 0.17  0.0    0  4.9 17 290   M    M   5 1      29 260
18  57  32  45  -7  20   0 0.00  0.0    0  3.7 13 350   M    M   0        19 350
19  55  30  43  -9  22   0 0.00  0.0    0  3.7 12 230   M    M   0        15 240
20  57  36  47  -5  18   0 0.02    M    0  3.5 17 280   M    M   5        24 280
21  58  33  46  -6  19   0 0.00  0.0    0  6.5 18 350   M    M   1        31  20
================================================================================
SM 1183  813       362   0  7.55     0.0 127.7          M      113
================================================================================
AV 56.3 38.7                               6.1 FASTST   M    M   5    MAX(MPH)
                                 MISC ---->  # 31 210               # 39  210
================================================================================
NOTES:
# LAST OF SEVERAL OCCURRENCES

COLUMN 17 PEAK WIND IN M.P.H.

PRELIMINARY LOCAL CLIMATOLOGICAL DATA (WS FORM: F-6) , PAGE 2

                                          STATION:  WATSONVILLE AIRPORT
                                          MONTH:    FEBRUARY
                                          YEAR:     2019
                                          LATITUDE:   36 55 N
                                          LONGITUDE: 121 47 W

[TEMPERATURE DATA]      [PRECIPITATION DATA]       SYMBOLS USED IN COLUMN 16

AVERAGE MONTHLY: 47.5   TOTAL FOR MONTH:   7.55    1 = FOG OR MIST
DPTR FM NORMAL:  -4.1   DPTR FM NORMAL:    4.45    2 = FOG REDUCING VISIBILITY
HIGHEST:    63 ON 14    GRTST 24HR  1.57 ON  2- 2      TO 1/4 MILE OR LESS
LOWEST:     30 ON 19                               3 = THUNDER
                        SNOW, ICE PELLETS, HAIL    4 = ICE PELLETS
                        TOTAL MONTH:   0.0 INCH    5 = HAIL
                        GRTST 24HR     0.0         6 = FREEZING RAIN OR DRIZZLE
                        GRTST DEPTH:   0           7 = DUSTSTORM OR SANDSTORM:
                                                       VSBY 1/2 MILE OR LESS
                                                   8 = SMOKE OR HAZE
[NO. OF DAYS WITH]      [WEATHER - DAYS WITH]      9 = BLOWING SNOW
                                                   X = TORNADO
MAX 32 OR BELOW:   0    0.01 INCH OR MORE:  15
MAX 90 OR ABOVE:   0    0.10 INCH OR MORE:  12
MIN 32 OR BELOW:   3    0.50 INCH OR MORE:   6
MIN  0 OR BELOW:   0    1.00 INCH OR MORE:   2

[HDD (BASE 65) ]
TOTAL THIS MO.   362    CLEAR  (SCALE 0-3)   5
DPTR FM NORMAL    81    PTCLDY (SCALE 4-7)  11
TOTAL FM JUL 1  1741    CLOUDY (SCALE 8-10)  5
DPTR FM NORMAL  -150

[CDD (BASE 65) ]
TOTAL THIS MO.     0
DPTR FM NORMAL     0    [PRESSURE DATA]
TOTAL FM JAN 1     0    HIGHEST SLP M ON M
DPTR FM NORMAL     0    LOWEST  SLP 29.34 ON 14

[REMARKS]
