000
CXUS54 KFWD 170730
CF6XBP
PRELIMINARY LOCAL CLIMATOLOGICAL DATA (WS FORM: F-6)

                                          STATION:   BRIDGEPORT
                                          MONTH:     FEBRUARY
                                          YEAR:      2019
                                          LATITUDE:   33 10 N
                                          LONGITUDE:  96 30 W

  TEMPERATURE IN F:       :PCPN:    SNOW:  WIND      :SUNSHINE: SKY     :PK WND
================================================================================
1   2   3   4   5  6A  6B    7    8   9   10  11  12  13   14  15   16   17  18
                                     12Z  AVG MX 2MIN
DY MAX MIN AVG DEP HDD CDD  WTR  SNW DPTH SPD SPD DIR MIN PSBL S-S WX    SPD DR
================================================================================

 1  62  54  58  14   7   0 0.00  0.0    0  5.7  9 140   M    M   9 1       M  M
 2  68  49  59  15   6   0 0.00  0.0    0  7.5 14 190   M    M   7 12     17 190
 3  75  59  67  23   0   2 0.00  0.0    0 10.8 18 210   M    M   5        25 210
 4  81  58  70  26   0   5 0.00  0.0    0  7.9 14 230   M    M   0        20 230
 5  76  53  65  21   0   0 0.00  0.0    0  6.7 16 180   M    M   3 12     23 180
 6  75  63  69  25   0   4 0.11  0.0    0  9.0 15 190   M    M   4 13     23 190
 7  69  27  48   4  17   0 0.00  0.0    0 12.1 16 350   M    M   6 3      27 330
 8  38  21  30 -14  35   0 0.00  0.0    0  2.5  5  70   M    M   1         M  M
 9  38  33  36  -8  29   0    T  0.0    0  4.4  7 130   M    M  10 1       M  M
10  45  35  40  -5  25   0 0.01    M    0  4.1  7 140   M    M  10 1       M  M
11  57  44  51   6  14   0 0.05    M    0  8.3 16 200   M    M   6 1      24 260
12  56  32  44  -1  21   0 0.00  0.0    0  9.6 23 330   M    M   1        35 330
13  65  27  46   1  19   0 0.00    M    0 13.2 20 190   M    M   0        30 190
14  80  48  64  19   1   0 0.00  0.0    0 10.0 18 200   M    M   0        27 200
15  65  33  49   3  16   0 0.00  0.0    0  6.3 16 340   M    M   1        18 350
16  43  31  37  -9  28   0 0.00  0.0    0  8.6  9 100   M    M   8 1       M  M
================================================================================
SM  993  667       218  11  0.17     0.0 126.7          M       71
================================================================================
AV 62.1 41.7                               7.9 FASTST   M    M   4    MAX(MPH)
                                 MISC ---->  # 23 330               # 35  330
================================================================================
NOTES:
# LAST OF SEVERAL OCCURRENCES

COLUMN 17 PEAK WIND IN M.P.H.

PRELIMINARY LOCAL CLIMATOLOGICAL DATA (WS FORM: F-6) , PAGE 2

                                          STATION:  BRIDGEPORT
                                          MONTH:    FEBRUARY
                                          YEAR:     2019
                                          LATITUDE:   33 10 N
                                          LONGITUDE:  96 30 W

[TEMPERATURE DATA]      [PRECIPITATION DATA]       SYMBOLS USED IN COLUMN 16

AVERAGE MONTHLY: 51.9   TOTAL FOR MONTH:   0.17    1 = FOG OR MIST
DPTR FM NORMAL:   7.3   DPTR FM NORMAL:   -1.03    2 = FOG REDUCING VISIBILITY
HIGHEST:    81 ON  4    GRTST 24HR  0.11 ON  6- 6      TO 1/4 MILE OR LESS
LOWEST:     21 ON  8                               3 = THUNDER
                        SNOW, ICE PELLETS, HAIL    4 = ICE PELLETS
                        TOTAL MONTH:   0.0 INCH    5 = HAIL
                        GRTST 24HR     0.0         6 = FREEZING RAIN OR DRIZZLE
                        GRTST DEPTH:   0           7 = DUSTSTORM OR SANDSTORM:
                                                       VSBY 1/2 MILE OR LESS
                                                   8 = SMOKE OR HAZE
[NO. OF DAYS WITH]      [WEATHER - DAYS WITH]      9 = BLOWING SNOW
                                                   X = TORNADO
MAX 32 OR BELOW:   0    0.01 INCH OR MORE:   3
MAX 90 OR ABOVE:   0    0.10 INCH OR MORE:   1
MIN 32 OR BELOW:   5    0.50 INCH OR MORE:   0
MIN  0 OR BELOW:   0    1.00 INCH OR MORE:   0

[HDD (BASE 65) ]
TOTAL THIS MO.   218    CLEAR  (SCALE 0-3)   6
DPTR FM NORMAL  -110    PTCLDY (SCALE 4-7)   7
TOTAL FM JUL 1  2033    CLOUDY (SCALE 8-10)  3
DPTR FM NORMAL  -174

[CDD (BASE 65) ]
TOTAL THIS MO.    11
DPTR FM NORMAL    11    [PRESSURE DATA]
TOTAL FM JAN 1    11    HIGHEST SLP M ON M
DPTR FM NORMAL    11    LOWEST  SLP M ON M

[REMARKS]
