000
CXUS51 KPBZ 190804
CF6ZZV
PRELIMINARY LOCAL CLIMATOLOGICAL DATA (WS FORM: F-6)

                                          STATION:   ZANESVILLE OH
                                          MONTH:     APRIL
                                          YEAR:      2019
                                          LATITUDE:   39 56 N
                                          LONGITUDE:  81 54 W

  TEMPERATURE IN F:       :PCPN:    SNOW:  WIND      :SUNSHINE: SKY     :PK WND
================================================================================
1   2   3   4   5  6A  6B    7    8   9   10  11  12  13   14  15   16   17  18
                                     12Z  AVG MX 2MIN
DY MAX MIN AVG DEP HDD CDD  WTR  SNW DPTH SPD SPD DIR MIN PSBL S-S WX    SPD DR
================================================================================

 1  45  25  35 -11  30   0 0.00  0.0    0  3.6 12 300   M    M   1        15 310
 2  54  25  40  -7  25   0 0.00  0.0    0  2.1 10 250   M    M   0        14 230
 3  61  32  47   0  18   0 0.00  0.0    0  7.1 21 310   M    M   1        28 300
 4  58  34  46  -2  19   0    T    M    0  6.6 16  70   M    M   5        21  60
 5  60  46  53   5  12   0 0.13    M    0  4.2 13 100   M    M   8 18     19  80
 6  69  49  59  11   6   0 0.00  0.0    0  1.2  9 140   M    M   7 1      10 140
 7  73  43  58   9   7   0 0.04    M    0  6.3 17 170   M    M   5 18     27 200
 8  69  56  63  14   2   0 0.00  0.0    0  7.1 15 200   M    M   5        19 200
 9  69  52  61  12   4   0 0.00  0.0    0  9.6 22 270   M    M   0 1      30 280
10  62  39  51   1  14   0 0.00  0.0    0  5.9 15  50   M    M   2        20  40
11  82  43  63  13   2   0 0.00  0.0    0  9.6 22 150   M    M   0        29 170
12  72  57  65  15   0   0 0.26  0.0    0 11.7 24 180   M    M   3 1      35 170
13  70  44  57   6   8   0 0.00    M    M  3.9 13 270   M    M   3        17 290
14  78  47  63  12   2   0 1.10    M    0 12.2 33 280   M    M   8 13     47 280
15  52  36  44  -7  21   0 0.07    M    0 12.7 26 260   M    M   7 1      37 240
16  73  37  55   3  10   0 0.01    M    0  8.0 18 200   M    M   5 3      26 210
17  76  53  65  13   0   0    T  0.0    0  6.9 15 210   M    M   2 3      21 230
18  80  59  70  18   0   5 0.00  0.0    0  9.1 22 220   M    M   5        31 210
================================================================================
SM 1203  777       180   5  1.61     0.0 127.8          M       67
================================================================================
AV 66.8 43.2                               7.1 FASTST   M    M   4    MAX(MPH)
                                 MISC ---->  # 33 280               # 47  280
================================================================================
NOTES:
# LAST OF SEVERAL OCCURRENCES

COLUMN 17 PEAK WIND IN M.P.H.

PRELIMINARY LOCAL CLIMATOLOGICAL DATA (WS FORM: F-6) , PAGE 2

                                          STATION:  ZANESVILLE OH
                                          MONTH:    APRIL
                                          YEAR:     2019
                                          LATITUDE:   39 56 N
                                          LONGITUDE:  81 54 W

[TEMPERATURE DATA]      [PRECIPITATION DATA]       SYMBOLS USED IN COLUMN 16

AVERAGE MONTHLY: 55.0   TOTAL FOR MONTH:   1.61    1 = FOG OR MIST
DPTR FM NORMAL:   5.6   DPTR FM NORMAL:   -0.46    2 = FOG REDUCING VISIBILITY
HIGHEST:    82 ON 11    GRTST 24HR  1.10 ON 14-14      TO 1/4 MILE OR LESS
LOWEST:     25 ON  2, 1                            3 = THUNDER
                        SNOW, ICE PELLETS, HAIL    4 = ICE PELLETS
                        TOTAL MONTH:   0.0 INCH    5 = HAIL
                        GRTST 24HR     0.0         6 = FREEZING RAIN OR DRIZZLE
                        GRTST DEPTH:   0           7 = DUSTSTORM OR SANDSTORM:
                                                       VSBY 1/2 MILE OR LESS
                                                   8 = SMOKE OR HAZE
[NO. OF DAYS WITH]      [WEATHER - DAYS WITH]      9 = BLOWING SNOW
                                                   X = TORNADO
MAX 32 OR BELOW:   0    0.01 INCH OR MORE:   6
MAX 90 OR ABOVE:   0    0.10 INCH OR MORE:   3
MIN 32 OR BELOW:   3    0.50 INCH OR MORE:   1
MIN  0 OR BELOW:   0    1.00 INCH OR MORE:   1

[HDD (BASE 65) ]
TOTAL THIS MO.   180    CLEAR  (SCALE 0-3)   9
DPTR FM NORMAL  -101    PTCLDY (SCALE 4-7)   9
TOTAL FM JUL 1  4941    CLOUDY (SCALE 8-10)  0
DPTR FM NORMAL  -284

[CDD (BASE 65) ]
TOTAL THIS MO.     5
DPTR FM NORMAL     5    [PRESSURE DATA]
TOTAL FM JAN 1     6    HIGHEST SLP M ON M
DPTR FM NORMAL     5    LOWEST  SLP 29.29 ON 14

[REMARKS]
