000
CDUS41 KPHI 220554
CLI55N


CLIMATE REPORT
NATIONAL WEATHER SERVICE MOUNT HOLLY NJ
152 AM EDT MON APR 22 2019


...................................

...THE ATLANTIC CITY MARINA CLIMATE SUMMARY FOR APRIL 21 2019...

CLIMATE NORMAL PERIOD 1981 TO 2010
CLIMATE RECORD PERIOD 1873 TO 2019


WEATHER ITEM   OBSERVED TIME   NORMAL DEPARTURE LAST
                VALUE   (LST)  VALUE  FROM      YEAR
                                      NORMAL
......................................................
TEMPERATURE (F)
 YESTERDAY
  MAXIMUM         60    906 AM  59      1       58
  MINIMUM         54   1154 PM  47      7       38
  AVERAGE         57            53      4       48

PRECIPITATION (IN)
  YESTERDAY        0.00          0.10  -0.10     0.00
  MONTH TO DATE    2.43          2.48  -0.05     2.11
  SINCE MAR 1      6.62          6.50   0.12     7.15
  SINCE JAN 1     12.28         12.45  -0.17    16.07

DEGREE DAYS
 HEATING
  YESTERDAY        8            12     -4       17
  MONTH TO DATE  242           312    -70      375
  SINCE MAR 1    963           986    -23     1152
  SINCE JUL 1   4021          4169   -148     4174

 COOLING
  YESTERDAY        0             0      0        0
  MONTH TO DATE    0             0      0        0
  SINCE MAR 1      0             0      0        0
  SINCE JAN 1      0             0      0        0
......................................................


WIND (MPH)
  HIGHEST WIND SPEED    15   HIGHEST WIND DIRECTION    SW (220)
  HIGHEST GUST SPEED    MM   HIGHEST GUST DIRECTION    MM
  AVERAGE WIND SPEED     8.2




..........................................................


THE ATLANTIC CITY MARINA CLIMATE NORMALS FOR TODAY
                         NORMAL
 MAXIMUM TEMPERATURE (F)   60
 MINIMUM TEMPERATURE (F)   47


SUNRISE AND SUNSET
APRIL 22 2019.........SUNRISE   611 AM EDT   SUNSET   742 PM EDT
APRIL 23 2019.........SUNRISE   610 AM EDT   SUNSET   743 PM EDT


-  INDICATES NEGATIVE NUMBERS.
R  INDICATES RECORD WAS SET OR TIED.
MM INDICATES DATA IS MISSING.
T  INDICATES TRACE AMOUNT.




$$
