000
CDUS41 KPHI 030556
CLI55N

CLIMATE REPORT
NATIONAL WEATHER SERVICE MOUNT HOLLY NJ
156 AM EDT WED JUN 03 2020

...................................

...THE ATLANTIC CITY MARINA CLIMATE SUMMARY FOR JUNE 2 2020...

CLIMATE NORMAL PERIOD: 1981 TO 2010
CLIMATE RECORD PERIOD: 1873 TO 2020


WEATHER ITEM   OBSERVED TIME   RECORD YEAR NORMAL DEPARTURE LAST
                VALUE   (LST)  VALUE       VALUE  FROM      YEAR
                                                  NORMAL
...................................................................
TEMPERATURE (F)
 YESTERDAY
  MAXIMUM         71   3:18 PM  95    1895  72     -1       75
                                      1923
  MINIMUM         60   4:30 AM  47    1907  60      0       66
  AVERAGE         66                        66      0       71

PRECIPITATION (IN)
  YESTERDAY        0.00          1.33 1974   0.09  -0.09     0.14
  MONTH TO DATE    0.00                      0.19  -0.19     0.14
  SINCE JUN 1      0.00                      0.19  -0.19     0.14
  SINCE JAN 1     12.29                     16.77  -4.48    17.50

DEGREE DAYS
 HEATING
  YESTERDAY        0                         2     -2        0
  MONTH TO DATE    3                         4     -1        0
  SINCE JUN 1      3                         4     -1        0
  SINCE JUL 1   4024                      4439   -415     4231

 COOLING
  YESTERDAY        1                         3     -2        6
  MONTH TO DATE    1                         6     -5       12
  SINCE JUN 1      1                         6     -5       12
  SINCE JAN 1      9                        43    -34       68
...................................................................


WIND (MPH)
  HIGHEST WIND SPEED    14   HIGHEST WIND DIRECTION    SW (230)
  HIGHEST GUST SPEED    MM   HIGHEST GUST DIRECTION    MM
  AVERAGE WIND SPEED     9.8

..........................................................


THE ATLANTIC CITY MARINA CLIMATE NORMALS FOR TODAY
                         NORMAL    RECORD    YEAR
 MAXIMUM TEMPERATURE (F)   72        96      1895
 MINIMUM TEMPERATURE (F)   60        47      1907
                                             1929


SUNRISE AND SUNSET
JUNE  3 2020..........SUNRISE   5:32 AM EDT   SUNSET   8:20 PM EDT
JUNE  4 2020..........SUNRISE   5:32 AM EDT   SUNSET   8:21 PM EDT


-  INDICATES NEGATIVE NUMBERS.
R  INDICATES RECORD WAS SET OR TIED.
MM INDICATES DATA IS MISSING.
T  INDICATES TRACE AMOUNT.




$$
