000
CDUS41 KPHI 170553
CLI55N


CLIMATE REPORT
NATIONAL WEATHER SERVICE MOUNT HOLLY NJ
153 AM EDT WED JUL 17 2019


...................................

...THE ATLANTIC CITY MARINA CLIMATE SUMMARY FOR JULY 16 2019...

CLIMATE NORMAL PERIOD 1981 TO 2010
CLIMATE RECORD PERIOD 1873 TO 2019


WEATHER ITEM   OBSERVED TIME   RECORD YEAR NORMAL DEPARTURE LAST
                VALUE   (LST)  VALUE       VALUE  FROM      YEAR
                                                  NORMAL
..................................................................
TEMPERATURE (F)
 YESTERDAY
  MAXIMUM         83   1200 PM 100    1983  82      1       86
  MINIMUM         74    348 AM  56    1903  70      4       74
                                      1889
  AVERAGE         79                        76      3       80

PRECIPITATION (IN)
  YESTERDAY        0.00          1.64 1886   0.11  -0.11     0.00
  MONTH TO DATE    2.12                      1.51   0.61     0.55
  SINCE JUN 1      4.52                      4.19   0.33     3.31
  SINCE JAN 1     21.28                     20.77   0.51    26.88

DEGREE DAYS
 HEATING
  YESTERDAY        0                         0      0        0
  MONTH TO DATE    0                         0      0        0
  SINCE JUN 1      4                        21    -17       20
  SINCE JUL 1      0                         0      0        0

 COOLING
  YESTERDAY       14                        11      3       15
  MONTH TO DATE  193                       165     28      175
  SINCE JUN 1    397                       336     61      356
  SINCE JAN 1    453                       373     80      388
..................................................................


WIND (MPH)
  HIGHEST WIND SPEED    14   HIGHEST WIND DIRECTION    SW (230)
  HIGHEST GUST SPEED    MM   HIGHEST GUST DIRECTION    MM
  AVERAGE WIND SPEED     8.2




..........................................................


THE ATLANTIC CITY MARINA CLIMATE NORMALS FOR TODAY
                         NORMAL    RECORD    YEAR
 MAXIMUM TEMPERATURE (F)   82        95      1937
                                             1887
 MINIMUM TEMPERATURE (F)   70        57      1884


SUNRISE AND SUNSET
JULY 17 2019..........SUNRISE   545 AM EDT   SUNSET   823 PM EDT
JULY 18 2019..........SUNRISE   545 AM EDT   SUNSET   822 PM EDT


-  INDICATES NEGATIVE NUMBERS.
R  INDICATES RECORD WAS SET OR TIED.
MM INDICATES DATA IS MISSING.
T  INDICATES TRACE AMOUNT.




$$
