000
CDUS41 KPHI 150558
CLI55N


CLIMATE REPORT
NATIONAL WEATHER SERVICE MOUNT HOLLY NJ
155 AM EDT SUN SEP 15 2019


...................................

...THE ATLANTIC CITY MARINA CLIMATE SUMMARY FOR SEPTEMBER 14 2019...

CLIMATE NORMAL PERIOD 1981 TO 2010
CLIMATE RECORD PERIOD 1873 TO 2019


WEATHER ITEM   OBSERVED TIME   RECORD YEAR NORMAL DEPARTURE LAST
                VALUE   (LST)  VALUE       VALUE  FROM      YEAR
                                                  NORMAL
..................................................................
TEMPERATURE (F)
 YESTERDAY
  MAXIMUM         76    148 PM  90    1994  76      0       72
  MINIMUM         69   1212 AM  46    1975  64      5       69
                                      1911
  AVERAGE         73                        70      3       71

PRECIPITATION (IN)
  YESTERDAY        0.00          2.85 1944   0.10  -0.10     0.03
  MONTH TO DATE    0.88                      1.34  -0.46     2.43
  SINCE SEP 1      0.88                      1.34  -0.46     2.43
  SINCE JAN 1     26.94                     27.83  -0.89    33.69

DEGREE DAYS
 HEATING
  YESTERDAY        0                         1     -1        0
  MONTH TO DATE    0                         1     -1        0
  SINCE SEP 1      0                         1     -1        0
  SINCE JUL 1      0                         2     -2        0

 COOLING
  YESTERDAY        8                         5      3        6
  MONTH TO DATE  107                        96     11      131
  SINCE SEP 1    107                        96     11      131
  SINCE JAN 1   1085                       943    142     1102
..................................................................


WIND (MPH)
  HIGHEST WIND SPEED    13   HIGHEST WIND DIRECTION     S (170)
  HIGHEST GUST SPEED    MM   HIGHEST GUST DIRECTION    MM
  AVERAGE WIND SPEED     9.3




..........................................................


THE ATLANTIC CITY MARINA CLIMATE NORMALS FOR TODAY
                         NORMAL    RECORD    YEAR
 MAXIMUM TEMPERATURE (F)   75        93      1927
 MINIMUM TEMPERATURE (F)   64        42      1895


SUNRISE AND SUNSET
SEPTEMBER 15 2019.....SUNRISE   639 AM EDT   SUNSET   707 PM EDT
SEPTEMBER 16 2019.....SUNRISE   640 AM EDT   SUNSET   705 PM EDT


-  INDICATES NEGATIVE NUMBERS.
R  INDICATES RECORD WAS SET OR TIED.
MM INDICATES DATA IS MISSING.
T  INDICATES TRACE AMOUNT.




$$
