000
CDUS46 KMFR 170056
CLIAAT


CLIMATE REPORT
NATIONAL WEATHER SERVICE MEDFORD, OR
555 PM PDT SUN JUN 16 2019


...................................

...THE ALTURAS CA CLIMATE SUMMARY FOR JUNE 16 2019...
VALID TODAY AS OF 0500 PM LOCAL TIME.

CLIMATE NORMAL PERIOD 1981 TO 2010
CLIMATE RECORD PERIOD 1905 TO 2019


WEATHER ITEM   OBSERVED TIME   RECORD YEAR NORMAL DEPARTURE LAST
                VALUE   (LST)  VALUE       VALUE  FROM      YEAR
                                                  NORMAL
..................................................................
TEMPERATURE (F)
 TODAY
  MAXIMUM         88    321 PM 101    1961  78     10       76
  MINIMUM         46    450 AM  30    1957  41      5       40
                                      1952
  AVERAGE         67                        59      8       58

PRECIPITATION (IN)
  TODAY            0.00          0.46 1995   0.03  -0.03      T
  MONTH TO DATE    0.14                      0.72  -0.58     0.20
  SINCE OCT 1     13.58                     12.77   0.81    11.44
  SINCE JAN 1     10.20                      8.26   1.94     8.44

SNOWFALL (IN)
  TODAY           MM                        MM     MM       MM
  MONTH TO DATE   MM                        MM     MM       MM
  SINCE JUL 1     MM                        MM     MM        0.0
  SNOW DEPTH      MM

DEGREE DAYS
 HEATING
  TODAY            0                         6     -6        7
  MONTH TO DATE   61                       123    -62       86
  SINCE JUN 1     61                       123    -62       86
  SINCE JUL 1   6347                      6880   -533     6207

 COOLING
  TODAY            2                         0      2        0
  MONTH TO DATE   11                         0     11        0
  SINCE JUN 1     11                         0     11        0
  SINCE JAN 1     11                         0     11        1
..................................................................


WIND (MPH)
  HIGHEST WIND SPEED    15   HIGHEST WIND DIRECTION    NW (320)
  HIGHEST GUST SPEED    20   HIGHEST GUST DIRECTION    NW (310)
  AVERAGE WIND SPEED     3.1


SKY COVER
  POSSIBLE SUNSHINE  MM
  AVERAGE SKY COVER 0.0


WEATHER CONDITIONS
 THE FOLLOWING WEATHER WAS RECORDED TODAY.
  NO SIGNIFICANT WEATHER WAS OBSERVED.


RELATIVE HUMIDITY (PERCENT)
 HIGHEST    86           400 AM
 LOWEST     14           100 PM
 AVERAGE    50

..........................................................


THE ALTURAS CA CLIMATE NORMALS FOR TOMORROW
                         NORMAL    RECORD    YEAR
 MAXIMUM TEMPERATURE (F)   78       102      1961
 MINIMUM TEMPERATURE (F)   41        25      1973


SUNRISE AND SUNSET
JUNE 16 2019..........SUNRISE   528 AM PDT   SUNSET   838 PM PDT
JUNE 17 2019..........SUNRISE   528 AM PDT   SUNSET   838 PM PDT


-  INDICATES NEGATIVE NUMBERS.
R  INDICATES RECORD WAS SET OR TIED.
MM INDICATES DATA IS MISSING.
T  INDICATES TRACE AMOUNT.




$$
