000
CDUS46 KMFR 210845
CLIAAT


CLIMATE REPORT
NATIONAL WEATHER SERVICE MEDFORD, OR
145 AM PDT SUN APR 21 2019


...................................

...THE ALTURAS CA CLIMATE SUMMARY FOR APRIL 20 2019...

CLIMATE NORMAL PERIOD 1981 TO 2010
CLIMATE RECORD PERIOD 1905 TO 2019


WEATHER ITEM   OBSERVED TIME   RECORD YEAR NORMAL DEPARTURE LAST
                VALUE   (LST)  VALUE       VALUE  FROM      YEAR
                                                  NORMAL
..................................................................
TEMPERATURE (F)
 YESTERDAY
  MAXIMUM         54   1222 AM  83    1934  59     -5       64
  MINIMUM         43   1113 PM  12    1963  30     13       27
  AVERAGE         49                        44      5       46

PRECIPITATION (IN)
  YESTERDAY        0.41          0.62 1963   0.05   0.36     0.00
  MONTH TO DATE    2.21                      1.01   1.20     2.18
  SINCE OCT 1     11.99                     10.14   1.85     8.49
  SINCE JAN 1      8.61                      5.63   2.98     5.49

SNOWFALL (IN)
  YESTERDAY       MM                        MM     MM       MM
  MONTH TO DATE   MM                        MM     MM       MM
  SINCE JUL 1     MM                        MM     MM       MM
  SNOW DEPTH      MM

DEGREE DAYS
 HEATING
  YESTERDAY       16                        21     -5       19
  MONTH TO DATE  370                       461    -91      435
  SINCE MAR 1   1206                      1286    -80     1294
  SINCE JUL 1   5759                      6153   -394     5691

 COOLING
  YESTERDAY        0                         0      0        0
  MONTH TO DATE    0                         0      0        0
  SINCE MAR 1      0                         0      0        0
  SINCE JAN 1      0                         0      0        0
..................................................................


WIND (MPH)
  HIGHEST WIND SPEED    16   HIGHEST WIND DIRECTION     W (280)
  HIGHEST GUST SPEED    19   HIGHEST GUST DIRECTION     W (280)
  AVERAGE WIND SPEED     5.8


SKY COVER
  POSSIBLE SUNSHINE  MM
  AVERAGE SKY COVER 0.9


WEATHER CONDITIONS
 THE FOLLOWING WEATHER WAS RECORDED YESTERDAY.
  THUNDERSTORM
  HEAVY RAIN
  RAIN
  LIGHT RAIN
  FOG


RELATIVE HUMIDITY (PERCENT)
 HIGHEST    93           700 AM
 LOWEST     68          1200 AM
 AVERAGE    81

..........................................................


THE ALTURAS CA CLIMATE NORMALS FOR TODAY
                         NORMAL    RECORD    YEAR
 MAXIMUM TEMPERATURE (F)   59        83      2009
 MINIMUM TEMPERATURE (F)   30        15      1982


SUNRISE AND SUNSET
APRIL 21 2019.........SUNRISE   614 AM PDT   SUNSET   749 PM PDT
APRIL 22 2019.........SUNRISE   612 AM PDT   SUNSET   750 PM PDT


-  INDICATES NEGATIVE NUMBERS.
R  INDICATES RECORD WAS SET OR TIED.
MM INDICATES DATA IS MISSING.
T  INDICATES TRACE AMOUNT.




$$
