000
CDUS46 KMFR 090836
CLIAAT


CLIMATE REPORT
NATIONAL WEATHER SERVICE MEDFORD, OR
136 AM PDT SUN AUG 9 2020


...................................

...THE ALTURAS CA CLIMATE SUMMARY FOR AUGUST 8 2020...

CLIMATE NORMAL PERIOD 1981 TO 2010
CLIMATE RECORD PERIOD 1905 TO 2020


WEATHER ITEM   OBSERVED TIME   RECORD YEAR NORMAL DEPARTURE LAST
                VALUE   (LST)  VALUE       VALUE  FROM      YEAR
                                                  NORMAL
..................................................................
TEMPERATURE (F)
 YESTERDAY
  MAXIMUM         92    352 PM 104    1972  89      3       90
  MINIMUM         42    515 AM  30    2002  44     -2       47
  AVERAGE         67                        66      1       69

PRECIPITATION (IN)
  YESTERDAY        0.00          0.22 1961   0.02  -0.02     0.00
  MONTH TO DATE    0.00                      0.08  -0.08      T
  SINCE OCT 1      8.61                     13.37  -4.76    13.59
  SINCE JAN 1      6.87                      8.86  -1.99    10.21

SNOWFALL (IN)
  YESTERDAY       MM                        MM     MM       MM
  MONTH TO DATE   MM                        MM     MM       MM
  SINCE JUL 1     MM                        MM     MM       MM
  SNOW DEPTH      MM

DEGREE DAYS
 HEATING
  YESTERDAY        0                         1     -1        0
  MONTH TO DATE    0                         8     -8        0
  SINCE JUN 1    217                       229    -12      169
  SINCE JUL 1     30                        49    -19       26

 COOLING
  YESTERDAY        2                         3     -1        4
  MONTH TO DATE   17                        24     -7       38
  SINCE JUN 1    177                       119     58      149
  SINCE JAN 1    189                       119     70      149
..................................................................


WIND (MPH)
  HIGHEST WIND SPEED    17   HIGHEST WIND DIRECTION     W (280)
  HIGHEST GUST SPEED    22   HIGHEST GUST DIRECTION     W (290)
  AVERAGE WIND SPEED     4.6


SKY COVER
  POSSIBLE SUNSHINE  MM
  AVERAGE SKY COVER 0.0


WEATHER CONDITIONS
 THE FOLLOWING WEATHER WAS RECORDED YESTERDAY.
  NO SIGNIFICANT WEATHER WAS OBSERVED.


RELATIVE HUMIDITY (PERCENT)
 HIGHEST    62           500 AM
 LOWEST     12           500 PM
 AVERAGE    37

..........................................................


THE ALTURAS CA CLIMATE NORMALS FOR TODAY
                         NORMAL    RECORD    YEAR
 MAXIMUM TEMPERATURE (F)   88       103      1981
 MINIMUM TEMPERATURE (F)   44        32      1985


SUNRISE AND SUNSET
AUGUST  9 2020........SUNRISE   606 AM PDT   SUNSET   809 PM PDT
AUGUST 10 2020........SUNRISE   607 AM PDT   SUNSET   808 PM PDT


-  INDICATES NEGATIVE NUMBERS.
R  INDICATES RECORD WAS SET OR TIED.
MM INDICATES DATA IS MISSING.
T  INDICATES TRACE AMOUNT.




$$
