000
CDAK48 PAFC 151256
CLIADQ


CLIMATE REPORT
NATIONAL WEATHER SERVICE ANCHORAGE, AK
456 AM AKDT SUN SEP 15 2019


...................................

...THE KODIAK CLIMATE SUMMARY FOR SEPTEMBER 14 2019...

CLIMATE NORMAL PERIOD 1981 TO 2010
CLIMATE RECORD PERIOD 1913 TO 2019


WEATHER ITEM   OBSERVED TIME   RECORD YEAR NORMAL DEPARTURE LAST
                VALUE   (LST)  VALUE       VALUE  FROM      YEAR
                                                  NORMAL
..................................................................
TEMPERATURE (F)
 YESTERDAY
  MAXIMUM         70    503 PM  73    1985  56     14       62
  MINIMUM         49   1237 AM  33    1987  44      5       46
  AVERAGE         60                        50     10       54

PRECIPITATION (IN)
  YESTERDAY        0.00          2.34 1981   0.25  -0.25     0.00
  MONTH TO DATE    1.89                      3.00  -1.11     0.19
  SINCE SEP 1      1.89                      3.00  -1.11     0.19
  SINCE JAN 1     37.27                     49.79 -12.52    44.85

SNOWFALL (IN)
  YESTERDAY       MM            MM      MM   0.0   MM        0.0
  MONTH TO DATE    0.0                       0.0    0.0      0.0
  SINCE SEP 1      0.0                       0.0    0.0      0.0
  SINCE JUL 1      0.0                       0.0    0.0      0.0
  SNOW DEPTH      MM

DEGREE DAYS
 HEATING
  YESTERDAY        5                        15    -10       11
  MONTH TO DATE  141                       186    -45      120
  SINCE SEP 1    141                       186    -45      120
  SINCE JUL 1    423                       819   -396      622

 COOLING
  YESTERDAY        0                         0      0        0
  MONTH TO DATE    0                         0      0        0
  SINCE SEP 1      0                         0      0        0
  SINCE JAN 1     56                         1     55        8
..................................................................


WIND (MPH)
  RESULTANT WIND SPEED   9   RESULTANT WIND DIRECTION   W (290)
  HIGHEST WIND SPEED    21   HIGHEST WIND DIRECTION     W (290)
  HIGHEST GUST SPEED    28   HIGHEST GUST DIRECTION     W (280)
  AVERAGE WIND SPEED     9.9



WEATHER CONDITIONS
 THE FOLLOWING WEATHER WAS RECORDED YESTERDAY.
  NO SIGNIFICANT WEATHER WAS OBSERVED.


RELATIVE HUMIDITY (PERCENT)
 HIGHEST    83
 LOWEST     40
 AVERAGE    62

..........................................................


THE KODIAK CLIMATE NORMALS FOR TODAY
                         NORMAL    RECORD    YEAR
 MAXIMUM TEMPERATURE (F)   56        67      1980
 MINIMUM TEMPERATURE (F)   44        34      2003
                                             1996


SUNRISE AND SUNSET
SEPTEMBER 15 2019.....SUNRISE   740 AM AKDT  SUNSET   829 PM AKDT
SEPTEMBER 16 2019.....SUNRISE   742 AM AKDT  SUNSET   826 PM AKDT


-  INDICATES NEGATIVE NUMBERS.
R  INDICATES RECORD WAS SET OR TIED.
MM INDICATES DATA IS MISSING.
T  INDICATES TRACE AMOUNT.




$$
