000
CDAK48 PAFC 221305
CLIADQ


CLIMATE REPORT
NATIONAL WEATHER SERVICE ANCHORAGE, AK
504 AM AKDT MON APR 22 2019


...................................

...THE KODIAK CLIMATE SUMMARY FOR APRIL 21 2019...

CLIMATE NORMAL PERIOD 1981 TO 2010
CLIMATE RECORD PERIOD 1913 TO 2019


WEATHER ITEM   OBSERVED TIME   RECORD YEAR NORMAL DEPARTURE LAST
                VALUE   (LST)  VALUE       VALUE  FROM      YEAR
                                                  NORMAL
..................................................................
TEMPERATURE (F)
 YESTERDAY
  MAXIMUM         40    421 PM  56    1936  44     -4       45
  MINIMUM         27   1156 PM  22    1972  34     -7       36
  AVERAGE         34                        39     -5       41

PRECIPITATION (IN)
  YESTERDAY        T             1.35 1968   0.19  -0.19     0.19
  MONTH TO DATE    3.45                      4.12  -0.67     4.31
  SINCE DEC 1     26.58                     32.81  -6.23    30.27
  SINCE JAN 1     18.53                     24.08  -5.55    17.40

SNOWFALL (IN)
  YESTERDAY       MM            MM      MM   0.2   MM        0.0
  MONTH TO DATE    T                         6.9   -6.9      0.0
  SINCE DEC 1      T                        60.1  -60.1     10.4
  SINCE JUL 1      T                        67.6  -67.6     17.9
  SNOW DEPTH       0

DEGREE DAYS
 HEATING
  YESTERDAY       31                        26      5       24
  MONTH TO DATE  538                       597    -59      525
  SINCE MAR 1   1340                      1595   -255     1415
  SINCE JUL 1   6329                      7467  -1138     6716

 COOLING
  YESTERDAY        0                         0      0        0
  MONTH TO DATE    0                         0      0        0
  SINCE MAR 1      0                         0      0        0
  SINCE JAN 1      0                         0      0        0
..................................................................


WIND (MPH)
  RESULTANT WIND SPEED  11   RESULTANT WIND DIRECTION   W (280)
  HIGHEST WIND SPEED    29   HIGHEST WIND DIRECTION     W (290)
  HIGHEST GUST SPEED    39   HIGHEST GUST DIRECTION     W (290)
  AVERAGE WIND SPEED    13.2



WEATHER CONDITIONS
 THE FOLLOWING WEATHER WAS RECORDED YESTERDAY.
  LIGHT SNOW
  FOG


RELATIVE HUMIDITY (PERCENT)
 HIGHEST    89
 LOWEST     40
 AVERAGE    65

..........................................................


THE KODIAK CLIMATE NORMALS FOR TODAY
                         NORMAL    RECORD    YEAR
 MAXIMUM TEMPERATURE (F)   45        70      1918
 MINIMUM TEMPERATURE (F)   34        19      1984


SUNRISE AND SUNSET
APRIL 22 2019.........SUNRISE   641 AM AKDT  SUNSET   937 PM AKDT
APRIL 23 2019.........SUNRISE   639 AM AKDT  SUNSET   939 PM AKDT


-  INDICATES NEGATIVE NUMBERS.
R  INDICATES RECORD WAS SET OR TIED.
MM INDICATES DATA IS MISSING.
T  INDICATES TRACE AMOUNT.




$$
