972
CDAK48 PAFC 231251
CLIADQ


CLIMATE REPORT
NATIONAL WEATHER SERVICE ANCHORAGE, AK
451 AM AKDT MON APR 23 2018


...................................

...THE KODIAK CLIMATE SUMMARY FOR APRIL 22 2018...

CLIMATE NORMAL PERIOD 1981 TO 2010
CLIMATE RECORD PERIOD 1913 TO 2018


WEATHER ITEM   OBSERVED TIME   RECORD YEAR NORMAL DEPARTURE LAST
                VALUE   (LST)  VALUE       VALUE  FROM      YEAR
                                                  NORMAL
..................................................................
TEMPERATURE (F)
 YESTERDAY
  MAXIMUM         44    257 PM  70    1918  45     -1       44
  MINIMUM         41    321 AM  19    1984  34      7       42
  AVERAGE         43                        39      4       43

PRECIPITATION (IN)
  YESTERDAY        0.62          1.70 1929   0.19   0.43     1.23
  MONTH TO DATE    4.93                      4.31   0.62     6.50
  SINCE MAR 1      7.09                      9.84  -2.75     7.20
  SINCE JAN 1     18.02                     24.27  -6.25    12.74

SNOWFALL (IN)
  YESTERDAY        0.0          MM      MM   0.1   -0.1      0.0
  MONTH TO DATE    0.0                       7.0   -7.0      1.1
  SINCE MAR 1      1.1                      18.3  -17.2      2.6
  SINCE JUL 1     17.9                      67.7  -49.8     28.4
  SNOW DEPTH       0

DEGREE DAYS
 HEATING
  YESTERDAY       22                        26     -4       22
  MONTH TO DATE  547                       623    -76      558
  SINCE MAR 1   1437                      1621   -184     1671
  SINCE JUL 1   6738                      7493   -755     7012

 COOLING
  YESTERDAY        0                         0      0        0
  MONTH TO DATE    0                         0      0        0
  SINCE MAR 1      0                         0      0        0
  SINCE JAN 1      0                         0      0        0
..................................................................


WIND (MPH)
  RESULTANT WIND SPEED  22   RESULTANT WIND DIRECTION   E (70)
  HIGHEST WIND SPEED    37   HIGHEST WIND DIRECTION    NE (60)
  HIGHEST GUST SPEED    46   HIGHEST GUST DIRECTION     E (70)
  AVERAGE WIND SPEED    20.6



WEATHER CONDITIONS
 THE FOLLOWING WEATHER WAS RECORDED YESTERDAY.
  RAIN
  LIGHT RAIN
  FOG


RELATIVE HUMIDITY (PERCENT)
 HIGHEST    96
 LOWEST     86
 AVERAGE    91

..........................................................


THE KODIAK CLIMATE NORMALS FOR TODAY
                         NORMAL    RECORD    YEAR
 MAXIMUM TEMPERATURE (F)   45        60      1918
 MINIMUM TEMPERATURE (F)   34        20      1986


SUNRISE AND SUNSET
APRIL 23 2018.........SUNRISE   638 AM AKDT  SUNSET   940 PM AKDT
APRIL 24 2018.........SUNRISE   636 AM AKDT  SUNSET   942 PM AKDT


-  INDICATES NEGATIVE NUMBERS.
R  INDICATES RECORD WAS SET OR TIED.
MM INDICATES DATA IS MISSING.
T  INDICATES TRACE AMOUNT.




$$
