000
CDAK48 PAFC 031305
CLIADQ


CLIMATE REPORT
NATIONAL WEATHER SERVICE ANCHORAGE, AK
504 AM AKDT WED JUN 3 2020


...................................

...THE KODIAK CLIMATE SUMMARY FOR JUNE 2 2020...

CLIMATE NORMAL PERIOD 1981 TO 2010
CLIMATE RECORD PERIOD 1913 TO 2020


WEATHER ITEM   OBSERVED TIME   RECORD YEAR NORMAL DEPARTURE LAST
                VALUE   (LST)  VALUE       VALUE  FROM      YEAR
                                                  NORMAL
..................................................................
TEMPERATURE (F)
 YESTERDAY
  MAXIMUM         53   1130 AM  69    1957  53      0       54
  MINIMUM         47   1159 PM  30    1968  42      5       38
  AVERAGE         50                        47      3       46

PRECIPITATION (IN)
  YESTERDAY        0.50          2.56 1989   0.21   0.29     0.02
  MONTH TO DATE    1.11                      0.42   0.69     0.03
  SINCE JUN 1      1.11                      0.42   0.69     0.03
  SINCE JAN 1     15.36                     31.81 -16.45    28.45

DEGREE DAYS
 HEATING
  YESTERDAY       15                        18     -3       19
  MONTH TO DATE   31                        36     -5       38
  SINCE JUN 1     31                        36     -5       38
  SINCE JUL 1   7414                      8370   -956     7163

 COOLING
  YESTERDAY        0                         0      0        0
  MONTH TO DATE    0                         0      0        0
  SINCE JUN 1      0                         0      0        0
  SINCE JAN 1      0                         0      0        0
..................................................................


WIND (MPH)
  RESULTANT WIND SPEED  11   RESULTANT WIND DIRECTION  NE (50)
  HIGHEST WIND SPEED    22   HIGHEST WIND DIRECTION    NE (30)
  HIGHEST GUST SPEED    26   HIGHEST GUST DIRECTION    NE (30)
  AVERAGE WIND SPEED    11.4



WEATHER CONDITIONS
 THE FOLLOWING WEATHER WAS RECORDED YESTERDAY.
  RAIN
  LIGHT RAIN
  FOG
  HAZE


RELATIVE HUMIDITY (PERCENT)
 HIGHEST    93
 LOWEST     77
 AVERAGE    85

..........................................................


THE KODIAK CLIMATE NORMALS FOR TODAY
                         NORMAL    RECORD    YEAR
 MAXIMUM TEMPERATURE (F)   53        73      1980
 MINIMUM TEMPERATURE (F)   42        33      2007
                                             1973


SUNRISE AND SUNSET
JUNE  3 2020..........SUNRISE   516 AM AKDT  SUNSET  1102 PM AKDT
JUNE  4 2020..........SUNRISE   515 AM AKDT  SUNSET  1103 PM AKDT


-  INDICATES NEGATIVE NUMBERS.
R  INDICATES RECORD WAS SET OR TIED.
MM INDICATES DATA IS MISSING.
T  INDICATES TRACE AMOUNT.




$$
