000
CDAK48 PAFC 171315
CLIADQ


CLIMATE REPORT
NATIONAL WEATHER SERVICE ANCHORAGE, AK
515 AM AKDT WED JUL 17 2019


...................................

...THE KODIAK CLIMATE SUMMARY FOR JULY 16 2019...

CLIMATE NORMAL PERIOD 1981 TO 2010
CLIMATE RECORD PERIOD 1913 TO 2019


WEATHER ITEM   OBSERVED TIME   RECORD YEAR NORMAL DEPARTURE LAST
                VALUE   (LST)  VALUE       VALUE  FROM      YEAR
                                                  NORMAL
..................................................................
TEMPERATURE (F)
 YESTERDAY
  MAXIMUM         60    617 PM  71    1989  60      0       64
                                      1929
  MINIMUM         53    752 AM  35    1927  50      3       50
  AVERAGE         57                        55      2       57

PRECIPITATION (IN)
  YESTERDAY        0.42          0.98 1995   0.16   0.26      T
  MONTH TO DATE    2.41                      2.63  -0.22     0.55
  SINCE DEC 1     42.17                     48.66  -6.49    45.59
  SINCE JAN 1     34.12                     39.93  -5.81    32.72

SNOWFALL (IN)
  YESTERDAY        0.0          MM      MM   0.0    0.0      0.0
  MONTH TO DATE    0.0                       0.0    0.0      0.0
  SINCE DEC 1      T                        61.4  -61.4     10.4
  SINCE JUL 1      0.0                       0.0    0.0      0.0
  SNOW DEPTH       0

DEGREE DAYS
 HEATING
  YESTERDAY        8                        10     -2        8
  MONTH TO DATE   84                       182    -98      124
  SINCE JUN 1    413                       643   -230      532
  SINCE JUL 1     84                       182    -98      124

 COOLING
  YESTERDAY        0                         0      0        0
  MONTH TO DATE    6                         0      6        2
  SINCE JUN 1      7                         0      7        2
  SINCE JAN 1      7                         0      7        2
..................................................................


WIND (MPH)
  RESULTANT WIND SPEED   4   RESULTANT WIND DIRECTION   W (280)
  HIGHEST WIND SPEED    15   HIGHEST WIND DIRECTION     W (280)
  HIGHEST GUST SPEED    20   HIGHEST GUST DIRECTION    NW (300)
  AVERAGE WIND SPEED     4.7



WEATHER CONDITIONS
 THE FOLLOWING WEATHER WAS RECORDED YESTERDAY.
  RAIN
  LIGHT RAIN
  FOG
  HAZE


RELATIVE HUMIDITY (PERCENT)
 HIGHEST    93
 LOWEST     67
 AVERAGE    80

..........................................................


THE KODIAK CLIMATE NORMALS FOR TODAY
                         NORMAL    RECORD    YEAR
 MAXIMUM TEMPERATURE (F)   60        78      2016
 MINIMUM TEMPERATURE (F)   50        35      1927


SUNRISE AND SUNSET
JULY 17 2019..........SUNRISE   536 AM AKDT  SUNSET  1055 PM AKDT
JULY 18 2019..........SUNRISE   538 AM AKDT  SUNSET  1054 PM AKDT


-  INDICATES NEGATIVE NUMBERS.
R  INDICATES RECORD WAS SET OR TIED.
MM INDICATES DATA IS MISSING.
T  INDICATES TRACE AMOUNT.




$$
