566
CDUS41 KLWX 222130
CLIBWI


CLIMATE REPORT
NATIONAL WEATHER SERVICE BALTIMORE MD/WASHINGTON DC
529 PM EDT MON APR 22 2019


...................................

...THE BALTIMORE MD CLIMATE SUMMARY FOR APRIL 22 2019...
VALID TODAY AS OF 0500 PM LOCAL TIME.

CLIMATE NORMAL PERIOD 1981 TO 2010
CLIMATE RECORD PERIOD 1871 TO 2019


WEATHER ITEM   OBSERVED TIME   RECORD YEAR NORMAL DEPARTURE LAST
                VALUE   (LST)  VALUE       VALUE  FROM      YEAR
                                                  NORMAL
..................................................................
TEMPERATURE (F)
 TODAY
  MAXIMUM         73    351 PM  93    1985  67      6       66
  MINIMUM         54    329 AM  32    1875  45      9       44
  AVERAGE         64                        56      8       55

PRECIPITATION (IN)
  TODAY            0.00          1.54 1972   0.10  -0.10     0.00
  MONTH TO DATE    0.97                      2.35  -1.38     1.65
  SINCE MAR 1      5.11                      6.25  -1.14     3.90
  SINCE JAN 1     11.90                     12.20  -0.30    10.20

SNOWFALL (IN)
  TODAY            0.0           T    1984   0.0    0.0
  MONTH TO DATE    0.0                       0.0    0.0
  SINCE JUL 1     18.3                      20.1   -1.8
  SNOW DEPTH       0

DEGREE DAYS
 HEATING
  TODAY            1                        10     -9       10
  MONTH TO DATE  161                       285   -124      332
  SINCE MAR 1    837                       951   -114     1092
  SINCE JUL 1   4250                      4546   -296     4404

 COOLING
  TODAY            0                         1     -1        0
  MONTH TO DATE   23                         4     19       21
  SINCE MAR 1     24                         5     19       21
  SINCE JAN 1     24                         5     19       22
..................................................................


WIND (MPH)
  HIGHEST WIND SPEED    18   HIGHEST WIND DIRECTION    NW (300)
  HIGHEST GUST SPEED    26   HIGHEST GUST DIRECTION     N (340)
  AVERAGE WIND SPEED     8.9


SKY COVER
  POSSIBLE SUNSHINE  MM
  AVERAGE SKY COVER 0.7


WEATHER CONDITIONS
 THE FOLLOWING WEATHER WAS RECORDED TODAY.
  NO SIGNIFICANT WEATHER WAS OBSERVED.


RELATIVE HUMIDITY (PERCENT)
 HIGHEST    77           600 AM
 LOWEST     41           400 PM
 AVERAGE    59

..........................................................


THE BALTIMORE MD CLIMATE NORMALS FOR TOMORROW
                         NORMAL    RECORD    YEAR
 MAXIMUM TEMPERATURE (F)   67        94      1960
 MINIMUM TEMPERATURE (F)   45        31      1982


SUNRISE AND SUNSET
APRIL 22 2019.........SUNRISE   620 AM EDT   SUNSET   751 PM EDT
APRIL 23 2019.........SUNRISE   619 AM EDT   SUNSET   752 PM EDT


-  INDICATES NEGATIVE NUMBERS.
R  INDICATES RECORD WAS SET OR TIED.
MM INDICATES DATA IS MISSING.
T  INDICATES TRACE AMOUNT.




$$
