000
CDUS41 KLWX 142133
CLIBWI


CLIMATE REPORT
NATIONAL WEATHER SERVICE BALTIMORE MD/WASHINGTON DC
532 PM EDT SAT SEP 14 2019


...................................

...THE BALTIMORE MD CLIMATE SUMMARY FOR SEPTEMBER 14 2019...
VALID TODAY AS OF 0500 PM LOCAL TIME.

CLIMATE NORMAL PERIOD 1981 TO 2010
CLIMATE RECORD PERIOD 1871 TO 2019


WEATHER ITEM   OBSERVED TIME   RECORD YEAR NORMAL DEPARTURE LAST
                VALUE   (LST)  VALUE       VALUE  FROM      YEAR
                                                  NORMAL
..................................................................
TEMPERATURE (F)
 TODAY
  MAXIMUM         80    359 PM  94    1931  79      1       76
  MINIMUM         63    323 AM  42    1975  59      4       70
  AVERAGE         72                        69      3       73

PRECIPITATION (IN)
  TODAY            0.00          3.82 1966   0.14  -0.14     0.03
  MONTH TO DATE    0.15                      1.75  -1.60     3.70
  SINCE SEP 1      0.15                      1.75  -1.60     3.70
  SINCE JAN 1     27.24                     29.60  -2.36    48.96

SNOWFALL (IN)
  TODAY            0.0          MM      MM   0.0    0.0
  MONTH TO DATE    0.0                       0.0    0.0
  SINCE JUL 1      0.0                       0.0    0.0
  SNOW DEPTH       0

DEGREE DAYS
 HEATING
  TODAY            0                         1     -1        0
  MONTH TO DATE    0                         6     -6        3
  SINCE SEP 1      0                         6     -6        3
  SINCE JUL 1      0                         7     -7        3

 COOLING
  TODAY            7                         5      2        8
  MONTH TO DATE  154                        88     66      162
  SINCE SEP 1    154                        88     66      162
  SINCE JAN 1   1576                      1098    478     1425
..................................................................


WIND (MPH)
  HIGHEST WIND SPEED    12   HIGHEST WIND DIRECTION     S (200)
  HIGHEST GUST SPEED    17   HIGHEST GUST DIRECTION     S (200)
  AVERAGE WIND SPEED     4.8


SKY COVER
  POSSIBLE SUNSHINE  MM
  AVERAGE SKY COVER 0.8


WEATHER CONDITIONS
 THE FOLLOWING WEATHER WAS RECORDED TODAY.
  HAZE


RELATIVE HUMIDITY (PERCENT)
 HIGHEST    84           500 AM
 LOWEST     62           300 PM
 AVERAGE    73

..........................................................


THE BALTIMORE MD CLIMATE NORMALS FOR TOMORROW
                         NORMAL    RECORD    YEAR
 MAXIMUM TEMPERATURE (F)   78        97      1927
 MINIMUM TEMPERATURE (F)   58        40      1873


SUNRISE AND SUNSET
SEPTEMBER 14 2019.....SUNRISE   647 AM EDT   SUNSET   717 PM EDT
SEPTEMBER 15 2019.....SUNRISE   648 AM EDT   SUNSET   715 PM EDT


-  INDICATES NEGATIVE NUMBERS.
R  INDICATES RECORD WAS SET OR TIED.
MM INDICATES DATA IS MISSING.
T  INDICATES TRACE AMOUNT.




$$
