000
CDUS41 KLWX 170531
CLIBWI


CLIMATE REPORT
NATIONAL WEATHER SERVICE BALTIMORE MD/WASHINGTON DC
131 AM EDT WED JUL 17 2019


...................................

...THE BALTIMORE MD CLIMATE SUMMARY FOR JULY 16 2019...

CLIMATE NORMAL PERIOD 1981 TO 2010
CLIMATE RECORD PERIOD 1871 TO 2019


WEATHER ITEM   OBSERVED TIME   RECORD YEAR NORMAL DEPARTURE LAST
                VALUE   (LST)  VALUE       VALUE  FROM      YEAR
                                                  NORMAL
..................................................................
TEMPERATURE (F)
 YESTERDAY
  MAXIMUM         95    345 PM 104    1988  88      7       96
  MINIMUM         69    401 AM  57    1954  67      2       69
  AVERAGE         82                        77      5       83

PRECIPITATION (IN)
  YESTERDAY        0.02          2.79 2005   0.14  -0.12     0.86
  MONTH TO DATE    2.75                      2.05   0.70     0.91
  SINCE JUN 1      5.70                      5.51   0.19     5.68
  SINCE JAN 1     23.60                     22.54   1.06    25.60

SNOWFALL (IN)
  YESTERDAY        0.0          MM      MM   0.0    0.0
  MONTH TO DATE    0.0                       0.0    0.0
  SINCE JUL 1      0.0                       0.0    0.0
  SNOW DEPTH       0

DEGREE DAYS
 HEATING
  YESTERDAY        0                         0      0        0
  MONTH TO DATE    0                         0      0        0
  SINCE JUN 1      4                        15    -11        8
  SINCE JUL 1      0                         0      0        0

 COOLING
  YESTERDAY       17                        12      5       18
  MONTH TO DATE  240                       190     50      238
  SINCE JUN 1    563                       428    135      480
  SINCE JAN 1    757                       512    245      669
..................................................................


WIND (MPH)
  HIGHEST WIND SPEED    14   HIGHEST WIND DIRECTION    SW (240)
  HIGHEST GUST SPEED    20   HIGHEST GUST DIRECTION    SW (220)
  AVERAGE WIND SPEED     3.1


SKY COVER
  POSSIBLE SUNSHINE  MM
  AVERAGE SKY COVER 0.5


WEATHER CONDITIONS
 THE FOLLOWING WEATHER WAS RECORDED YESTERDAY.
  NO SIGNIFICANT WEATHER WAS OBSERVED.


RELATIVE HUMIDITY (PERCENT)
 HIGHEST    93           600 AM
 LOWEST     41          1200 PM
 AVERAGE    67

..........................................................


THE BALTIMORE MD CLIMATE NORMALS FOR TODAY
                         NORMAL    RECORD    YEAR
 MAXIMUM TEMPERATURE (F)   88       101      1988
 MINIMUM TEMPERATURE (F)   67        58      1987


SUNRISE AND SUNSET
JULY 17 2019..........SUNRISE   554 AM EDT   SUNSET   831 PM EDT
JULY 18 2019..........SUNRISE   555 AM EDT   SUNSET   830 PM EDT


-  INDICATES NEGATIVE NUMBERS.
R  INDICATES RECORD WAS SET OR TIED.
MM INDICATES DATA IS MISSING.
T  INDICATES TRACE AMOUNT.




$$
