000
CDUS41 KLWX 110533
CLIBWI

CLIMATE REPORT
NATIONAL WEATHER SERVICE BALTIMORE MD/WASHINGTON DC
133 AM EDT TUE AUG 11 2020

...................................

...THE BALTIMORE MD CLIMATE SUMMARY FOR AUGUST 10 2020...

CLIMATE NORMAL PERIOD: 1981 TO 2010
CLIMATE RECORD PERIOD: 1871 TO 2020


WEATHER ITEM   OBSERVED TIME   RECORD YEAR NORMAL DEPARTURE LAST
                VALUE   (LST)  VALUE       VALUE  FROM      YEAR
                                                  NORMAL
...................................................................
TEMPERATURE (F)
 YESTERDAY
  MAXIMUM         93   2:49 PM 100    1900  86      7       86
  MINIMUM         75   5:58 AM  54    1999  66      9       60
  AVERAGE         84                        76      8       73

PRECIPITATION (IN)
  YESTERDAY        0.00          1.62 1897   0.10  -0.10     0.00
  MONTH TO DATE    3.78                      1.14   2.64     0.97
  SINCE JUN 1     13.16                      8.67   4.49     7.77
  SINCE JAN 1     29.58                     25.70   3.88    25.67

SNOWFALL (IN)
  YESTERDAY        0.0          MM      MM   0.0    0.0      0.0
  MONTH TO DATE    0.0                       0.0    0.0      0.0
  SINCE JUN 1      0.0                       0.0    0.0      0.0
  SINCE JUL 1      0.0                       0.0    0.0      0.0
  SNOW DEPTH       0

DEGREE DAYS
 HEATING
  YESTERDAY        0                         0      0        0
  MONTH TO DATE    0                         0      0        0
  SINCE JUN 1      3                        15    -12        4
  SINCE JUL 1      0                         0      0        0

 COOLING
  YESTERDAY       19                        11      8        8
  MONTH TO DATE  154                       112     42      145
  SINCE JUN 1   1021                       722    299      964
  SINCE JAN 1   1110                       806    304     1158
...................................................................


WIND (MPH)
  HIGHEST WIND SPEED    12   HIGHEST WIND DIRECTION    SE (150)
  HIGHEST GUST SPEED    21   HIGHEST GUST DIRECTION     S (180)
  AVERAGE WIND SPEED     3.8


SKY COVER
  AVERAGE SKY COVER 0.2


WEATHER CONDITIONS
THE FOLLOWING WEATHER WAS RECORDED YESTERDAY.
  THUNDERSTORM
  FOG


RELATIVE HUMIDITY (PERCENT)
 HIGHEST    94           6:00 AM
 LOWEST     44          11:00 AM
 AVERAGE    69

..........................................................


THE BALTIMORE MD CLIMATE NORMALS FOR TODAY
                         NORMAL    RECORD    YEAR
 MAXIMUM TEMPERATURE (F)   86       100      1900
 MINIMUM TEMPERATURE (F)   66        54      1972


SUNRISE AND SUNSET
AUGUST 11 2020........SUNRISE   6:17 AM EDT   SUNSET   8:06 PM EDT
AUGUST 12 2020........SUNRISE   6:17 AM EDT   SUNSET   8:05 PM EDT


-  INDICATES NEGATIVE NUMBERS.
R  INDICATES RECORD WAS SET OR TIED.
MM INDICATES DATA IS MISSING.
T  INDICATES TRACE AMOUNT.




$$
