251
CDUS41 KGYX 222042
CLICON


CLIMATE REPORT
NATIONAL WEATHER SERVICE GRAY ME
442 PM EDT MON APR 22 2019


...................................

...THE CONCORD NH CLIMATE SUMMARY FOR APRIL 22 2019...
VALID TODAY AS OF 0400 PM LOCAL TIME.

CLIMATE NORMAL PERIOD 1981 TO 2010
CLIMATE RECORD PERIOD 1868 TO 2019


WEATHER ITEM   OBSERVED TIME   RECORD YEAR NORMAL DEPARTURE LAST
                VALUE   (LST)  VALUE       VALUE  FROM      YEAR
                                                  NORMAL
..................................................................
TEMPERATURE (F)
 TODAY
  MAXIMUM         72   1143 AM  86    1973  61     11       61
  MINIMUM         47    502 AM  16    1947  35     12       25
  AVERAGE         60                        48     12       43

PRECIPITATION (IN)
  TODAY            0.00          1.08 2003   0.11  -0.11     0.00
  MONTH TO DATE    2.66                      2.50   0.16     3.17
  SINCE MAR 1      4.39                      5.77  -1.38     5.75
  SINCE JAN 1     11.84                     11.09   0.75    12.51

SNOWFALL (IN)
  TODAY            0.0           3.8  1928   0.0    0.0      0.0
  MONTH TO DATE    0.3                       2.6   -2.3      1.7
  SINCE MAR 1      9.2                      13.7   -4.5     30.4
  SINCE JUL 1     52.8                      61.2   -8.4     87.9
  SNOW DEPTH       0

DEGREE DAYS
 HEATING
  TODAY            5                        17    -12       22
  MONTH TO DATE  426                       474    -48      578
  SINCE MAR 1   1465                      1461      4     1547
  SINCE JUL 1   6673                      6721    -48     6344

 COOLING
  TODAY            0                         0      0        0
  MONTH TO DATE    3                         0      3        0
  SINCE MAR 1      3                         0      3        0
  SINCE JAN 1      3                         0      3        0
..................................................................


WIND (MPH)
  HIGHEST WIND SPEED    17   HIGHEST WIND DIRECTION    NE (50)
  HIGHEST GUST SPEED    23   HIGHEST GUST DIRECTION    NE (40)
  AVERAGE WIND SPEED     5.6


SKY COVER
  POSSIBLE SUNSHINE  MM
  AVERAGE SKY COVER 0.8


WEATHER CONDITIONS
 THE FOLLOWING WEATHER WAS RECORDED TODAY.
  FOG
  FOG W/VISIBILITY <= 1/4 MILE


RELATIVE HUMIDITY (PERCENT)
 HIGHEST   100          1200 AM
 LOWEST     55           200 PM
 AVERAGE    78

..........................................................


THE CONCORD NH CLIMATE NORMALS FOR TOMORROW
                         NORMAL    RECORD    YEAR
 MAXIMUM TEMPERATURE (F)   61        88      1885
 MINIMUM TEMPERATURE (F)   35        20      1975


SUNRISE AND SUNSET
APRIL 22 2019.........SUNRISE   553 AM EDT   SUNSET   737 PM EDT
APRIL 23 2019.........SUNRISE   552 AM EDT   SUNSET   738 PM EDT


-  INDICATES NEGATIVE NUMBERS.
R  INDICATES RECORD WAS SET OR TIED.
MM INDICATES DATA IS MISSING.
T  INDICATES TRACE AMOUNT.




$$
