000
CDUS41 KGYX 150802
CLICON


CLIMATE REPORT
NATIONAL WEATHER SERVICE GRAY ME
401 AM EDT SUN SEP 15 2019


...................................

...THE CONCORD NH CLIMATE SUMMARY FOR SEPTEMBER 14 2019...

CLIMATE NORMAL PERIOD 1981 TO 2010
CLIMATE RECORD PERIOD 1868 TO 2019


WEATHER ITEM   OBSERVED TIME   RECORD YEAR NORMAL DEPARTURE LAST
                VALUE   (LST)  VALUE       VALUE  FROM      YEAR
                                                  NORMAL
..................................................................
TEMPERATURE (F)
 YESTERDAY
  MAXIMUM         64    855 PM  91    1931  73     -9       79
  MINIMUM         42    212 AM  29    1911  48     -6       60
  AVERAGE         53                        61     -8       70

PRECIPITATION (IN)
  YESTERDAY        T             2.98 1944   0.11  -0.11     0.00
  MONTH TO DATE    0.75                      1.45  -0.70     2.30
  SINCE SEP 1      0.75                      1.45  -0.70     2.30
  SINCE JAN 1     30.69                     27.72   2.97    35.57

SNOWFALL (IN)
  YESTERDAY        0.0           0.0  2002   0.0    0.0      0.0
                                      2001
                                      2000
  MONTH TO DATE    0.0                       0.0    0.0      0.0
  SINCE SEP 1      0.0                       0.0    0.0      0.0
  SINCE JUL 1      0.0                       0.0    0.0      0.0
  SNOW DEPTH       0

DEGREE DAYS
 HEATING
  YESTERDAY       12                         5      7        0
  MONTH TO DATE   74                        52     22       29
  SINCE SEP 1     74                        52     22       29
  SINCE JUL 1     94                       100     -6       33

 COOLING
  YESTERDAY        0                         1     -1        5
  MONTH TO DATE   13                        27    -14       72
  SINCE SEP 1     13                        27    -14       72
  SINCE JAN 1    477                       440     37      690
..................................................................


WIND (MPH)
  RESULTANT WIND SPEED   4   RESULTANT WIND DIRECTION   S (170)
  HIGHEST WIND SPEED    12   HIGHEST WIND DIRECTION     S (170)
  HIGHEST GUST SPEED    15   HIGHEST GUST DIRECTION     S (170)
  AVERAGE WIND SPEED     4.6


SKY COVER
  AVERAGE SKY COVER 0.8


WEATHER CONDITIONS
 THE FOLLOWING WEATHER WAS RECORDED YESTERDAY.
  LIGHT RAIN
  FOG
  FOG W/VISIBILITY <= 1/4 MILE


RELATIVE HUMIDITY (PERCENT)
 HIGHEST    93           400 AM
 LOWEST     77           900 AM
 AVERAGE    85

..........................................................


THE CONCORD NH CLIMATE NORMALS FOR TODAY
                         NORMAL    RECORD    YEAR
 MAXIMUM TEMPERATURE (F)   73        93      1939
 MINIMUM TEMPERATURE (F)   48        27      1975
                                             1895


SUNRISE AND SUNSET
SEPTEMBER 15 2019.....SUNRISE   625 AM EDT   SUNSET   656 PM EDT
SEPTEMBER 16 2019.....SUNRISE   626 AM EDT   SUNSET   655 PM EDT


-  INDICATES NEGATIVE NUMBERS.
R  INDICATES RECORD WAS SET OR TIED.
MM INDICATES DATA IS MISSING.
T  INDICATES TRACE AMOUNT.




$$
