000
CDUS41 KGYX 030805
CLICON


CLIMATE REPORT
NATIONAL WEATHER SERVICE GRAY ME
404 AM EDT WED JUN 3 2020


...................................

...THE CONCORD NH CLIMATE SUMMARY FOR JUNE 2 2020...

CLIMATE NORMAL PERIOD 1981 TO 2010
CLIMATE RECORD PERIOD 1868 TO 2020


WEATHER ITEM   OBSERVED TIME   RECORD YEAR NORMAL DEPARTURE LAST
                VALUE   (LST)  VALUE       VALUE  FROM      YEAR
                                                  NORMAL
..................................................................
TEMPERATURE (F)
 YESTERDAY
  MAXIMUM         69    207 PM  95    1934  74     -5       70
  MINIMUM         36    446 AM  33    1993  48    -12       52
                                      1971
  AVERAGE         53                        61     -8       61

PRECIPITATION (IN)
  YESTERDAY        T             2.37 1982   0.14  -0.14     0.52
  MONTH TO DATE    T                         0.27  -0.27     0.52
  SINCE JUN 1      T                         0.27  -0.27     0.52
  SINCE JAN 1     12.83                     15.93  -3.10    17.84

SNOWFALL (IN)
  YESTERDAY        0.0           0.0  2002   0.0    0.0      0.0
                                      2001
                                      2000
  MONTH TO DATE    0.0                       0.0    0.0      0.0
  SINCE JUN 1      0.0                       0.0    0.0      0.0
  SINCE JUL 1     46.5                      61.4  -14.9     52.8
  SNOW DEPTH       0

DEGREE DAYS
 HEATING
  YESTERDAY       12                         5      7        4
  MONTH TO DATE   28                        11     17       10
  SINCE JUN 1     28                        11     17       10
  SINCE JUL 1   6799                      7161   -362     7157

 COOLING
  YESTERDAY        0                         1     -1        0
  MONTH TO DATE    0                         2     -2        0
  SINCE JUN 1      0                         2     -2        0
  SINCE JAN 1     42                        20     22       14
..................................................................


WIND (MPH)
  RESULTANT WIND SPEED   2   RESULTANT WIND DIRECTION   W (250)
  HIGHEST WIND SPEED    14   HIGHEST WIND DIRECTION     W (260)
  HIGHEST GUST SPEED    18   HIGHEST GUST DIRECTION     W (260)
  AVERAGE WIND SPEED     3.3


SKY COVER
  AVERAGE SKY COVER 0.5


WEATHER CONDITIONS
 THE FOLLOWING WEATHER WAS RECORDED YESTERDAY.
  NO SIGNIFICANT WEATHER WAS OBSERVED.


RELATIVE HUMIDITY (PERCENT)
 HIGHEST   100           200 AM
 LOWEST     39          1000 AM
 AVERAGE    70

..........................................................


THE CONCORD NH CLIMATE NORMALS FOR TODAY
                         NORMAL    RECORD    YEAR
 MAXIMUM TEMPERATURE (F)   74       100      1919
 MINIMUM TEMPERATURE (F)   49        32      1915


SUNRISE AND SUNSET
JUNE  3 2020..........SUNRISE   508 AM EDT   SUNSET   821 PM EDT
JUNE  4 2020..........SUNRISE   507 AM EDT   SUNSET   822 PM EDT


-  INDICATES NEGATIVE NUMBERS.
R  INDICATES RECORD WAS SET OR TIED.
MM INDICATES DATA IS MISSING.
T  INDICATES TRACE AMOUNT.




$$
