339
CDUS41 KGYX 170817
CLICON


CLIMATE REPORT
NATIONAL WEATHER SERVICE GRAY ME
416 AM EDT WED JUL 17 2019


...................................

...THE CONCORD NH CLIMATE SUMMARY FOR JULY 16 2019...

CLIMATE NORMAL PERIOD 1981 TO 2010
CLIMATE RECORD PERIOD 1868 TO 2019


WEATHER ITEM   OBSERVED TIME   RECORD YEAR NORMAL DEPARTURE LAST
                VALUE   (LST)  VALUE       VALUE  FROM      YEAR
                                                  NORMAL
..................................................................
TEMPERATURE (F)
 YESTERDAY
  MAXIMUM         MM        MM  97    1901  83     MM       90
  MINIMUM         MM        MM  38    1946  58     MM       68
  AVERAGE         MM                        70     MM       79

PRECIPITATION (IN)
  YESTERDAY        0.00          1.65 1923   0.13  -0.13     0.02
  MONTH TO DATE    0.00                      1.87  -1.87     0.15
  SINCE JUN 1      4.07                      5.56  -1.49     3.21
  SINCE JAN 1     21.39                     21.22   0.17    17.88

SNOWFALL (IN)
  YESTERDAY        0.0           0.0  2002   0.0    0.0      0.0
                                      2001
                                      2000
  MONTH TO DATE    0.0                       0.0    0.0      0.0
  SINCE JUN 1      0.0                       0.0    0.0      0.0
  SINCE JUL 1      0.0                       0.0    0.0      0.0
  SNOW DEPTH       0

DEGREE DAYS
 HEATING
  YESTERDAY       MM                         0     MM        0
  MONTH TO DATE   MM                        13     MM        1
  SINCE JUN 1     71                        98    -27       71
  SINCE JUL 1     MM                        13     MM        1

 COOLING
  YESTERDAY       MM                         6     MM       14
  MONTH TO DATE   MM                        86     MM      143
  SINCE JUN 1     52                       170   -118      212
  SINCE JAN 1     66                       188   -122      249
..................................................................


WIND (MPH)
  RESULTANT WIND SPEED  MM   RESULTANT WIND DIRECTION  MM
  HIGHEST WIND SPEED    MM   HIGHEST WIND DIRECTION    MM
  HIGHEST GUST SPEED    MM   HIGHEST GUST DIRECTION    MM
  AVERAGE WIND SPEED    MM


SKY COVER
  AVERAGE SKY COVER 0.0


WEATHER CONDITIONS
 THE FOLLOWING WEATHER WAS RECORDED YESTERDAY.
  NO SIGNIFICANT WEATHER WAS OBSERVED.


RELATIVE HUMIDITY (PERCENT)
 HIGHEST    MM
 LOWEST     MM
 AVERAGE    MM

..........................................................


THE CONCORD NH CLIMATE NORMALS FOR TODAY
                         NORMAL    RECORD    YEAR
 MAXIMUM TEMPERATURE (F)   83        97      1999
 MINIMUM TEMPERATURE (F)   58        41      1902


SUNRISE AND SUNSET
JULY 17 2019..........SUNRISE   521 AM EDT   SUNSET   822 PM EDT
JULY 18 2019..........SUNRISE   522 AM EDT   SUNSET   822 PM EDT


-  INDICATES NEGATIVE NUMBERS.
R  INDICATES RECORD WAS SET OR TIED.
MM INDICATES DATA IS MISSING.
T  INDICATES TRACE AMOUNT.




$$
