000
CDUS45 KPUB 222321
CLICOS


CLIMATE REPORT
NATIONAL WEATHER SERVICE PUEBLO
521 PM MDT MON APR 22 2019


...................................

...THE COLORADO SPRINGS CO CLIMATE SUMMARY FOR APRIL 22 2019...
VALID TODAY AS OF 0500 PM LOCAL TIME.

CLIMATE NORMAL PERIOD 1981 TO 2010
CLIMATE RECORD PERIOD 1872 TO 2019


WEATHER ITEM   OBSERVED TIME   RECORD YEAR NORMAL DEPARTURE LAST
                VALUE   (LST)  VALUE       VALUE  FROM      YEAR
                                                  NORMAL
..................................................................
TEMPERATURE (F)
 TODAY
  MAXIMUM         50    951 AM  83    1989  62    -12       66
  MINIMUM         43    222 AM  21    1982  35      8       31
  AVERAGE         47                        48     -1       49

PRECIPITATION (IN)
  TODAY            T             0.89 1999   0.06  -0.06     0.00
  MONTH TO DATE    0.62                      0.95  -0.33     1.02
  SINCE MAR 1      1.84                      1.95  -0.11     1.62
  SINCE JAN 1      2.40                      2.61  -0.21     2.18

SNOWFALL (IN)
  TODAY            0.0           1.8  1909   0.2   -0.2      0.0
  MONTH TO DATE    2.1                       3.9   -1.8      4.9
  SINCE MAR 1      9.5                      12.0   -2.5      8.0
  SINCE JUL 1     27.8                      36.0   -8.2     21.2
  SNOW DEPTH       0

DEGREE DAYS
 HEATING
  TODAY           18                        17      1       16
  MONTH TO DATE  355                       432    -77      439
  SINCE MAR 1   1216                      1237    -21     1122
  SINCE JUL 1   5582                      5800   -218     5106

 COOLING
  TODAY            0                         0      0        0
  MONTH TO DATE    0                         0      0        0
  SINCE MAR 1      0                         0      0        0
  SINCE JAN 1      0                         0      0        0
..................................................................


WIND (MPH)
  HIGHEST WIND SPEED    16   HIGHEST WIND DIRECTION     N (360)
  HIGHEST GUST SPEED    23   HIGHEST GUST DIRECTION    NW (330)
  AVERAGE WIND SPEED     8.1


SKY COVER
  POSSIBLE SUNSHINE  MM
  AVERAGE SKY COVER 0.8


WEATHER CONDITIONS
 THE FOLLOWING WEATHER WAS RECORDED TODAY.
  LIGHT RAIN


RELATIVE HUMIDITY (PERCENT)
 HIGHEST    76           200 AM
 LOWEST     61           900 AM
 AVERAGE    69

..........................................................


THE COLORADO SPRINGS CO CLIMATE NORMALS FOR TOMORROW
                         NORMAL    RECORD    YEAR
 MAXIMUM TEMPERATURE (F)   62        81      2006
                                             1989
 MINIMUM TEMPERATURE (F)   35        20      2013
                                             1995
                                             1909


SUNRISE AND SUNSET
APRIL 22 2019.........SUNRISE   613 AM MDT   SUNSET   742 PM MDT
APRIL 23 2019.........SUNRISE   612 AM MDT   SUNSET   743 PM MDT


-  INDICATES NEGATIVE NUMBERS.
R  INDICATES RECORD WAS SET OR TIED.
MM INDICATES DATA IS MISSING.
T  INDICATES TRACE AMOUNT.




$$
