000
CDUS45 KPUB 151006
CLICOS


CLIMATE REPORT
NATIONAL WEATHER SERVICE PUEBLO
405 AM MDT SUN SEP 15 2019


...................................

...THE COLORADO SPRINGS CO CLIMATE SUMMARY FOR SEPTEMBER 14 2019...

CLIMATE NORMAL PERIOD 1981 TO 2010
CLIMATE RECORD PERIOD 1872 TO 2019


WEATHER ITEM   OBSERVED TIME   RECORD YEAR NORMAL DEPARTURE LAST
                VALUE   (LST)  VALUE       VALUE  FROM      YEAR
                                                  NORMAL
..................................................................
TEMPERATURE (F)
 YESTERDAY
  MAXIMUM         88    256 PM  90    2018  75     13       90
  MINIMUM         54    527 AM  28    1993  48      6       60
  AVERAGE         71                        62      9       75

PRECIPITATION (IN)
  YESTERDAY        0.00          4.50 2011   0.04  -0.04     0.00
  MONTH TO DATE    0.31                      0.71  -0.40     0.51
  SINCE SEP 1      0.31                      0.71  -0.40     0.51
  SINCE JAN 1      9.70                     14.50  -4.80    13.35

SNOWFALL (IN)
  YESTERDAY        0.0           1.0  1912   0.0    0.0      0.0
  MONTH TO DATE    0.0                       0.0    0.0      0.0
  SINCE SEP 1      0.0                       0.0    0.0      0.0
  SINCE JUL 1      T                         0.0    0.0       T
  SNOW DEPTH       0

DEGREE DAYS
 HEATING
  YESTERDAY        0                         5     -5        0
  MONTH TO DATE    3                        42    -39        5
  SINCE SEP 1      3                        42    -39        5
  SINCE JUL 1      3                        73    -70       13

 COOLING
  YESTERDAY        6                         1      5       10
  MONTH TO DATE   96                        27     69       57
  SINCE SEP 1     96                        27     69       57
  SINCE JAN 1    679                       445    234      668
..................................................................


WIND (MPH)
  HIGHEST WIND SPEED    17   HIGHEST WIND DIRECTION    SE (140)
  HIGHEST GUST SPEED    23   HIGHEST GUST DIRECTION    SE (140)
  AVERAGE WIND SPEED     7.7


SKY COVER
  POSSIBLE SUNSHINE  MM
  AVERAGE SKY COVER 0.2


WEATHER CONDITIONS
 THE FOLLOWING WEATHER WAS RECORDED YESTERDAY.
  HAZE


RELATIVE HUMIDITY (PERCENT)
 HIGHEST    52          1100 PM
 LOWEST      7           300 PM
 AVERAGE    30

..........................................................


THE COLORADO SPRINGS CO CLIMATE NORMALS FOR TODAY
                         NORMAL    RECORD    YEAR
 MAXIMUM TEMPERATURE (F)   75        92      1990
 MINIMUM TEMPERATURE (F)   48        29      1916


SUNRISE AND SUNSET
SEPTEMBER 15 2019.....SUNRISE   640 AM MDT   SUNSET   707 PM MDT
SEPTEMBER 16 2019.....SUNRISE   641 AM MDT   SUNSET   706 PM MDT


-  INDICATES NEGATIVE NUMBERS.
R  INDICATES RECORD WAS SET OR TIED.
MM INDICATES DATA IS MISSING.
T  INDICATES TRACE AMOUNT.




$$
