582
CDUS45 KPUB 171037
CLICOS


CLIMATE REPORT
NATIONAL WEATHER SERVICE PUEBLO
436 AM MDT WED JUL 17 2019


...................................

...THE COLORADO SPRINGS CO CLIMATE SUMMARY FOR JULY 16 2019...

CLIMATE NORMAL PERIOD 1981 TO 2010
CLIMATE RECORD PERIOD 1872 TO 2019


WEATHER ITEM   OBSERVED TIME   RECORD YEAR NORMAL DEPARTURE LAST
                VALUE   (LST)  VALUE       VALUE  FROM      YEAR
                                                  NORMAL
..................................................................
TEMPERATURE (F)
 YESTERDAY
  MAXIMUM         92   1241 PM  96    2016  85      7       80
                                      1963
  MINIMUM         55    506 AM  47    1907  57     -2       59
  AVERAGE         74                        71      3       70

PRECIPITATION (IN)
  YESTERDAY        0.02          1.59 1921   0.09  -0.07     0.00
  MONTH TO DATE    0.62                      1.25  -0.63     1.92
  SINCE JUN 1      2.59                      3.75  -1.16     3.35
  SINCE JAN 1      7.90                      8.86  -0.96     7.05

SNOWFALL (IN)
  YESTERDAY        0.0           0.0  2014   0.0    0.0      0.0
  MONTH TO DATE    T                         0.0    0.0       T
  SINCE JUN 1      T                         0.0    0.0       T
  SINCE JUL 1      T                         0.0    0.0       T
  SNOW DEPTH       0

DEGREE DAYS
 HEATING
  YESTERDAY        0                         0      0        0
  MONTH TO DATE    0                         3     -3        0
  SINCE JUN 1     77                        82     -5       10
  SINCE JUL 1      0                         3     -3        0

 COOLING
  YESTERDAY        9                         7      2        5
  MONTH TO DATE  110                        95     15      135
  SINCE JUN 1    175                       178     -3      332
  SINCE JAN 1    176                       188    -12      362
..................................................................


WIND (MPH)
  HIGHEST WIND SPEED    37   HIGHEST WIND DIRECTION    NW (320)
  HIGHEST GUST SPEED    60   HIGHEST GUST DIRECTION    NW (310)
  AVERAGE WIND SPEED     7.8


SKY COVER
  POSSIBLE SUNSHINE  MM
  AVERAGE SKY COVER 0.5


WEATHER CONDITIONS
 THE FOLLOWING WEATHER WAS RECORDED YESTERDAY.
  THUNDERSTORM
  RAIN
  LIGHT RAIN


RELATIVE HUMIDITY (PERCENT)
 HIGHEST    77           500 AM
 LOWEST     16          1100 AM
 AVERAGE    47

..........................................................


THE COLORADO SPRINGS CO CLIMATE NORMALS FOR TODAY
                         NORMAL    RECORD    YEAR
 MAXIMUM TEMPERATURE (F)   85        96      2010
                                             2003
 MINIMUM TEMPERATURE (F)   57        48      1900


SUNRISE AND SUNSET
JULY 17 2019..........SUNRISE   547 AM MDT   SUNSET   822 PM MDT
JULY 18 2019..........SUNRISE   548 AM MDT   SUNSET   822 PM MDT


-  INDICATES NEGATIVE NUMBERS.
R  INDICATES RECORD WAS SET OR TIED.
MM INDICATES DATA IS MISSING.
T  INDICATES TRACE AMOUNT.




$$
