000
CDUS45 KPUB 030748
CLICOS

CLIMATE REPORT
NATIONAL WEATHER SERVICE
148 AM MDT WED JUN 03 2020

...................................

...THE COLORADO SPRINGS CO CLIMATE SUMMARY FOR JUNE 2 2020...

CLIMATE NORMAL PERIOD: 1981 TO 2010
CLIMATE RECORD PERIOD: 1872 TO 2020


WEATHER ITEM   OBSERVED TIME   RECORD YEAR NORMAL DEPARTURE LAST
                VALUE   (LST)  VALUE       VALUE  FROM      YEAR
                                                  NORMAL
...................................................................
TEMPERATURE (F)
 YESTERDAY
  MAXIMUM         85   3:27 PM  92    2002  74     11       77
  MINIMUM         60  11:59 PM  30    1917  48     12       47
                                      1919
  AVERAGE         73                        61     12       62

PRECIPITATION (IN)
  YESTERDAY        0.05          2.51 1994   0.10  -0.05      T
  MONTH TO DATE    0.06                      0.19  -0.13      T
  SINCE JAN 1      3.77                      5.30  -1.53     5.31

SNOWFALL (IN)
  YESTERDAY        0.0           1.5  1921   0.0    0.0      0.0
                                      1951
  MONTH TO DATE    0.0                       0.0    0.0      0.0
  SINCE JUL 1     56.4                      37.7   18.7     36.2
  SNOW DEPTH       0

DEGREE DAYS
 HEATING
  YESTERDAY        0                         5     -5        3
  MONTH TO DATE    0                        10    -10        5
  SINCE JUL 1   5808                      6223   -415     6101

 COOLING
  YESTERDAY        8                         1      7        0
  MONTH TO DATE   15                         2     13        0
  SINCE JAN 1     46                        12     34        1
...................................................................


WIND (MPH)
  HIGHEST WIND SPEED    20   HIGHEST WIND DIRECTION    NE (40)
  HIGHEST GUST SPEED    24   HIGHEST GUST DIRECTION    NE (40)
  AVERAGE WIND SPEED     7.8


SKY COVER
  POSSIBLE SUNSHINE  MM
  AVERAGE SKY COVER 0.7


WEATHER CONDITIONS
THE FOLLOWING WEATHER WAS RECORDED YESTERDAY.
  THUNDERSTORM
  LIGHT RAIN


RELATIVE HUMIDITY (PERCENT)
 HIGHEST    58           8:00 AM
 LOWEST     20           4:00 PM
 AVERAGE    39

..........................................................


THE COLORADO SPRINGS CO CLIMATE NORMALS FOR TODAY
                         NORMAL    RECORD    YEAR
 MAXIMUM TEMPERATURE (F)   75        91      2006
 MINIMUM TEMPERATURE (F)   48        31      1919


SUNRISE AND SUNSET
JUNE  3 2020..........SUNRISE   5:35 AM MDT   SUNSET   8:20 PM MDT
JUNE  4 2020..........SUNRISE   5:34 AM MDT   SUNSET   8:20 PM MDT


-  INDICATES NEGATIVE NUMBERS.
R  INDICATES RECORD WAS SET OR TIED.
MM INDICATES DATA IS MISSING.
T  INDICATES TRACE AMOUNT.




$$
