405
CDUS45 KPUB 220022
CLICOS


CLIMATE REPORT
NATIONAL WEATHER SERVICE PUEBLO
622 PM MDT MON MAY 21 2018


...................................

...THE COLORADO SPRINGS CO CLIMATE SUMMARY FOR MAY 21 2018...
VALID TODAY AS OF 0500 PM LOCAL TIME.

CLIMATE NORMAL PERIOD 1981 TO 2010
CLIMATE RECORD PERIOD 1872 TO 2018


WEATHER ITEM   OBSERVED TIME   RECORD YEAR NORMAL DEPARTURE LAST
                VALUE   (LST)  VALUE       VALUE  FROM      YEAR
                                                  NORMAL
..................................................................
TEMPERATURE (F)
 TODAY
  MAXIMUM         81    202 PM  90    2005  71     10       66
  MINIMUM         45    456 AM  29    1931  44      1       45
  AVERAGE         63                        57      6       56

PRECIPITATION (IN)
  TODAY            0.00          0.99 1985   0.07  -0.07      T
  MONTH TO DATE    0.35                      1.26  -0.91     2.33
  SINCE MAR 1      2.03                      3.68  -1.65     4.91
  SINCE JAN 1      2.59                      4.34  -1.75     5.30

SNOWFALL (IN)
  TODAY            0.0           T    1951   0.0    0.0      0.0
  MONTH TO DATE    T                         0.7   -0.7      0.1
  SINCE MAR 1      8.4                      13.7   -5.3     11.8
  SINCE JUL 1     21.6                      37.7  -16.1     25.2
  SNOW DEPTH       0

DEGREE DAYS
 HEATING
  TODAY            2                         8     -6        9
  MONTH TO DATE  108                       225   -117      210
  SINCE MAR 1   1334                      1584   -250     1251
  SINCE JUL 1   5318                      6147   -829     5004

 COOLING
  TODAY            0                         0      0        0
  MONTH TO DATE    6                         0      6        0
  SINCE MAR 1      6                         1      5        0
  SINCE JAN 1      6                         1      5        0
..................................................................


WIND (MPH)
  HIGHEST WIND SPEED    41   HIGHEST WIND DIRECTION     S (170)
  HIGHEST GUST SPEED    51   HIGHEST GUST DIRECTION     S (170)
  AVERAGE WIND SPEED    10.0


SKY COVER
  POSSIBLE SUNSHINE  MM
  AVERAGE SKY COVER 0.7


WEATHER CONDITIONS
 THE FOLLOWING WEATHER WAS RECORDED TODAY.
  NO SIGNIFICANT WEATHER WAS OBSERVED.


RELATIVE HUMIDITY (PERCENT)
 HIGHEST    83           500 AM
 LOWEST     13           100 PM
 AVERAGE    48

..........................................................


THE COLORADO SPRINGS CO CLIMATE NORMALS FOR TOMORROW
                         NORMAL    RECORD    YEAR
 MAXIMUM TEMPERATURE (F)   71        90      2012
 MINIMUM TEMPERATURE (F)   45        31      1931


SUNRISE AND SUNSET
MAY 21 2018...........SUNRISE   542 AM MDT   SUNSET   810 PM MDT
MAY 22 2018...........SUNRISE   541 AM MDT   SUNSET   811 PM MDT


-  INDICATES NEGATIVE NUMBERS.
R  INDICATES RECORD WAS SET OR TIED.
MM INDICATES DATA IS MISSING.
T  INDICATES TRACE AMOUNT.




$$
