000
CDUS43 KDLH 170624
CLIDLH


CLIMATE REPORT
NATIONAL WEATHER SERVICE DULUTH MN
123 AM CDT WED JUL 17 2019


...................................

...THE DULUTH MN CLIMATE SUMMARY FOR JULY 16 2019...

CLIMATE NORMAL PERIOD 1981 TO 2010
CLIMATE RECORD PERIOD 1870 TO 2019


WEATHER ITEM   OBSERVED TIME   RECORD YEAR NORMAL DEPARTURE LAST
                VALUE   (LST)  VALUE       VALUE  FROM      YEAR
                                                  NORMAL
..................................................................
TEMPERATURE (F)
 YESTERDAY
  MAXIMUM         86    142 PM  97    1936  77      9       78
  MINIMUM         65   1148 PM  44    1958  56      9       55
  AVERAGE         76                        66     10       67

PRECIPITATION (IN)
  YESTERDAY        0.00          2.92 1927   0.12  -0.12     0.00
  MONTH TO DATE    0.54                      2.16  -1.62     3.11
  SINCE JUN 1      4.64                      6.39  -1.75     7.75
  SINCE JAN 1     14.57                     15.31  -0.74    14.15

SNOWFALL (IN)
  YESTERDAY        0.0           0.0  2002   0.0    0.0      0.0
                                      2001
  MONTH TO DATE    0.0                       0.0    0.0      0.0
  SINCE JUN 1      0.0                       0.0    0.0       T
  SINCE JUL 1      0.0                       0.0    0.0      0.0
  SNOW DEPTH       0

DEGREE DAYS
 HEATING
  YESTERDAY        0                         2     -2        0
  MONTH TO DATE    1                        38    -37        1
  SINCE JUN 1    127                       217    -90      126
  SINCE JUL 1      1                        38    -37        1

 COOLING
  YESTERDAY       11                         3      8        2
  MONTH TO DATE  115                        45     70      106
  SINCE JUN 1    151                        75     76      142
  SINCE JAN 1    151                        79     72      186
..................................................................


WIND (MPH)
  HIGHEST WIND SPEED    10   HIGHEST WIND DIRECTION     N (360)
  HIGHEST GUST SPEED    14   HIGHEST GUST DIRECTION    NW (310)
  AVERAGE WIND SPEED     4.6


SKY COVER
  AVERAGE SKY COVER 0.2


WEATHER CONDITIONS
 THE FOLLOWING WEATHER WAS RECORDED YESTERDAY.
  NO SIGNIFICANT WEATHER WAS OBSERVED.


RELATIVE HUMIDITY (PERCENT)
 HIGHEST    84          1200 AM
 LOWEST     40           500 PM
 AVERAGE    62

..........................................................


THE DULUTH MN CLIMATE NORMALS FOR TODAY
                         NORMAL    RECORD    YEAR
 MAXIMUM TEMPERATURE (F)   77        94      1964
 MINIMUM TEMPERATURE (F)   56        40      1971


SUNRISE AND SUNSET
JULY 17 2019..........SUNRISE   531 AM CDT   SUNSET   858 PM CDT
JULY 18 2019..........SUNRISE   532 AM CDT   SUNSET   857 PM CDT


-  INDICATES NEGATIVE NUMBERS.
R  INDICATES RECORD WAS SET OR TIED.
MM INDICATES DATA IS MISSING.
T  INDICATES TRACE AMOUNT.




$$
