000
CDUS43 KDLH 250628
CLIDLH


CLIMATE REPORT
NATIONAL WEATHER SERVICE DULUTH MN
128 AM CDT MON MAY 25 2020


...................................

...THE DULUTH MN CLIMATE SUMMARY FOR MAY 24 2020...

CLIMATE NORMAL PERIOD 1981 TO 2010
CLIMATE RECORD PERIOD 1870 TO 2020


WEATHER ITEM   OBSERVED TIME   RECORD YEAR NORMAL DEPARTURE LAST
                VALUE   (LST)  VALUE       VALUE  FROM      YEAR
                                                  NORMAL
..................................................................
TEMPERATURE (F)
 YESTERDAY
  MAXIMUM         74    332 PM  84    2014  65      9       50
                                      1875
  MINIMUM         53    449 AM  31    1949  43     10       44
  AVERAGE         64                        54     10       47

PRECIPITATION (IN)
  YESTERDAY        T             1.81 1989   0.10  -0.10     0.07
  MONTH TO DATE    0.54                      2.46  -1.92     3.87
  SINCE MAR 1      3.58                      6.38  -2.80     7.25
  SINCE JAN 1      5.13                      8.15  -3.02     9.93

SNOWFALL (IN)
  YESTERDAY        0.0           T    2002   0.0    0.0      0.0
                                      1949
  MONTH TO DATE    0.0                       0.4   -0.4     13.3
  SINCE MAR 1     12.8                      20.5   -7.7     26.5
  SINCE JUL 1     92.2                      86.1    6.1    106.8
  SNOW DEPTH       0

DEGREE DAYS
 HEATING
  YESTERDAY        1                        11    -10       18
  MONTH TO DATE  375                       353     22      423
  SINCE MAR 1   2297                      2325    -28     2397
  SINCE JUL 1   8738                      9192   -454     9267

 COOLING
  YESTERDAY        0                         0      0        0
  MONTH TO DATE    0                         0      0        0
  SINCE MAR 1      0                         0      0        0
  SINCE JAN 1      0                         0      0        0
..................................................................


WIND (MPH)
  HIGHEST WIND SPEED    15   HIGHEST WIND DIRECTION     E (110)
  HIGHEST GUST SPEED    21   HIGHEST GUST DIRECTION     E (100)
  AVERAGE WIND SPEED     7.2


SKY COVER
  AVERAGE SKY COVER 0.5


WEATHER CONDITIONS
 THE FOLLOWING WEATHER WAS RECORDED YESTERDAY.
  LIGHT RAIN
  FOG


RELATIVE HUMIDITY (PERCENT)
 HIGHEST    93           300 AM
 LOWEST     53           400 PM
 AVERAGE    73

..........................................................


THE DULUTH MN CLIMATE NORMALS FOR TODAY
                         NORMAL    RECORD    YEAR
 MAXIMUM TEMPERATURE (F)   65        89      2018
 MINIMUM TEMPERATURE (F)   43        30      1992
                                             1988


SUNRISE AND SUNSET
MAY 25 2020...........SUNRISE   523 AM CDT   SUNSET   849 PM CDT
MAY 26 2020...........SUNRISE   522 AM CDT   SUNSET   850 PM CDT


-  INDICATES NEGATIVE NUMBERS.
R  INDICATES RECORD WAS SET OR TIED.
MM INDICATES DATA IS MISSING.
T  INDICATES TRACE AMOUNT.




$$
