000
CDUS43 KDLH 150630
CLIDLH


CLIMATE REPORT
NATIONAL WEATHER SERVICE DULUTH MN
129 AM CDT SUN SEP 15 2019


...................................

...THE DULUTH MN CLIMATE SUMMARY FOR SEPTEMBER 14 2019...

CLIMATE NORMAL PERIOD 1981 TO 2010
CLIMATE RECORD PERIOD 1870 TO 2019


WEATHER ITEM   OBSERVED TIME   RECORD YEAR NORMAL DEPARTURE LAST
                VALUE   (LST)  VALUE       VALUE  FROM      YEAR
                                                  NORMAL
..................................................................
TEMPERATURE (F)
 YESTERDAY
  MAXIMUM         69    246 PM  84    1920  66      3       80
  MINIMUM         46    615 AM  30    1964  47     -1       69
  AVERAGE         58                        56      2       75

PRECIPITATION (IN)
  YESTERDAY        0.00          3.30 1941   0.14  -0.14      T
  MONTH TO DATE    3.58                      1.95   1.63     0.40
  SINCE SEP 1      3.58                      1.95   1.63     0.40
  SINCE JAN 1     22.75                     22.65   0.10    18.58

SNOWFALL (IN)
  YESTERDAY        0.0           T    2011   0.0    0.0      0.0
                                      1984
  MONTH TO DATE    0.0                       0.0    0.0      0.0
  SINCE SEP 1      0.0                       0.0    0.0      0.0
  SINCE JUL 1      T                         0.0    0.0       T
  SNOW DEPTH       0

DEGREE DAYS
 HEATING
  YESTERDAY        7                         9     -2        0
  MONTH TO DATE   90                        97     -7       30
  SINCE SEP 1     90                        97     -7       30
  SINCE JUL 1    138                       246   -108       71

 COOLING
  YESTERDAY        0                         0      0       10
  MONTH TO DATE    2                        13    -11       41
  SINCE SEP 1      2                        13    -11       41
  SINCE JAN 1    324                       203    121      386
..................................................................


WIND (MPH)
  HIGHEST WIND SPEED    14   HIGHEST WIND DIRECTION    SE (120)
  HIGHEST GUST SPEED    18   HIGHEST GUST DIRECTION     W (270)
  AVERAGE WIND SPEED     7.8


SKY COVER
  AVERAGE SKY COVER 0.4


WEATHER CONDITIONS
 THE FOLLOWING WEATHER WAS RECORDED YESTERDAY.
  FOG


RELATIVE HUMIDITY (PERCENT)
 HIGHEST    93           500 AM
 LOWEST     52          1100 AM
 AVERAGE    73

..........................................................


THE DULUTH MN CLIMATE NORMALS FOR TODAY
                         NORMAL    RECORD    YEAR
 MAXIMUM TEMPERATURE (F)   65        89      1939
 MINIMUM TEMPERATURE (F)   46        27      1964


SUNRISE AND SUNSET
SEPTEMBER 15 2019.....SUNRISE   646 AM CDT   SUNSET   721 PM CDT
SEPTEMBER 16 2019.....SUNRISE   647 AM CDT   SUNSET   719 PM CDT


-  INDICATES NEGATIVE NUMBERS.
R  INDICATES RECORD WAS SET OR TIED.
MM INDICATES DATA IS MISSING.
T  INDICATES TRACE AMOUNT.




$$
