000
CDUS43 KMPX 260629
CLIEAU


CLIMATE REPORT
NATIONAL WEATHER SERVICE CHANHASSEN MN
128 AM CDT WED JUN 26 2019


...................................

...THE EAU CLAIRE WI CLIMATE SUMMARY FOR JUNE 25 2019...

CLIMATE NORMAL PERIOD 1981 TO 2010
CLIMATE RECORD PERIOD 1893 TO 2019


WEATHER ITEM   OBSERVED TIME   RECORD YEAR NORMAL DEPARTURE LAST
                VALUE   (LST)  VALUE       VALUE  FROM      YEAR
                                                  NORMAL
..................................................................
TEMPERATURE (F)
 YESTERDAY
  MAXIMUM         81    229 PM  95    1966  81      0       82
                                      1941
                                      1900
  MINIMUM         50    451 AM  42    1957  58     -8       63
  AVERAGE         66                        70     -4       73

PRECIPITATION (IN)
  YESTERDAY        0.00          1.96 1923   0.13  -0.13     0.00
  MONTH TO DATE    2.42                      3.45  -1.03     3.98
  SINCE JUN 1      2.42                      3.45  -1.03     3.98
  SINCE JAN 1     18.58                     13.09   5.49    12.00

SNOWFALL (IN)
  YESTERDAY        0.0           0.0    MM   0.0    0.0      0.0
  MONTH TO DATE    0.0                       0.0    0.0      0.0
  SINCE JUN 1      0.0                       0.0    0.0      0.0
  SINCE JUL 1     98.8                      46.8   52.0     64.4
  SNOW DEPTH       0

DEGREE DAYS
 HEATING
  YESTERDAY        0                         1     -1        0
  MONTH TO DATE   64                        57      7       14
  SINCE JUN 1     64                        57      7       14
  SINCE JUL 1   8688                      7954    734     8285

 COOLING
  YESTERDAY        1                         6     -5        8
  MONTH TO DATE   29                        90    -61      116
  SINCE JUN 1     29                        90    -61      116
  SINCE JAN 1     39                       122    -83      203
..................................................................


WIND (MPH)
  HIGHEST WIND SPEED    23   HIGHEST WIND DIRECTION     W (280)
  HIGHEST GUST SPEED    33   HIGHEST GUST DIRECTION    SW (240)
  AVERAGE WIND SPEED     9.5


SKY COVER
  POSSIBLE SUNSHINE  MM
  AVERAGE SKY COVER 0.1


WEATHER CONDITIONS
 THE FOLLOWING WEATHER WAS RECORDED YESTERDAY.
  FOG
  FOG W/VISIBILITY <= 1/4 MILE


RELATIVE HUMIDITY (PERCENT)
 HIGHEST    96           500 AM
 LOWEST     36           100 PM
 AVERAGE    66

..........................................................


THE EAU CLAIRE WI CLIMATE NORMALS FOR TODAY
                         NORMAL    RECORD    YEAR
 MAXIMUM TEMPERATURE (F)   82       101      1931
 MINIMUM TEMPERATURE (F)   59        43      2017
                                             1926


SUNRISE AND SUNSET
JUNE 26 2019..........SUNRISE   521 AM CDT   SUNSET   856 PM CDT
JUNE 27 2019..........SUNRISE   522 AM CDT   SUNSET   856 PM CDT


-  INDICATES NEGATIVE NUMBERS.
R  INDICATES RECORD WAS SET OR TIED.
MM INDICATES DATA IS MISSING.
T  INDICATES TRACE AMOUNT.




$$
