000
CDUS43 KMPX 230734
CLIEAU


CLIMATE REPORT
NATIONAL WEATHER SERVICE CHANHASSEN MN
234 AM CDT TUE APR 23 2019


...................................

...THE EAU CLAIRE WI CLIMATE SUMMARY FOR APRIL 22 2019...

CLIMATE NORMAL PERIOD 1981 TO 2010
CLIMATE RECORD PERIOD 1893 TO 2019


WEATHER ITEM   OBSERVED TIME   RECORD YEAR NORMAL DEPARTURE LAST
                VALUE   (LST)  VALUE       VALUE  FROM      YEAR
                                                  NORMAL
..................................................................
TEMPERATURE (F)
 YESTERDAY
  MAXIMUM         55    950 AM  90    1980  61     -6       65
  MINIMUM         41   1159 PM  19    1986  37      4       27
  AVERAGE         48                        49     -1       46

PRECIPITATION (IN)
  YESTERDAY        0.13          0.90 1925   0.09   0.04     0.00
  MONTH TO DATE    2.95                      1.90   1.05     1.59
  SINCE MAR 1      4.81                      3.63   1.18     2.52
  SINCE JAN 1      9.31                      5.33   3.98     4.98

SNOWFALL (IN)
  YESTERDAY        0.0           4.9  2002   0.1   -0.1      0.0
  MONTH TO DATE   11.4                       1.7    9.7     18.6
  SINCE MAR 1     21.6                      10.3   11.3     25.4
  SINCE JUL 1     98.8                      46.6   52.2     64.4
  SNOW DEPTH       0

DEGREE DAYS
 HEATING
  YESTERDAY       17                        16      1       19
  MONTH TO DATE  502                       462     40      773
  SINCE MAR 1   1747                      1506    241     1872
  SINCE JUL 1   8111                      7526    585     8034

 COOLING
  YESTERDAY        0                         0      0        0
  MONTH TO DATE    0                         0      0        0
  SINCE MAR 1      0                         0      0        0
  SINCE JAN 1      0                         0      0        0
..................................................................


WIND (MPH)
  HIGHEST WIND SPEED    21   HIGHEST WIND DIRECTION    NE (40)
  HIGHEST GUST SPEED    30   HIGHEST GUST DIRECTION    NE (50)
  AVERAGE WIND SPEED    11.5


SKY COVER
  POSSIBLE SUNSHINE  MM
  AVERAGE SKY COVER 0.9


WEATHER CONDITIONS
 THE FOLLOWING WEATHER WAS RECORDED YESTERDAY.
  RAIN
  LIGHT RAIN
  FOG


RELATIVE HUMIDITY (PERCENT)
 HIGHEST    93           400 PM
 LOWEST     54           900 AM
 AVERAGE    74

..........................................................


THE EAU CLAIRE WI CLIMATE NORMALS FOR TODAY
                         NORMAL    RECORD    YEAR
 MAXIMUM TEMPERATURE (F)   62        86      1960
 MINIMUM TEMPERATURE (F)   37        18      1893


SUNRISE AND SUNSET
APRIL 23 2019.........SUNRISE   608 AM CDT   SUNSET   801 PM CDT
APRIL 24 2019.........SUNRISE   607 AM CDT   SUNSET   802 PM CDT


-  INDICATES NEGATIVE NUMBERS.
R  INDICATES RECORD WAS SET OR TIED.
MM INDICATES DATA IS MISSING.
T  INDICATES TRACE AMOUNT.




$$
