000
CDUS46 KEKA 031222
CLIEKA


CLIMATE REPORT
NATIONAL WEATHER SERVICE EUREKA CA
522 AM PDT WED JUN 3 2020


...................................

...THE EUREKA CA CLIMATE SUMMARY FOR JUNE 2 2020...

CLIMATE NORMAL PERIOD 1981 TO 2010
CLIMATE RECORD PERIOD 1886 TO 2020


WEATHER ITEM   OBSERVED RECORD YEAR NORMAL DEPARTURE LAST
                VALUE   VALUE       VALUE  FROM      YEAR
                                           NORMAL
...........................................................
TEMPERATURE (F)
 YESTERDAY
  MAXIMUM         62     71    1979  61      1       57
  MINIMUM         49     42    1929  49      0       51
  AVERAGE         56                 55      1       54

PRECIPITATION (IN)
  YESTERDAY        0.00   0.90 2010   0.04  -0.04      T
  MONTH TO DATE    0.00               0.08  -0.08      T
  SINCE OCT 1     29.46              38.58  -9.12    41.75
  SINCE JAN 1     18.57              22.61  -4.04    31.01

SNOWFALL (IN)
  YESTERDAY        0.0    0.0  2002   0.0    0.0      0.0
                               2001
  MONTH TO DATE    0.0                0.0    0.0      0.0
  SINCE JUN 1      0.0                0.0    0.0      0.0
  SINCE JUL 1      0.0                0.2   -0.2      0.5
  SNOW DEPTH       0

DEGREE DAYS
 HEATING
  YESTERDAY        9                 10     -1       11
  MONTH TO DATE   18                 20     -2       21
  SINCE JUN 1     18                 20     -2       21
  SINCE JUL 1   3924               4188   -264     4186

 COOLING
  YESTERDAY        0                  0      0        0
  MONTH TO DATE    0                  0      0        0
  SINCE JUN 1      0                  0      0        0
  SINCE JAN 1      0                  0      0        0
...........................................................


WIND (MPH)
  HIGHEST WIND SPEED    12   HIGHEST WIND DIRECTION     N (360)
  HIGHEST GUST SPEED    14   HIGHEST GUST DIRECTION    MM
  AVERAGE WIND SPEED     4.4


SKY COVER
  AVERAGE SKY COVER 0.1


WEATHER CONDITIONS
 THE FOLLOWING WEATHER WAS RECORDED YESTERDAY.
  NO SIGNIFICANT WEATHER WAS OBSERVED.


..........................................................


THE EUREKA CA CLIMATE NORMALS FOR TODAY
                         NORMAL    RECORD    YEAR
 MAXIMUM TEMPERATURE (F)   62        75      1987
 MINIMUM TEMPERATURE (F)   49        41      1966


SUNRISE AND SUNSET
JUNE  3 2020..........SUNRISE   546 AM PDT   SUNSET   844 PM PDT
JUNE  4 2020..........SUNRISE   546 AM PDT   SUNSET   844 PM PDT


-  INDICATES NEGATIVE NUMBERS.
R  INDICATES RECORD WAS SET OR TIED.
MM INDICATES DATA IS MISSING.
T  INDICATES TRACE AMOUNT.




&&

..........................................................

TOTAL SEASON     NORMAL   % OF NORMAL     LAST SEASON

    29.46         38.58        76            41.75


$$
