351
CDUS46 KEKA 151219
CLIEKA


CLIMATE REPORT
NATIONAL WEATHER SERVICE EUREKA CA
518 AM PDT SUN SEP 15 2019


...................................

...THE EUREKA CA CLIMATE SUMMARY FOR SEPTEMBER 14 2019...

CLIMATE NORMAL PERIOD 1981 TO 2010
CLIMATE RECORD PERIOD 1886 TO 2019


WEATHER ITEM   OBSERVED RECORD YEAR NORMAL DEPARTURE LAST
                VALUE   VALUE       VALUE  FROM      YEAR
                                           NORMAL
...........................................................
TEMPERATURE (F)
 YESTERDAY
  MAXIMUM         68     78    1952  64      4       62
  MINIMUM         56     42    1889  51      5       47
  AVERAGE         62                 57      5       55

PRECIPITATION (IN)
  YESTERDAY        0.00   1.09 1935   0.01  -0.01     0.00
  MONTH TO DATE    0.06               0.22  -0.16      T
  SINCE OCT 1     41.99              39.96   2.03    36.80
  SINCE JAN 1     31.25              23.99   7.26    25.82

SNOWFALL (IN)
  YESTERDAY        0.0    0.0  2002   0.0    0.0      0.0
                               2001
  MONTH TO DATE    0.0                0.0    0.0      0.0
  SINCE SEP 1      0.0                0.0    0.0      0.0
  SINCE JUL 1      0.0                0.0    0.0      0.0
  SNOW DEPTH       0

DEGREE DAYS
 HEATING
  YESTERDAY        3                  8     -5       10
  MONTH TO DATE   32                102    -70      112
  SINCE SEP 1     32                102    -70      112
  SINCE JUL 1    257                528   -271      534

 COOLING
  YESTERDAY        0                  0      0        0
  MONTH TO DATE    0                  0      0        0
  SINCE SEP 1      0                  0      0        0
  SINCE JAN 1      9                  0      9        0
...........................................................


WIND (MPH)
  HIGHEST WIND SPEED     9   HIGHEST WIND DIRECTION     N (340)
  HIGHEST GUST SPEED    12   HIGHEST GUST DIRECTION    MM
  AVERAGE WIND SPEED     3.8


SKY COVER
  AVERAGE SKY COVER 0.5


WEATHER CONDITIONS
 THE FOLLOWING WEATHER WAS RECORDED YESTERDAY.
  FOG


..........................................................


THE EUREKA CA CLIMATE NORMALS FOR TODAY
                         NORMAL    RECORD    YEAR
 MAXIMUM TEMPERATURE (F)   64        74      1909
                                             1899
 MINIMUM TEMPERATURE (F)   51        39      1895


SUNRISE AND SUNSET
SEPTEMBER 15 2019.....SUNRISE   657 AM PDT   SUNSET   726 PM PDT
SEPTEMBER 16 2019.....SUNRISE   658 AM PDT   SUNSET   724 PM PDT


-  INDICATES NEGATIVE NUMBERS.
R  INDICATES RECORD WAS SET OR TIED.
MM INDICATES DATA IS MISSING.
T  INDICATES TRACE AMOUNT.




&&

..........................................................

TOTAL SEASON     NORMAL   % OF NORMAL     LAST SEASON

    41.99         39.96        105            36.80


$$
