000
CDUS46 KEKA 171219
CLIEKA


CLIMATE REPORT
NATIONAL WEATHER SERVICE EUREKA CA
518 AM PDT WED JUL 17 2019


...................................

...THE EUREKA CA CLIMATE SUMMARY FOR JULY 16 2019...

CLIMATE NORMAL PERIOD 1981 TO 2010
CLIMATE RECORD PERIOD 1886 TO 2019


WEATHER ITEM   OBSERVED RECORD YEAR NORMAL DEPARTURE LAST
                VALUE   VALUE       VALUE  FROM      YEAR
                                           NORMAL
...........................................................
TEMPERATURE (F)
 YESTERDAY
  MAXIMUM         67     73    1888  63      4       62
  MINIMUM         58     46    1887  52      6       54
  AVERAGE         63                 58      5       58

PRECIPITATION (IN)
  YESTERDAY        T      0.83 1991   0.00   0.00     0.00
  MONTH TO DATE    T                  0.11  -0.11      T
  SINCE OCT 1     41.75              39.36   2.39    36.72
  SINCE JAN 1     31.01              23.39   7.62    25.74

SNOWFALL (IN)
  YESTERDAY        0.0   MM      MM   0.0    0.0      0.0
  MONTH TO DATE    0.0                0.0    0.0      0.0
  SINCE JUN 1      0.0                0.0    0.0      0.0
  SINCE JUL 1      0.0                0.0    0.0      0.0
  SNOW DEPTH       0

DEGREE DAYS
 HEATING
  YESTERDAY        2                  7     -5        7
  MONTH TO DATE   61                123    -62      109
  SINCE JUN 1    329                389    -60      377
  SINCE JUL 1     61                123    -62      109

 COOLING
  YESTERDAY        0                  0      0        0
  MONTH TO DATE    0                  0      0        0
  SINCE JUN 1      7                  0      7        0
  SINCE JAN 1      7                  0      7        0
...........................................................


WIND (MPH)
  HIGHEST WIND SPEED    10   HIGHEST WIND DIRECTION     N (350)
  HIGHEST GUST SPEED    15   HIGHEST GUST DIRECTION     N (350)
  AVERAGE WIND SPEED     6.5


SKY COVER
  AVERAGE SKY COVER 0.9


WEATHER CONDITIONS
 THE FOLLOWING WEATHER WAS RECORDED YESTERDAY.
  LIGHT RAIN
  FOG


..........................................................


THE EUREKA CA CLIMATE NORMALS FOR TODAY
                         NORMAL    RECORD    YEAR
 MAXIMUM TEMPERATURE (F)   63        71      2004
                                             1989
 MINIMUM TEMPERATURE (F)   52        46      1955
                                             1895


SUNRISE AND SUNSET
JULY 17 2019..........SUNRISE   600 AM PDT   SUNSET   846 PM PDT
JULY 18 2019..........SUNRISE   600 AM PDT   SUNSET   845 PM PDT


-  INDICATES NEGATIVE NUMBERS.
R  INDICATES RECORD WAS SET OR TIED.
MM INDICATES DATA IS MISSING.
T  INDICATES TRACE AMOUNT.




&&

..........................................................

TOTAL SEASON     NORMAL   % OF NORMAL     LAST SEASON

    41.75         39.36        106            36.72


$$
