000
CDUS46 KEKA 221212
CLIEKA


CLIMATE REPORT
NATIONAL WEATHER SERVICE EUREKA CA
512 AM PDT MON APR 22 2019


...................................

...THE EUREKA CA CLIMATE SUMMARY FOR APRIL 21 2019...

CLIMATE NORMAL PERIOD 1981 TO 2010
CLIMATE RECORD PERIOD 1886 TO 2019


WEATHER ITEM   OBSERVED RECORD YEAR NORMAL DEPARTURE LAST
                VALUE   VALUE       VALUE  FROM      YEAR
                                           NORMAL
...........................................................
TEMPERATURE (F)
 YESTERDAY
  MAXIMUM         58     79    1982  58      0       58
  MINIMUM         47     35    1995  45      2       41
                               1971
  AVERAGE         53                 51      2       50

PRECIPITATION (IN)
  YESTERDAY        0.00   1.74 1961   0.10  -0.10     0.00
  MONTH TO DATE    2.51               2.51   0.00     3.78
  SINCE OCT 1     39.14              35.91   3.23    33.99
  SINCE JAN 1     28.40              19.94   8.46    23.01

SNOWFALL (IN)
  YESTERDAY        0.0    0.0  2002   0.0    0.0      0.0
                               2001
  MONTH TO DATE    0.0                0.0    0.0      0.0
  SINCE MAR 1      0.0                0.0    0.0       T
  SINCE JUL 1      0.5                0.2    0.3       T
  SNOW DEPTH       0

DEGREE DAYS
 HEATING
  YESTERDAY       12                 14     -2       15
  MONTH TO DATE  230                305    -75      298
  SINCE MAR 1    730                781    -51      808
  SINCE JUL 1   3704               3703      1     3609

 COOLING
  YESTERDAY        0                  0      0        0
  MONTH TO DATE    0                  0      0        0
  SINCE MAR 1      0                  0      0        0
  SINCE JAN 1      0                  0      0        0
...........................................................


WIND (MPH)
  HIGHEST WIND SPEED    12   HIGHEST WIND DIRECTION     N (20)
  HIGHEST GUST SPEED    18   HIGHEST GUST DIRECTION    MM
  AVERAGE WIND SPEED     7.6


SKY COVER
  AVERAGE SKY COVER 0.4


WEATHER CONDITIONS
 THE FOLLOWING WEATHER WAS RECORDED YESTERDAY.
  FOG


..........................................................


THE EUREKA CA CLIMATE NORMALS FOR TODAY
                         NORMAL    RECORD    YEAR
 MAXIMUM TEMPERATURE (F)   58        75      1982
 MINIMUM TEMPERATURE (F)   45        37      1968
                                             1920
                                             1901


SUNRISE AND SUNSET
APRIL 22 2019.........SUNRISE   628 AM PDT   SUNSET   803 PM PDT
APRIL 23 2019.........SUNRISE   626 AM PDT   SUNSET   805 PM PDT


-  INDICATES NEGATIVE NUMBERS.
R  INDICATES RECORD WAS SET OR TIED.
MM INDICATES DATA IS MISSING.
T  INDICATES TRACE AMOUNT.




&&

..........................................................

TOTAL SEASON     NORMAL   % OF NORMAL     LAST SEASON

    39.14         35.91        109            33.99


$$
