000
CDUS46 KPQR 161143
CLIEUG


CLIMATE REPORT
NATIONAL WEATHER SERVICE PORTLAND OREGON
442 AM PDT SUN JUN 16 2019


...................................

...THE EUGENE OR CLIMATE SUMMARY FOR JUNE 15 2019...

CLIMATE NORMAL PERIOD 1981 TO 2010
CLIMATE RECORD PERIOD 1892 TO 2019


WEATHER ITEM   OBSERVED TIME   RECORD YEAR NORMAL DEPARTURE LAST
                VALUE   (LST)  VALUE       VALUE  FROM      YEAR
                                                  NORMAL
..................................................................
TEMPERATURE (F)
 YESTERDAY
  MAXIMUM         81    350 PM  96    1966  73      8       70
  MINIMUM         51    424 AM  36    1979  48      3       43
  AVERAGE         66                        60      6       57

PRECIPITATION (IN)
  YESTERDAY        0.00          0.85 1936   0.05  -0.05     0.00
  MONTH TO DATE    0.14                      0.97  -0.83     0.94
  SINCE OCT 1     33.03                     43.13 -10.10    30.51
  SINCE JAN 1     22.21                     24.33  -2.12    16.50

SNOWFALL (IN)
  YESTERDAY        0.0
  MONTH TO DATE    0.0
  SINCE JUN 1      0.0
  SINCE JUL 1     19.1

DEGREE DAYS
 HEATING
  YESTERDAY        0                         5     -5        8
  MONTH TO DATE   43                        97    -54      113
  SINCE JUN 1     43                        97    -54      113
  SINCE JUL 1   4374                      4746   -372     4770

 COOLING
  YESTERDAY        1                         0      1        0
  MONTH TO DATE   34                         0     34        0
  SINCE JUN 1     34                         0     34        0
  SINCE JAN 1     35                         5     30        0
..................................................................


WIND (MPH)
  HIGHEST WIND SPEED    18   HIGHEST WIND DIRECTION     N (10)
  HIGHEST GUST SPEED    25   HIGHEST GUST DIRECTION     N (10)
  AVERAGE WIND SPEED     9.3


SKY COVER
  POSSIBLE SUNSHINE  MM
  AVERAGE SKY COVER 0.4


WEATHER CONDITIONS
 THE FOLLOWING WEATHER WAS RECORDED YESTERDAY.
  NO SIGNIFICANT WEATHER WAS OBSERVED.


RELATIVE HUMIDITY (PERCENT)
 HIGHEST    89           400 AM
 LOWEST     32           200 PM
 AVERAGE    61

..........................................................


THE EUGENE OR CLIMATE NORMALS FOR TODAY
                         NORMAL    RECORD    YEAR
 MAXIMUM TEMPERATURE (F)   73        95      1961
 MINIMUM TEMPERATURE (F)   48        36      1955


SUNRISE AND SUNSET
JUNE 16 2019..........SUNRISE   529 AM PDT   SUNSET   858 PM PDT
JUNE 17 2019..........SUNRISE   529 AM PDT   SUNSET   859 PM PDT


-  INDICATES NEGATIVE NUMBERS.
R  INDICATES RECORD WAS SET OR TIED.
MM INDICATES DATA IS MISSING.
T  INDICATES TRACE AMOUNT.




$$
