000
CDUS46 KPQR 212322
CLIEUG


CLIMATE REPORT
NATIONAL WEATHER SERVICE PORTLAND OREGON
422 PM PDT SUN APR 21 2019


...................................

...THE EUGENE OR CLIMATE SUMMARY FOR APRIL 21 2019...
VALID TODAY AS OF 0400 PM LOCAL TIME.

CLIMATE NORMAL PERIOD 1981 TO 2010
CLIMATE RECORD PERIOD 1892 TO 2019


WEATHER ITEM   OBSERVED TIME   RECORD YEAR NORMAL DEPARTURE LAST
                VALUE   (LST)  VALUE       VALUE  FROM      YEAR
                                                  NORMAL
..................................................................
TEMPERATURE (F)
 TODAY
  MAXIMUM         62    246 PM  83    1918  62      0       61
  MINIMUM         48    630 AM  31    1951  40      8       41
  AVERAGE         55                        51      4       51

PRECIPITATION (IN)
  TODAY            0.00          0.67 1916   0.11  -0.11      T
  MONTH TO DATE    7.34                      2.50   4.84     3.15
  SINCE OCT 1     30.48                     38.59  -8.11    28.43
  SINCE JAN 1     19.66                     19.79  -0.13    14.42

SNOWFALL (IN)
  TODAY           MM
  MONTH TO DATE    0.0
  SINCE MAR 1      T
  SINCE JUL 1     19.1

DEGREE DAYS
 HEATING
  TODAY           10                        14     -4       14
  MONTH TO DATE  252                       325    -73      341
  SINCE MAR 1    864                       894    -30     1000
  SINCE JUL 1   4033                      4221   -188     4323

 COOLING
  TODAY            0                         0      0        0
  MONTH TO DATE    0                         0      0        0
  SINCE MAR 1      0                         0      0        0
  SINCE JAN 1      0                         0      0        0
..................................................................


WIND (MPH)
  HIGHEST WIND SPEED    10   HIGHEST WIND DIRECTION     N (360)
  HIGHEST GUST SPEED    15   HIGHEST GUST DIRECTION    NW (330)
  AVERAGE WIND SPEED     4.4


SKY COVER
  POSSIBLE SUNSHINE  MM
  AVERAGE SKY COVER 1.0


WEATHER CONDITIONS
 THE FOLLOWING WEATHER WAS RECORDED TODAY.
  NO SIGNIFICANT WEATHER WAS OBSERVED.


RELATIVE HUMIDITY (PERCENT)
 HIGHEST    80          1200 AM
 LOWEST     55           200 PM
 AVERAGE    68

..........................................................


THE EUGENE OR CLIMATE NORMALS FOR TOMORROW
                         NORMAL    RECORD    YEAR
 MAXIMUM TEMPERATURE (F)   62        81      1982
 MINIMUM TEMPERATURE (F)   40        27      1972


SUNRISE AND SUNSET
APRIL 21 2019.........SUNRISE   620 AM PDT   SUNSET   804 PM PDT
APRIL 22 2019.........SUNRISE   618 AM PDT   SUNSET   805 PM PDT


-  INDICATES NEGATIVE NUMBERS.
R  INDICATES RECORD WAS SET OR TIED.
MM INDICATES DATA IS MISSING.
T  INDICATES TRACE AMOUNT.




$$
