266
CDUS46 KPQR 202321
CLIEUG


CLIMATE REPORT
NATIONAL WEATHER SERVICE PORTLAND OREGON
420 PM PDT TUE AUG 20 2019


...................................

...THE EUGENE OR CLIMATE SUMMARY FOR AUGUST 20 2019...
VALID TODAY AS OF 0400 PM LOCAL TIME.

CLIMATE NORMAL PERIOD 1981 TO 2010
CLIMATE RECORD PERIOD 1892 TO 2019


WEATHER ITEM   OBSERVED TIME   RECORD YEAR NORMAL DEPARTURE LAST
                VALUE   (LST)  VALUE       VALUE  FROM      YEAR
                                                  NORMAL
..................................................................
TEMPERATURE (F)
 TODAY
  MAXIMUM         84    230 PM 100    2016  82      2       82
  MINIMUM         52    305 AM  41    2000  51      1       54
  AVERAGE         68                        67      1       68

PRECIPITATION (IN)
  TODAY            0.00          0.67 1997   0.03  -0.03     0.00
  MONTH TO DATE    0.07                      0.31  -0.24     0.00
  SINCE OCT 1     33.54                     44.51 -10.97    30.77
  SINCE JAN 1     22.72                     25.71  -2.99    16.76

SNOWFALL (IN)
  TODAY            0.0
  MONTH TO DATE    0.0
  SINCE JUN 1      0.0
  SINCE JUL 1      0.0

DEGREE DAYS
 HEATING
  TODAY            0                         1     -1        0
  MONTH TO DATE    0                        20    -20        1
  SINCE JUN 1     85                       213   -128      160
  SINCE JUL 1     10                        56    -46       28

 COOLING
  TODAY            3                         3      0        3
  MONTH TO DATE   95                        69     26      116
  SINCE JUN 1    244                       181     63      289
  SINCE JAN 1    245                       186     59      289
..................................................................


WIND (MPH)
  HIGHEST WIND SPEED    17   HIGHEST WIND DIRECTION     W (270)
  HIGHEST GUST SPEED    21   HIGHEST GUST DIRECTION    NW (300)
  AVERAGE WIND SPEED     5.7


SKY COVER
  POSSIBLE SUNSHINE  MM
  AVERAGE SKY COVER 0.4


WEATHER CONDITIONS
 THE FOLLOWING WEATHER WAS RECORDED TODAY.
  NO SIGNIFICANT WEATHER WAS OBSERVED.


RELATIVE HUMIDITY (PERCENT)
 HIGHEST    93           400 AM
 LOWEST     37           200 PM
 AVERAGE    65

..........................................................


THE EUGENE OR CLIMATE NORMALS FOR TOMORROW
                         NORMAL    RECORD    YEAR
 MAXIMUM TEMPERATURE (F)   82        98      1950
 MINIMUM TEMPERATURE (F)   51        39      1985


SUNRISE AND SUNSET
AUGUST 20 2019........SUNRISE   622 AM PDT   SUNSET   810 PM PDT
AUGUST 21 2019........SUNRISE   623 AM PDT   SUNSET   808 PM PDT


-  INDICATES NEGATIVE NUMBERS.
R  INDICATES RECORD WAS SET OR TIED.
MM INDICATES DATA IS MISSING.
T  INDICATES TRACE AMOUNT.




$$
