000
CDUS46 KPQR 251443
CLIEUG


CLIMATE REPORT
NATIONAL WEATHER SERVICE PORTLAND OREGON
743 AM PDT WED APR 25 2018


...................................

...THE EUGENE OR CLIMATE SUMMARY FOR APRIL 24 2018...

CLIMATE NORMAL PERIOD 1981 TO 2010
CLIMATE RECORD PERIOD 1892 TO 2018


WEATHER ITEM   OBSERVED TIME   RECORD YEAR NORMAL DEPARTURE LAST
                VALUE   (LST)  VALUE       VALUE  FROM      YEAR
                                                  NORMAL
..................................................................
TEMPERATURE (F)
 YESTERDAY
  MAXIMUM         79    338 PM  86    1910  62     17       58
  MINIMUM         37    452 AM  29    1924  40     -3       45
  AVERAGE         58                        51      7       52

PRECIPITATION (IN)
  YESTERDAY        0.00          0.63 1975   0.10  -0.10     0.42
  MONTH TO DATE    3.01                      2.81   0.20     3.00
  SINCE OCT 1     28.29                     38.90 -10.61    41.79
  SINCE JAN 1     14.28                     20.10  -5.82    22.20

SNOWFALL (IN)
  YESTERDAY        0.0
  MONTH TO DATE    0.0
  SINCE MAR 1      T
  SINCE JUL 1      2.0

DEGREE DAYS
 HEATING
  YESTERDAY        7                        14     -7       13
  MONTH TO DATE  374                       367      7      356
  SINCE MAR 1   1033                       936     97      880
  SINCE JUL 1   4356                      4263     93     4081

 COOLING
  YESTERDAY        0                         0      0        0
  MONTH TO DATE    0                         0      0        0
  SINCE MAR 1      0                         0      0        0
  SINCE JAN 1      0                         0      0        0
..................................................................


WIND (MPH)
  HIGHEST WIND SPEED    15   HIGHEST WIND DIRECTION     N (10)
  HIGHEST GUST SPEED    18   HIGHEST GUST DIRECTION     N (360)
  AVERAGE WIND SPEED     8.3


SKY COVER
  POSSIBLE SUNSHINE  MM
  AVERAGE SKY COVER 0.5


WEATHER CONDITIONS
 THE FOLLOWING WEATHER WAS RECORDED YESTERDAY.
  NO SIGNIFICANT WEATHER WAS OBSERVED.


RELATIVE HUMIDITY (PERCENT)
 HIGHEST    92           500 AM
 LOWEST     36           100 PM
 AVERAGE    64

..........................................................


THE EUGENE OR CLIMATE NORMALS FOR TODAY
                         NORMAL    RECORD    YEAR
 MAXIMUM TEMPERATURE (F)   63        86      1910
                                             1926
 MINIMUM TEMPERATURE (F)   40        31      1985
                                             1982
                                             1954


SUNRISE AND SUNSET
APRIL 25 2018.........SUNRISE   613 AM PDT   SUNSET   809 PM PDT
APRIL 26 2018.........SUNRISE   611 AM PDT   SUNSET   811 PM PDT


-  INDICATES NEGATIVE NUMBERS.
R  INDICATES RECORD WAS SET OR TIED.
MM INDICATES DATA IS MISSING.
T  INDICATES TRACE AMOUNT.




$$
