000
CDUS46 KPQR 121144
CLIEUG


CLIMATE REPORT
NATIONAL WEATHER SERVICE PORTLAND OREGON
444 AM PDT WED AUG 12 2020


...................................

...THE EUGENE OR CLIMATE SUMMARY FOR AUGUST 11 2020...

CLIMATE NORMAL PERIOD 1981 TO 2010
CLIMATE RECORD PERIOD 1892 TO 2020


WEATHER ITEM   OBSERVED TIME   RECORD YEAR NORMAL DEPARTURE LAST
                VALUE   (LST)  VALUE       VALUE  FROM      YEAR
                                                  NORMAL
..................................................................
TEMPERATURE (F)
 YESTERDAY
  MAXIMUM         88    412 PM 104    1992  84      4       81
  MINIMUM         48    449 AM  41    2007  52     -4       52
  AVERAGE         68                        68      0       67

PRECIPITATION (IN)
  YESTERDAY        0.00          0.39 1965   0.02  -0.02     0.00
                                      1919
  MONTH TO DATE    0.04                      0.13  -0.09     0.07
  SINCE OCT 1     25.05                     44.33 -19.28    33.54
  SINCE JAN 1     17.24                     25.53  -8.29    22.72

SNOWFALL (IN)
  YESTERDAY        0.0
  MONTH TO DATE    0.0
  SINCE JUN 1      0.0
  SINCE JUL 1      0.0

DEGREE DAYS
 HEATING
  YESTERDAY        0                         1     -1        0
  MONTH TO DATE    3                        11     -8        0
  SINCE JUN 1    132                       204    -72       85
  SINCE JUL 1     15                        47    -32       10

 COOLING
  YESTERDAY        3                         3      0        2
  MONTH TO DATE   50                        42      8       57
  SINCE JUN 1    238                       154     84      206
  SINCE JAN 1    246                       159     87      207
..................................................................


WIND (MPH)
  HIGHEST WIND SPEED    16   HIGHEST WIND DIRECTION     W (280)
  HIGHEST GUST SPEED    19   HIGHEST GUST DIRECTION     W (280)
  AVERAGE WIND SPEED     4.7


SKY COVER
  POSSIBLE SUNSHINE  MM
  AVERAGE SKY COVER 0.2


WEATHER CONDITIONS
 THE FOLLOWING WEATHER WAS RECORDED YESTERDAY.
  HAZE


RELATIVE HUMIDITY (PERCENT)
 HIGHEST    77           400 AM
 LOWEST     17           100 PM
 AVERAGE    47

..........................................................


THE EUGENE OR CLIMATE NORMALS FOR TODAY
                         NORMAL    RECORD    YEAR
 MAXIMUM TEMPERATURE (F)   83       102      1977
 MINIMUM TEMPERATURE (F)   52        41      2007


SUNRISE AND SUNSET
AUGUST 12 2020........SUNRISE   614 AM PDT   SUNSET   821 PM PDT
AUGUST 13 2020........SUNRISE   615 AM PDT   SUNSET   819 PM PDT


-  INDICATES NEGATIVE NUMBERS.
R  INDICATES RECORD WAS SET OR TIED.
MM INDICATES DATA IS MISSING.
T  INDICATES TRACE AMOUNT.




$$
