000
CDUS41 KOKX 030621
CLIEWR


CLIMATE REPORT
NATIONAL WEATHER SERVICE NEW YORK NY
220 AM EDT WED JUN 3 2020


...................................

...THE NEWARK NJ CLIMATE SUMMARY FOR JUNE 2 2020...

CLIMATE NORMAL PERIOD 1981 TO 2010
CLIMATE RECORD PERIOD 1893 TO 2020


WEATHER ITEM   OBSERVED TIME   RECORD YEAR NORMAL DEPARTURE LAST
                VALUE   (LST)  VALUE       VALUE  FROM      YEAR
                                                  NORMAL
..................................................................
TEMPERATURE (F)
 YESTERDAY
  MAXIMUM         76   1245 PM  93    2000  77     -1       83
                                      1989
  MINIMUM         53    347 AM  48    1946  59     -6       64
                                      1945
  AVERAGE         65                        68     -3       74

PRECIPITATION (IN)
  YESTERDAY        0.14          2.96 1946   0.14   0.00     0.39
  MONTH TO DATE    0.14                      0.29  -0.15     0.39
  SINCE JUN 1      0.14                      0.29  -0.15     0.39
  SINCE JAN 1     13.63                     19.18  -5.55    23.35

SNOWFALL (IN)
  YESTERDAY        0.0           0.0  2002   0.0    0.0      0.0
                                      2001
  MONTH TO DATE    0.0                       0.0    0.0      0.0
  SINCE OCT 1      6.9                      28.5  -21.6     22.0
  SINCE JUL 1      6.9                      28.5  -21.6     22.0
  SNOW DEPTH       0

DEGREE DAYS
 HEATING
  YESTERDAY        0                         2     -2        0
  MONTH TO DATE    2                         4     -2        0
  SINCE JUN 1      2                         4     -2        0
  SINCE JUL 1   4336                      4859   -523     4701

 COOLING
  YESTERDAY        0                         5     -5        9
  MONTH TO DATE    0                         9     -9       15
  SINCE JUN 1      0                         9     -9       15
  SINCE JAN 1     50                        85    -35      100
..................................................................


WIND (MPH)
  HIGHEST WIND SPEED    14   HIGHEST WIND DIRECTION    SW (240)
  HIGHEST GUST SPEED    23   HIGHEST GUST DIRECTION    SW (240)
  AVERAGE WIND SPEED     8.8


SKY COVER
  AVERAGE SKY COVER 0.8


WEATHER CONDITIONS
 THE FOLLOWING WEATHER WAS RECORDED YESTERDAY.
  THUNDERSTORM
  RAIN
  LIGHT RAIN


RELATIVE HUMIDITY (PERCENT)
 HIGHEST    66           400 AM
 LOWEST     31           100 PM
 AVERAGE    49

..........................................................


THE NEWARK NJ CLIMATE NORMALS FOR TODAY
                         NORMAL    RECORD    YEAR
 MAXIMUM TEMPERATURE (F)   78        94      1943
 MINIMUM TEMPERATURE (F)   59        45      1946


SUNRISE AND SUNSET
JUNE  3 2020..........SUNRISE   527 AM EDT   SUNSET   823 PM EDT
JUNE  4 2020..........SUNRISE   526 AM EDT   SUNSET   824 PM EDT


-  INDICATES NEGATIVE NUMBERS.
R  INDICATES RECORD WAS SET OR TIED.
MM INDICATES DATA IS MISSING.
T  INDICATES TRACE AMOUNT.




$$
