000
CDUS41 KOKX 232040
CLIEWR


CLIMATE REPORT
NATIONAL WEATHER SERVICE NEW YORK NY
438 PM EDT WED MAY 23 2018


...................................

...THE NEWARK NJ CLIMATE SUMMARY FOR MAY 23 2018...
VALID TODAY AS OF 0400 PM LOCAL TIME.

CLIMATE NORMAL PERIOD 1981 TO 2010
CLIMATE RECORD PERIOD 1929 TO 2018


WEATHER ITEM   OBSERVED TIME   RECORD YEAR NORMAL DEPARTURE LAST
                VALUE   (LST)  VALUE       VALUE  FROM      YEAR
                                                  NORMAL
..................................................................
TEMPERATURE (F)
 TODAY
  MAXIMUM         82    250 PM  96    1964  74      8       70
  MINIMUM         58    158 AM  43    1931  55      3       56
  AVERAGE         70                        65      5       63

PRECIPITATION (IN)
  TODAY            0.24          3.92 1979   0.15   0.09     0.00
  MONTH TO DATE    2.92                      2.96  -0.04     5.73
  SINCE MAR 1     13.25                     11.34   1.91    14.29
  SINCE JAN 1     21.05                     17.76   3.29    21.03

SNOWFALL (IN)
  TODAY            0.0           0.0  2002   0.0    0.0      0.0
                                      2001
  MONTH TO DATE    0.0                       0.0    0.0      0.0
  SINCE OCT 1     39.4                      28.5   10.9     30.0
  SINCE JUL 1     39.4                      28.5   10.9     30.0
  SNOW DEPTH       0

DEGREE DAYS
 HEATING
  TODAY            0                         3     -3        2
  MONTH TO DATE   56                       117    -61      147
  SINCE MAR 1   1280                      1202     78     1184
  SINCE JUL 1   4605                      4837   -232     4193

 COOLING
  TODAY            5                         3      2        0
  MONTH TO DATE   70                        35     35       53
  SINCE MAR 1     76                        47     29       89
  SINCE JAN 1     79                        47     32       89
..................................................................


WIND (MPH)
  HIGHEST WIND SPEED    20   HIGHEST WIND DIRECTION    NW (330)
  HIGHEST GUST SPEED    26   HIGHEST GUST DIRECTION    NW (320)
  AVERAGE WIND SPEED     9.3


SKY COVER
  AVERAGE SKY COVER 0.6


WEATHER CONDITIONS
 THE FOLLOWING WEATHER WAS RECORDED TODAY.
  THUNDERSTORM
  RAIN
  LIGHT RAIN
  FOG


RELATIVE HUMIDITY (PERCENT)
 HIGHEST   100           400 AM
 LOWEST     39           300 PM
 AVERAGE    70

..........................................................


THE NEWARK NJ CLIMATE NORMALS FOR TOMORROW
                         NORMAL    RECORD    YEAR
 MAXIMUM TEMPERATURE (F)   75        93      1964
 MINIMUM TEMPERATURE (F)   56        40      1963


SUNRISE AND SUNSET
MAY 23 2018...........SUNRISE   533 AM EDT   SUNSET   814 PM EDT
MAY 24 2018...........SUNRISE   532 AM EDT   SUNSET   815 PM EDT


-  INDICATES NEGATIVE NUMBERS.
R  INDICATES RECORD WAS SET OR TIED.
MM INDICATES DATA IS MISSING.
T  INDICATES TRACE AMOUNT.




$$
