000
CDUS41 KOKX 220617
CLIEWR


CLIMATE REPORT
NATIONAL WEATHER SERVICE NEW YORK NY
217 AM EDT MON APR 22 2019


...................................

...THE NEWARK NJ CLIMATE SUMMARY FOR APRIL 21 2019...

CLIMATE NORMAL PERIOD 1981 TO 2010
CLIMATE RECORD PERIOD 1929 TO 2019


WEATHER ITEM   OBSERVED TIME   RECORD YEAR NORMAL DEPARTURE LAST
                VALUE   (LST)  VALUE       VALUE  FROM      YEAR
                                                  NORMAL
..................................................................
TEMPERATURE (F)
 YESTERDAY
  MAXIMUM         64    235 PM  88    1957  64      0       64
  MINIMUM         52    132 AM  31    1981  46      6       37
  AVERAGE         58                        55      3       51

PRECIPITATION (IN)
  YESTERDAY        0.00          2.50 1991   0.14  -0.14     0.00
  MONTH TO DATE    2.79                      3.01  -0.22     4.47
  SINCE MAR 1      6.99                      7.19  -0.20     8.95
  SINCE JAN 1     14.67                     13.61   1.06    16.75

SNOWFALL (IN)
  YESTERDAY        0.0           0.0  2001   0.0    0.0      0.0
  MONTH TO DATE    0.0                       0.8   -0.8      5.0
  SINCE OCT 1     22.0                      28.4   -6.4     39.4
  SINCE JUL 1     22.0                      28.4   -6.4     39.4
  SNOW DEPTH       0

DEGREE DAYS
 HEATING
  YESTERDAY        7                        11     -4       14
  MONTH TO DATE  220                       295    -75      381
  SINCE MAR 1    961                      1004    -43     1139
  SINCE JUL 1   4518                      4639   -121     4464

 COOLING
  YESTERDAY        0                         0      0        0
  MONTH TO DATE   13                         0     13        6
  SINCE MAR 1     13                         1     12        6
  SINCE JAN 1     13                         1     12        9
..................................................................


WIND (MPH)
  HIGHEST WIND SPEED    16   HIGHEST WIND DIRECTION     E (90)
  HIGHEST GUST SPEED    23   HIGHEST GUST DIRECTION    SE (120)
  AVERAGE WIND SPEED     7.2


SKY COVER
  AVERAGE SKY COVER 0.8


WEATHER CONDITIONS
 THE FOLLOWING WEATHER WAS RECORDED YESTERDAY.
  NO SIGNIFICANT WEATHER WAS OBSERVED.


RELATIVE HUMIDITY (PERCENT)
 HIGHEST    89          1200 AM
 LOWEST     52           300 PM
 AVERAGE    71

..........................................................


THE NEWARK NJ CLIMATE NORMALS FOR TODAY
                         NORMAL    RECORD    YEAR
 MAXIMUM TEMPERATURE (F)   65        87      1985
 MINIMUM TEMPERATURE (F)   46        32      1947


SUNRISE AND SUNSET
APRIL 22 2019.........SUNRISE   608 AM EDT   SUNSET   743 PM EDT
APRIL 23 2019.........SUNRISE   607 AM EDT   SUNSET   744 PM EDT


-  INDICATES NEGATIVE NUMBERS.
R  INDICATES RECORD WAS SET OR TIED.
MM INDICATES DATA IS MISSING.
T  INDICATES TRACE AMOUNT.




$$
