000
CDUS41 KALY 250634
CLIGFL


CLIMATE REPORT
NATIONAL WEATHER SERVICE ALBANY NY
233 AM EDT TUE JUN 25 2019


...................................

...THE GLENS FALLS NY CLIMATE SUMMARY FOR JUNE 24 2019...

CLIMATE NORMAL PERIOD 1981 TO 2010
CLIMATE RECORD PERIOD 1893 TO 2019


WEATHER ITEM   OBSERVED TIME   RECORD YEAR NORMAL DEPARTURE LAST
                VALUE   (LST)  VALUE       VALUE  FROM      YEAR
                                                  NORMAL
..................................................................
TEMPERATURE (F)
 YESTERDAY
  MAXIMUM         82    522 PM  95    1914  79      3       72
  MINIMUM         51    437 AM  37    2007  54     -3       57
  AVERAGE         67                        66      1       65

PRECIPITATION (IN)
  YESTERDAY        0.00          2.97 1944   0.11  -0.11     0.22
  MONTH TO DATE    4.00                      2.83   1.17     2.65
  SINCE JUN 1      4.00                      2.83   1.17     2.65
  SINCE JAN 1     22.49                     17.32   5.17    14.09

DEGREE DAYS
 HEATING
  YESTERDAY        0                         2     -2        0
  MONTH TO DATE   70                        83    -13       83
  SINCE JUN 1     70                        83    -13       83
  SINCE JUL 1   7331                      7669   -338     7358

 COOLING
  YESTERDAY        2                         3     -1        0
  MONTH TO DATE   19                        48    -29       24
  SINCE JUN 1     19                        48    -29       24
  SINCE JAN 1     28                        60    -32       49
..................................................................


WIND (MPH)
  HIGHEST WIND SPEED    12   HIGHEST WIND DIRECTION    SW (220)
  HIGHEST GUST SPEED    16   HIGHEST GUST DIRECTION     S (160)
  AVERAGE WIND SPEED     3.3


SKY COVER
  AVERAGE SKY COVER 0.0



RELATIVE HUMIDITY (PERCENT)
 HIGHEST   100           400 AM
 LOWEST     39           400 PM
 AVERAGE    70

..........................................................


THE GLENS FALLS NY CLIMATE NORMALS FOR TODAY
                         NORMAL    RECORD    YEAR
 MAXIMUM TEMPERATURE (F)   79        96      1923
 MINIMUM TEMPERATURE (F)   55        37      1979


SUNRISE AND SUNSET
JUNE 25 2019..........SUNRISE   515 AM EDT   SUNSET   839 PM EDT
JUNE 26 2019..........SUNRISE   516 AM EDT   SUNSET   839 PM EDT


-  INDICATES NEGATIVE NUMBERS.
R  INDICATES RECORD WAS SET OR TIED.
MM INDICATES DATA IS MISSING.
T  INDICATES TRACE AMOUNT.




$$
