000
CDUS41 KALY 060622
CLIGFL

CLIMATE REPORT
NATIONAL WEATHER SERVICE ALBANY NY
222 AM EDT SAT JUN 06 2020

...................................

...THE GLENS FALLS NY CLIMATE SUMMARY FOR JUNE 5 2020...

CLIMATE NORMAL PERIOD: 1981 TO 2010
CLIMATE RECORD PERIOD: 1893 TO 2020


WEATHER ITEM   OBSERVED TIME   RECORD YEAR NORMAL DEPARTURE LAST
                VALUE   (LST)  VALUE       VALUE  FROM      YEAR
                                                  NORMAL
...................................................................
TEMPERATURE (F)
 YESTERDAY
  MAXIMUM         85   2:08 PM  97    1925  74     11       77
  MINIMUM         64   2:54 AM  36    1990  49     15       51
  AVERAGE         75                        62     13       64

PRECIPITATION (IN)
  YESTERDAY        T             1.80 2016   0.12  -0.12     0.39
  MONTH TO DATE    T                         0.59  -0.59     0.54
  SINCE JUN 1      T                         0.59  -0.59     0.54
  SINCE JAN 1     13.63                     15.08  -1.45    19.03

DEGREE DAYS
 HEATING
  YESTERDAY        0                         5     -5        1
  MONTH TO DATE   30                        26      4       34
  SINCE JUN 1     30                        26      4       34
  SINCE JUL 1   7167                      7612   -445     7295

 COOLING
  YESTERDAY       10                         1      9        0
  MONTH TO DATE   12                         5      7        0
  SINCE JUN 1     12                         5      7        0
  SINCE JAN 1     57                        17     40        9
...................................................................


WIND (MPH)
  HIGHEST WIND SPEED    18   HIGHEST WIND DIRECTION     S (160)
  HIGHEST GUST SPEED    26   HIGHEST GUST DIRECTION     S (160)
  AVERAGE WIND SPEED     7.3


SKY COVER
  AVERAGE SKY COVER 0.4


RELATIVE HUMIDITY (PERCENT)
 HIGHEST    84          11:00 PM
 LOWEST     53           4:00 PM
 AVERAGE    69

..........................................................


THE GLENS FALLS NY CLIMATE NORMALS FOR TODAY
                         NORMAL    RECORD    YEAR
 MAXIMUM TEMPERATURE (F)   74        97      1925
 MINIMUM TEMPERATURE (F)   49        36      1964


SUNRISE AND SUNSET
JUNE  6 2020..........SUNRISE   5:15 AM EDT   SUNSET   8:32 PM EDT
JUNE  7 2020..........SUNRISE   5:14 AM EDT   SUNSET   8:33 PM EDT


-  INDICATES NEGATIVE NUMBERS.
R  INDICATES RECORD WAS SET OR TIED.
MM INDICATES DATA IS MISSING.
T  INDICATES TRACE AMOUNT.




$$
