000
CDUS41 KALY 220623
CLIGFL


CLIMATE REPORT
NATIONAL WEATHER SERVICE ALBANY NY
222 AM EDT THU AUG 22 2019


...................................

...THE GLENS FALLS NY CLIMATE SUMMARY FOR AUGUST 21 2019...

CLIMATE NORMAL PERIOD 1981 TO 2010
CLIMATE RECORD PERIOD 1893 TO 2019


WEATHER ITEM   OBSERVED TIME   RECORD YEAR NORMAL DEPARTURE LAST
                VALUE   (LST)  VALUE       VALUE  FROM      YEAR
                                                  NORMAL
..................................................................
TEMPERATURE (F)
 YESTERDAY
  MAXIMUM         74    534 PM  98    1916  78     -4       78
  MINIMUM         58    216 AM  39    2007  55      3       57
  AVERAGE         66                        66      0       68

PRECIPITATION (IN)
  YESTERDAY        0.56          1.99 1997   0.12   0.44     0.00
  MONTH TO DATE    2.83                      2.65   0.18     4.82
  SINCE JUN 1     10.28                     10.29  -0.01    12.65
  SINCE JAN 1     28.77                     24.78   3.99    24.09

DEGREE DAYS
 HEATING
  YESTERDAY        0                         2     -2        0
  MONTH TO DATE    5                        22    -17        0
  SINCE JUN 1     75                       133    -58      105
  SINCE JUL 1      5                        43    -38        6

 COOLING
  YESTERDAY        1                         3     -2        3
  MONTH TO DATE   86                        79      7      153
  SINCE JUN 1    373                       287     86      422
  SINCE JAN 1    382                       299     83      447
..................................................................


WIND (MPH)
  HIGHEST WIND SPEED     9   HIGHEST WIND DIRECTION     S (190)
  HIGHEST GUST SPEED    11   HIGHEST GUST DIRECTION     S (190)
  AVERAGE WIND SPEED     2.9


SKY COVER
  AVERAGE SKY COVER 0.8



RELATIVE HUMIDITY (PERCENT)
 HIGHEST   100           700 AM
 LOWEST     90          1200 PM
 AVERAGE    95

..........................................................


THE GLENS FALLS NY CLIMATE NORMALS FOR TODAY
                         NORMAL    RECORD    YEAR
 MAXIMUM TEMPERATURE (F)   78        94      1916
 MINIMUM TEMPERATURE (F)   54        36      1982


SUNRISE AND SUNSET
AUGUST 22 2019........SUNRISE   607 AM EDT   SUNSET   747 PM EDT
AUGUST 23 2019........SUNRISE   608 AM EDT   SUNSET   745 PM EDT


-  INDICATES NEGATIVE NUMBERS.
R  INDICATES RECORD WAS SET OR TIED.
MM INDICATES DATA IS MISSING.
T  INDICATES TRACE AMOUNT.




$$
