000
CDUS41 KALY 200625
CLIGFL


CLIMATE REPORT
NATIONAL WEATHER SERVICE ALBANY NY
224 AM EDT SAT APR 20 2019


...................................

...THE GLENS FALLS NY CLIMATE SUMMARY FOR APRIL 19 2019...

CLIMATE NORMAL PERIOD 1981 TO 2010
CLIMATE RECORD PERIOD 1893 TO 2019


WEATHER ITEM   OBSERVED TIME   RECORD YEAR NORMAL DEPARTURE LAST
                VALUE   (LST)  VALUE       VALUE  FROM      YEAR
                                                  NORMAL
..................................................................
TEMPERATURE (F)
 YESTERDAY
  MAXIMUM         75    141 PM  89    1976  59     16       43
  MINIMUM         40    401 AM  18    1926  34      6       35
  AVERAGE         58                        46     12       39

PRECIPITATION (IN)
  YESTERDAY        0.35          1.30 1924   0.10   0.25      T
  MONTH TO DATE    3.33                      1.86   1.47     1.68
  SINCE MAR 1      4.55                      4.80  -0.25     3.41
  SINCE JAN 1     11.13                      9.74   1.39     8.17

DEGREE DAYS
 HEATING
  YESTERDAY        7                        19    -12       26
  MONTH TO DATE  411                       430    -19      569
  SINCE MAR 1   1463                      1473    -10     1588
  SINCE JUL 1   6799                      7093   -294     6888

 COOLING
  YESTERDAY        0                         0      0        0
  MONTH TO DATE    0                         0      0        0
  SINCE MAR 1      0                         0      0        0
  SINCE JAN 1      0                         0      0        0
..................................................................


WIND (MPH)
  HIGHEST WIND SPEED    21   HIGHEST WIND DIRECTION     S (200)
  HIGHEST GUST SPEED    26   HIGHEST GUST DIRECTION    SW (210)
  AVERAGE WIND SPEED     6.0


SKY COVER
  AVERAGE SKY COVER 0.8



RELATIVE HUMIDITY (PERCENT)
 HIGHEST   100           300 AM
 LOWEST     53           300 PM
 AVERAGE    77

..........................................................


THE GLENS FALLS NY CLIMATE NORMALS FOR TODAY
                         NORMAL    RECORD    YEAR
 MAXIMUM TEMPERATURE (F)   59        85      1927
 MINIMUM TEMPERATURE (F)   34        17      1897


SUNRISE AND SUNSET
APRIL 20 2019.........SUNRISE   604 AM EDT   SUNSET   743 PM EDT
APRIL 21 2019.........SUNRISE   603 AM EDT   SUNSET   744 PM EDT


-  INDICATES NEGATIVE NUMBERS.
R  INDICATES RECORD WAS SET OR TIED.
MM INDICATES DATA IS MISSING.
T  INDICATES TRACE AMOUNT.




$$
