954
CDUS45 KGGW 270021
CLIGGW


CLIMATE REPORT
NATIONAL WEATHER SERVICE GLASGOW MT
620 PM MDT THU APR 26 2018


...................................

...THE GLASGOW MT CLIMATE SUMMARY FOR APRIL 26 2018...
VALID TODAY AS OF 0500 PM LOCAL TIME.

CLIMATE NORMAL PERIOD 1981 TO 2010
CLIMATE RECORD PERIOD 1893 TO 2018


WEATHER ITEM   OBSERVED TIME   RECORD YEAR NORMAL DEPARTURE LAST
                VALUE   (LST)  VALUE       VALUE  FROM      YEAR
                                                  NORMAL
..................................................................
TEMPERATURE (F)
 TODAY
  MAXIMUM         72        MM  93    1952  62     10       51
  MINIMUM         35    500 AM  17    1931  35      0       33
  AVERAGE         54                        49      5       42

PRECIPITATION (IN)
  TODAY            0.00          0.70 1901   0.03  -0.03     0.00
  MONTH TO DATE    0.38                      0.69  -0.31     0.46
  SINCE OCT 1      4.57                      3.29   1.28     5.50
  SINCE JAN 1      2.77                      1.74   1.03     1.97

SNOWFALL (IN)
  TODAY            0.0           1.4  1966   0.0    0.0      0.0
  MONTH TO DATE    5.6                       1.7    3.9      0.0
  SINCE MAR 1     25.3                       6.4   18.9      6.2
  SINCE JUL 1     63.4                      33.4   30.0     37.7
  SNOW DEPTH       0

DEGREE DAYS
 HEATING
  TODAY           11                        16     -5       23
  MONTH TO DATE  724                       540    184      512
  SINCE MAR 1   1989                      1574    415     1467
  SINCE JUL 1   8855                      7944    911     7574

 COOLING
  TODAY            0                         0      0        0
  MONTH TO DATE    0                         0      0        0
  SINCE MAR 1      0                         0      0        0
  SINCE JAN 1      0                         0      0        0
..................................................................


WIND (MPH)
  HIGHEST WIND SPEED    20   HIGHEST WIND DIRECTION    NW (310)
  HIGHEST GUST SPEED    25   HIGHEST GUST DIRECTION     W (290)
  AVERAGE WIND SPEED    10.8


SKY COVER
  POSSIBLE SUNSHINE  MM
  AVERAGE SKY COVER 0.0


WEATHER CONDITIONS
 THE FOLLOWING WEATHER WAS RECORDED TODAY.
  NO SIGNIFICANT WEATHER WAS OBSERVED.


RELATIVE HUMIDITY (PERCENT)
 HIGHEST    85           600 AM
 LOWEST     19           300 PM
 AVERAGE    52

..........................................................


THE GLASGOW MT CLIMATE NORMALS FOR TOMORROW
                         NORMAL    RECORD    YEAR
 MAXIMUM TEMPERATURE (F)   62        87      2001
                                             1949
 MINIMUM TEMPERATURE (F)   36        12      1907


SUNRISE AND SUNSET
APRIL 26 2018.........SUNRISE   556 AM MDT   SUNSET   813 PM MDT
APRIL 27 2018.........SUNRISE   554 AM MDT   SUNSET   815 PM MDT


-  INDICATES NEGATIVE NUMBERS.
R  INDICATES RECORD WAS SET OR TIED.
MM INDICATES DATA IS MISSING.
T  INDICATES TRACE AMOUNT.




$$
