000
CDUS45 KGGW 171235
CLIGGW


CLIMATE REPORT
NATIONAL WEATHER SERVICE GLASGOW MT
634 AM MDT WED JUL 17 2019


...................................

...THE GLASGOW MT CLIMATE SUMMARY FOR JULY 17 2019...
VALID AS OF 0600 AM LOCAL TIME.

CLIMATE NORMAL PERIOD 1981 TO 2010
CLIMATE RECORD PERIOD 1893 TO 2019


WEATHER ITEM   OBSERVED TIME   RECORD YEAR NORMAL DEPARTURE LAST
                VALUE   (LST)  VALUE       VALUE  FROM      YEAR
                                                  NORMAL
..................................................................
TEMPERATURE (F)
 TODAY
  MINIMUM         59    533 AM  40    1912  58      1       61
                                      1904

PRECIPITATION (IN)
  TODAY            0.00          0.84 1997   0.06  -0.06     0.00
  MONTH TO DATE    1.53                      1.08   0.45     0.89
  SINCE OCT 1     10.99                      8.78   2.21     8.59
  SINCE JAN 1      8.39                      7.23   1.16     6.79

SNOWFALL (IN)
  TODAY            0.0           0.0  2002   0.0    0.0      0.0
                                      2001
                                      2000
  MONTH TO DATE    0.0                       0.0    0.0      0.0
  SINCE JUN 1      0.0                       0.0    0.0      0.0
  SINCE JUL 1      0.0                       0.0    0.0      0.0
  SNOW DEPTH       0

DEGREE DAYS
 HEATING
  TODAY            3                         0      3        0
  MONTH TO DATE   15                        15      0        2
  SINCE JUN 1     81                       120    -39       37
  SINCE JUL 1     15                        15      0        2

 COOLING
  TODAY            0                         7     -7       15
  MONTH TO DATE   98                        98      0      159
  SINCE JUN 1    190                       173     17      264
  SINCE JAN 1    194                       190      4      331
..................................................................





WEATHER CONDITIONS
 THE FOLLOWING WEATHER WAS RECORDED TODAY.
  FOG
  FOG W/VISIBILITY <= 1/4 MILE


RELATIVE HUMIDITY (PERCENT)
 HIGHEST    93           100 AM

..........................................................


THE GLASGOW MT CLIMATE NORMALS FOR TOMORROW
                         NORMAL    RECORD    YEAR
 MAXIMUM TEMPERATURE (F)   86       112      1936
 MINIMUM TEMPERATURE (F)   58        37      1895


SUNRISE AND SUNSET
JULY 17 2019..........SUNRISE   524 AM MDT   SUNSET   901 PM MDT
JULY 18 2019..........SUNRISE   525 AM MDT   SUNSET   900 PM MDT


-  INDICATES NEGATIVE NUMBERS.
R  INDICATES RECORD WAS SET OR TIED.
MM INDICATES DATA IS MISSING.
T  INDICATES TRACE AMOUNT.




$$
