000
CDUS45 KGGW 151231
CLIGGW


CLIMATE REPORT
NATIONAL WEATHER SERVICE GLASGOW MT
631 AM MDT SUN SEP 15 2019


...................................

...THE GLASGOW MT CLIMATE SUMMARY FOR SEPTEMBER 15 2019...
VALID AS OF 0600 AM LOCAL TIME.

CLIMATE NORMAL PERIOD 1981 TO 2010
CLIMATE RECORD PERIOD 1893 TO 2019


WEATHER ITEM   OBSERVED TIME   RECORD YEAR NORMAL DEPARTURE LAST
                VALUE   (LST)  VALUE       VALUE  FROM      YEAR
                                                  NORMAL
..................................................................
TEMPERATURE (F)
 TODAY
  MINIMUM         55    500 AM  25    1897  45     10       48

PRECIPITATION (IN)
  TODAY            0.00          0.48 1954   0.03  -0.03      T
  MONTH TO DATE    3.21                      0.47   2.74     0.01
  SINCE OCT 1     16.95                     11.19   5.76     9.19
  SINCE JAN 1     14.35                      9.64   4.71     7.39

SNOWFALL (IN)
  TODAY            0.0           T    1997   0.0    0.0     MM
                                      1965
  MONTH TO DATE    0.0                       0.0    0.0      0.0
  SINCE SEP 1      0.0                       0.0    0.0      0.0
  SINCE JUL 1      0.0                       0.0    0.0      0.0
  SNOW DEPTH       0

DEGREE DAYS
 HEATING
  TODAY            7                         8     -1        9
  MONTH TO DATE   65                        81    -16       48
  SINCE SEP 1     65                        81    -16       48
  SINCE JUL 1     96                       134    -38       91

 COOLING
  TODAY            0                         1     -1        0
  MONTH TO DATE   25                        30     -5       25
  SINCE SEP 1     25                        30     -5       25
  SINCE JAN 1    537                       525     12      719
..................................................................





WEATHER CONDITIONS
 THE FOLLOWING WEATHER WAS RECORDED TODAY.
  NO SIGNIFICANT WEATHER WAS OBSERVED.


RELATIVE HUMIDITY (PERCENT)
 HIGHEST    78          1200 AM

..........................................................


THE GLASGOW MT CLIMATE NORMALS FOR TOMORROW
                         NORMAL    RECORD    YEAR
 MAXIMUM TEMPERATURE (F)   72        98      1998
 MINIMUM TEMPERATURE (F)   44        19      1903


SUNRISE AND SUNSET
SEPTEMBER 15 2019.....SUNRISE   643 AM MDT   SUNSET   719 PM MDT
SEPTEMBER 16 2019.....SUNRISE   645 AM MDT   SUNSET   717 PM MDT


-  INDICATES NEGATIVE NUMBERS.
R  INDICATES RECORD WAS SET OR TIED.
MM INDICATES DATA IS MISSING.
T  INDICATES TRACE AMOUNT.




$$
