000
CDUS45 KGGW 031232
CLIGGW


CLIMATE REPORT
NATIONAL WEATHER SERVICE GLASGOW MT
631 AM MDT WED JUN 3 2020


...................................

...THE GLASGOW MT CLIMATE SUMMARY FOR JUNE 3 2020...
VALID AS OF 0600 AM LOCAL TIME.

CLIMATE NORMAL PERIOD 1981 TO 2010
CLIMATE RECORD PERIOD 1893 TO 2020


WEATHER ITEM   OBSERVED TIME   RECORD YEAR NORMAL DEPARTURE LAST
                VALUE   (LST)  VALUE       VALUE  FROM      YEAR
                                                  NORMAL
..................................................................
TEMPERATURE (F)
 TODAY
  MINIMUM         56    252 AM  32    1998  48      8       58

PRECIPITATION (IN)
  TODAY            0.00          1.37 1999   0.09  -0.09     0.01
  MONTH TO DATE    0.02                      0.26  -0.24     0.01
  SINCE OCT 1      6.74                      5.63   1.11     6.57
  SINCE JAN 1      4.90                      4.08   0.82     3.97

SNOWFALL (IN)
  TODAY            0.0           T    1955   0.0    0.0      0.0
                                      1999
  MONTH TO DATE    0.0                       0.0    0.0      0.0
  SINCE JUN 1      0.0                       0.0    0.0      0.0
  SINCE JUL 1     35.6                      34.8    0.8     45.4
  SNOW DEPTH      MM

DEGREE DAYS
 HEATING
  TODAY            5                         6     -1        0
  MONTH TO DATE    5                        18    -13        3
  SINCE JUN 1      5                        18    -13        3
  SINCE JUL 1   8050                      8349   -299     8788

 COOLING
  TODAY            0                         1     -1       12
  MONTH TO DATE    4                         3      1       19
  SINCE JUN 1      4                         3      1       19
  SINCE JAN 1     24                        20      4       23
..................................................................





WEATHER CONDITIONS
 THE FOLLOWING WEATHER WAS RECORDED TODAY.
  NO SIGNIFICANT WEATHER WAS OBSERVED.


RELATIVE HUMIDITY (PERCENT)
 HIGHEST    57           100 AM

..........................................................


THE GLASGOW MT CLIMATE NORMALS FOR TOMORROW
                         NORMAL    RECORD    YEAR
 MAXIMUM TEMPERATURE (F)   73       102      1988
 MINIMUM TEMPERATURE (F)   49        31      1907


SUNRISE AND SUNSET
JUNE  3 2020..........SUNRISE   509 AM MDT   SUNSET   901 PM MDT
JUNE  4 2020..........SUNRISE   508 AM MDT   SUNSET   902 PM MDT


-  INDICATES NEGATIVE NUMBERS.
R  INDICATES RECORD WAS SET OR TIED.
MM INDICATES DATA IS MISSING.
T  INDICATES TRACE AMOUNT.




$$
