000
CDUS45 KGGW 230023
CLIGGW


CLIMATE REPORT
NATIONAL WEATHER SERVICE GLASGOW MT
623 PM MDT MON APR 22 2019


...................................

...THE GLASGOW MT CLIMATE SUMMARY FOR APRIL 22 2019...
VALID TODAY AS OF 0500 PM LOCAL TIME.

CLIMATE NORMAL PERIOD 1981 TO 2010
CLIMATE RECORD PERIOD 1893 TO 2019


WEATHER ITEM   OBSERVED TIME   RECORD YEAR NORMAL DEPARTURE LAST
                VALUE   (LST)  VALUE       VALUE  FROM      YEAR
                                                  NORMAL
..................................................................
TEMPERATURE (F)
 TODAY
  MAXIMUM         68    348 PM  85    1906  61      7       65
  MINIMUM         32    519 AM   9    1967  34     -2       36
  AVERAGE         50                        47      3       51

PRECIPITATION (IN)
  TODAY            0.00          0.18 1935   0.03  -0.03     0.00
  MONTH TO DATE    0.41                      0.55  -0.14     0.38
  SINCE OCT 1      4.90                      3.15   1.75     4.57
  SINCE JAN 1      2.30                      1.60   0.70     2.77

SNOWFALL (IN)
  TODAY            0.0           0.3  1963   0.1   -0.1      0.0
  MONTH TO DATE    0.0                       1.6   -1.6      5.6
  SINCE MAR 1      0.1                       6.3   -6.2     25.3
  SINCE JUL 1     45.4                      33.3   12.1     63.4
  SNOW DEPTH       0

DEGREE DAYS
 HEATING
  TODAY           15                        18     -3       14
  MONTH TO DATE  379                       473    -94      665
  SINCE MAR 1   1684                      1507    177     1930
  SINCE JUL 1   8247                      7877    370     8796

 COOLING
  TODAY            0                         0      0        0
  MONTH TO DATE    0                         0      0        0
  SINCE MAR 1      0                         0      0        0
  SINCE JAN 1      0                         0      0        0
..................................................................


WIND (MPH)
  HIGHEST WIND SPEED    24   HIGHEST WIND DIRECTION     S (200)
  HIGHEST GUST SPEED    32   HIGHEST GUST DIRECTION     S (160)
  AVERAGE WIND SPEED    12.0


SKY COVER
  POSSIBLE SUNSHINE  MM
  AVERAGE SKY COVER 0.1


WEATHER CONDITIONS
 THE FOLLOWING WEATHER WAS RECORDED TODAY.
  NO SIGNIFICANT WEATHER WAS OBSERVED.


RELATIVE HUMIDITY (PERCENT)
 HIGHEST    56           500 AM
 LOWEST     16          1200 PM
 AVERAGE    36

..........................................................


THE GLASGOW MT CLIMATE NORMALS FOR TOMORROW
                         NORMAL    RECORD    YEAR
 MAXIMUM TEMPERATURE (F)   61        88      2012
 MINIMUM TEMPERATURE (F)   34        10      1931


SUNRISE AND SUNSET
APRIL 22 2019.........SUNRISE   604 AM MDT   SUNSET   807 PM MDT
APRIL 23 2019.........SUNRISE   602 AM MDT   SUNSET   809 PM MDT


-  INDICATES NEGATIVE NUMBERS.
R  INDICATES RECORD WAS SET OR TIED.
MM INDICATES DATA IS MISSING.
T  INDICATES TRACE AMOUNT.




$$
