000
CDUS42 KGSP 210641 RRA
CLIGSP

CLIMATE REPORT
NATIONAL WEATHER SERVICE GREENVILLE-SPARTANBURG SC
237 AM EDT SUN APR 21 2019


...................................

...THE GREENVILLE-SPARTANBURG SC CLIMATE SUMMARY FOR APRIL 20 2019...

CLIMATE NORMAL PERIOD 1981 TO 2010
CLIMATE RECORD PERIOD 1884 TO 2019


WEATHER ITEM   OBSERVED TIME   RECORD YEAR NORMAL DEPARTURE LAST
                VALUE   (LST)  VALUE       VALUE  FROM      YEAR
                                                  NORMAL
..................................................................
TEMPERATURE (F)
 YESTERDAY
  MAXIMUM         53   1159 AM  94    1917  74    -21       66
  MINIMUM         43   1159 PM  25    1983  49     -6       38
  AVERAGE         48                        62    -14       52

PRECIPITATION (IN)
  YESTERDAY        0.06          1.91 1920   0.11  -0.05     0.00
  MONTH TO DATE    4.07                      2.23   1.84     2.83
  SINCE MAR 1      6.94                      6.75   0.19     6.39
  SINCE JAN 1     19.19                     14.54   4.65    14.66

SNOWFALL (IN)
  YESTERDAY       MM             T    1901   0.0   MM        0.0
  MONTH TO DATE    T                         0.0    0.0      0.0
  SINCE MAR 1      T                         0.9   -0.9      0.0
  SINCE JUL 1      4.3                       4.7   -0.4      4.7
  SNOW DEPTH       0

DEGREE DAYS
 HEATING
  YESTERDAY       17                         5     12       13
  MONTH TO DATE   95                       134    -39      155
  SINCE MAR 1    510                       518     -8      595
  SINCE JUL 1   2839                      2967   -128     2866

 COOLING
  YESTERDAY        0                         2     -2        0
  MONTH TO DATE   28                        21      7       12
  SINCE MAR 1     28                        29     -1       13
  SINCE JAN 1     33                        29      4       33
..................................................................


WIND (MPH)
  HIGHEST WIND SPEED    21   HIGHEST WIND DIRECTION    SW (220)
  HIGHEST GUST SPEED    31   HIGHEST GUST DIRECTION    SW (210)
  AVERAGE WIND SPEED    10.7


SKY COVER
  POSSIBLE SUNSHINE  MM
  AVERAGE SKY COVER 0.6


WEATHER CONDITIONS
 THE FOLLOWING WEATHER WAS RECORDED YESTERDAY.
  LIGHT RAIN
  FOG


RELATIVE HUMIDITY (PERCENT)
 HIGHEST    89          1100 PM
 LOWEST     63           600 PM
 AVERAGE    76

..........................................................


THE GREENVILLE-SPARTANBURG SC CLIMATE NORMALS FOR TODAY
                         NORMAL    RECORD    YEAR
 MAXIMUM TEMPERATURE (F)   74        90      1963
                                             1917
 MINIMUM TEMPERATURE (F)   50        27      1983


SUNRISE AND SUNSET
APRIL 21 2019.........SUNRISE   650 AM EDT   SUNSET   806 PM EDT
APRIL 22 2019.........SUNRISE   649 AM EDT   SUNSET   807 PM EDT


-  INDICATES NEGATIVE NUMBERS.
R  INDICATES RECORD WAS SET OR TIED.
MM INDICATES DATA IS MISSING.
T  INDICATES TRACE AMOUNT.




$$
