000
CDUS42 KGSP 062038
CLIGSP

CLIMATE REPORT
NATIONAL WEATHER SERVICE GREENVILLE-SPARTANBURG SC
438 PM EDT SAT JUN 06 2020

...................................

...THE GREENVILLE-SPARTANBURG SC CLIMATE SUMMARY FOR JUNE 6 2020...
VALID TODAY AS OF 0400 PM LOCAL TIME.

CLIMATE NORMAL PERIOD 1981 TO 2010
CLIMATE RECORD PERIOD 1884 TO 2020


WEATHER ITEM   OBSERVED TIME   RECORD YEAR NORMAL DEPARTURE LAST
                VALUE   (LST)  VALUE       VALUE  FROM      YEAR
                                                  NORMAL
...................................................................
TEMPERATURE (F)
 TODAY
  MAXIMUM         90    203 PM  99    1985  86      4       83
  MINIMUM         68    605 AM  48    1976  64      4       71
  AVERAGE         79                        75      4       77

PRECIPITATION (IN)
  TODAY            0.00          3.82 1903   0.13  -0.13      T
  MONTH TO DATE    0.67                      0.76  -0.09      T
  SINCE JUN 1      0.67                      0.76  -0.09      T
  SINCE JAN 1     41.91                     20.19  21.72    21.04

SNOWFALL (IN)
  TODAY            0.0           0.0    MM   0.0    0.0      0.0
  MONTH TO DATE    0.0                       0.0    0.0      0.0
  SINCE JUN 1      0.0                       0.0    0.0      0.0
  SINCE JUL 1      0.9                       4.7   -3.8      4.3
  SNOW DEPTH       0

DEGREE DAYS
 HEATING
  TODAY            0                         0      0        0
  MONTH TO DATE    0                         0      0        0
  SINCE JUN 1      0                         0      0        0
  SINCE JUL 1   2728                      3044   -316     2864

 COOLING
  TODAY           14                        10      4       12
  MONTH TO DATE   64                        55      9       65
  SINCE JUN 1     64                        55      9       65
  SINCE JAN 1    248                       256     -8      422
...................................................................


WIND (MPH)
  HIGHEST WIND SPEED    14   HIGHEST WIND DIRECTION    SW (220)
  HIGHEST GUST SPEED    18   HIGHEST GUST DIRECTION    SW (210)
  AVERAGE WIND SPEED     4.6


SKY COVER
  POSSIBLE SUNSHINE  MM
  AVERAGE SKY COVER 0.1


WEATHER CONDITIONS
THE FOLLOWING WEATHER WAS RECORDED TODAY.
  FOG


RELATIVE HUMIDITY (PERCENT)
 HIGHEST    93           300 AM
 LOWEST     43           100 PM
 AVERAGE    68

..........................................................


THE GREENVILLE-SPARTANBURG SC CLIMATE NORMALS FOR TOMORROW
                         NORMAL    RECORD    YEAR
 MAXIMUM TEMPERATURE (F)   86        99      2008
 MINIMUM TEMPERATURE (F)   64        48      1976


SUNRISE AND SUNSET
JUNE  6 2020..........SUNRISE   615 AM EDT   SUNSET   840 PM EDT
JUNE  7 2020..........SUNRISE   615 AM EDT   SUNSET   841 PM EDT


-  INDICATES NEGATIVE NUMBERS.
R  INDICATES RECORD WAS SET OR TIED.
MM INDICATES DATA IS MISSING.
T  INDICATES TRACE AMOUNT.




$$
