000
CDUS46 KPQR 151145
CLIHIO


CLIMATE REPORT
NATIONAL WEATHER SERVICE PORTLAND OREGON
444 AM PDT SUN SEP 15 2019


...................................

...THE HILLSBORO OR CLIMATE SUMMARY FOR SEPTEMBER 14 2019...

CLIMATE NORMAL PERIOD 1981 TO 2010
CLIMATE RECORD PERIOD 1929 TO 2019


WEATHER ITEM   OBSERVED TIME   RECORD YEAR NORMAL DEPARTURE LAST
                VALUE   (LST)  VALUE       VALUE  FROM      YEAR
                                                  NORMAL
..................................................................
TEMPERATURE (F)
 YESTERDAY
  MAXIMUM         76    405 PM  97    1937  76      0       69
  MINIMUM         56    631 AM  35    1970  47      9       45
  AVERAGE         66                        61      5       57

PRECIPITATION (IN)
  YESTERDAY        0.00          1.47 1996   0.03  -0.03
  MONTH TO DATE    1.00                      0.43   0.57
  SINCE OCT 1     27.14                     38.89 -11.75
  SINCE JAN 1     16.46                     22.50  -6.04

SNOWFALL (IN)
  YESTERDAY       MM
  MONTH TO DATE   MM
  SINCE SEP 1     MM
  SINCE JUL 1     MM
  SNOW DEPTH      MM

DEGREE DAYS
 HEATING
  YESTERDAY        0                         4     -4
  MONTH TO DATE    7                        48    -41
  SINCE JUL 1     33                       155   -122

 COOLING
  YESTERDAY        1                         1      0
  MONTH TO DATE   30                        16     14
  SINCE JAN 1    275                       194     81
..................................................................


WIND (MPH)
  HIGHEST WIND SPEED    13   HIGHEST WIND DIRECTION     W (260)
  HIGHEST GUST SPEED    15   HIGHEST GUST DIRECTION     W (250)
  AVERAGE WIND SPEED     3.5


SKY COVER
  POSSIBLE SUNSHINE  MM
  AVERAGE SKY COVER 0.4


WEATHER CONDITIONS
 THE FOLLOWING WEATHER WAS RECORDED YESTERDAY.
  NO SIGNIFICANT WEATHER WAS OBSERVED.


RELATIVE HUMIDITY (PERCENT)
 HIGHEST   100           400 AM
 LOWEST     41           500 PM
 AVERAGE    71

..........................................................


THE HILLSBORO OR CLIMATE NORMALS FOR TODAY
                         NORMAL    RECORD    YEAR
 MAXIMUM TEMPERATURE (F)   75        98      1981
 MINIMUM TEMPERATURE (F)   47        35      1970
                                             1969
                                             1936


SUNRISE AND SUNSET
SEPTEMBER 15 2019.....SUNRISE   650 AM PDT   SUNSET   723 PM PDT
SEPTEMBER 16 2019.....SUNRISE   651 AM PDT   SUNSET   721 PM PDT


-  INDICATES NEGATIVE NUMBERS.
R  INDICATES RECORD WAS SET OR TIED.
MM INDICATES DATA IS MISSING.
T  INDICATES TRACE AMOUNT.




$$
