000
CDUS46 KPQR 171141
CLIHIO


CLIMATE REPORT
NATIONAL WEATHER SERVICE PORTLAND OREGON
441 AM PDT WED JUL 17 2019


...................................

...THE HILLSBORO OR CLIMATE SUMMARY FOR JULY 16 2019...

CLIMATE NORMAL PERIOD 1981 TO 2010
CLIMATE RECORD PERIOD 1929 TO 2019


WEATHER ITEM   OBSERVED TIME   RECORD YEAR NORMAL DEPARTURE LAST
                VALUE   (LST)  VALUE       VALUE  FROM      YEAR
                                                  NORMAL
..................................................................
TEMPERATURE (F)
 YESTERDAY
  MAXIMUM         81    201 PM 101    1941  81      0       97
  MINIMUM         57   1138 PM  40    1939  51      6       58
  AVERAGE         69                        66      3       78

PRECIPITATION (IN)
  YESTERDAY        0.00          0.26 1942   0.02  -0.02
  MONTH TO DATE    0.49                      0.39   0.10
  SINCE OCT 1     25.93                     37.67 -11.74
  SINCE JAN 1     15.25                     21.28  -6.03

SNOWFALL (IN)
  YESTERDAY       MM
  MONTH TO DATE   MM
  SINCE JUN 1     MM
  SINCE JUL 1     MM
  SNOW DEPTH      MM

DEGREE DAYS
 HEATING
  YESTERDAY        0                         2     -2
  MONTH TO DATE   14                        37    -23
  SINCE JUL 1     14                        37    -23

 COOLING
  YESTERDAY        4                         3      1
  MONTH TO DATE   30                        30      0
  SINCE JAN 1     74                        56     18
..................................................................


WIND (MPH)
  HIGHEST WIND SPEED    17   HIGHEST WIND DIRECTION    NW (300)
  HIGHEST GUST SPEED    21   HIGHEST GUST DIRECTION    NW (320)
  AVERAGE WIND SPEED     5.3


SKY COVER
  POSSIBLE SUNSHINE  MM
  AVERAGE SKY COVER 0.7


WEATHER CONDITIONS
 THE FOLLOWING WEATHER WAS RECORDED YESTERDAY.
  NO SIGNIFICANT WEATHER WAS OBSERVED.


RELATIVE HUMIDITY (PERCENT)
 HIGHEST    90           400 AM
 LOWEST     39           200 PM
 AVERAGE    65

..........................................................


THE HILLSBORO OR CLIMATE NORMALS FOR TODAY
                         NORMAL    RECORD    YEAR
 MAXIMUM TEMPERATURE (F)   81       101      1979
 MINIMUM TEMPERATURE (F)   51        41      1955
                                             1945


SUNRISE AND SUNSET
JULY 17 2019..........SUNRISE   539 AM PDT   SUNSET   856 PM PDT
JULY 18 2019..........SUNRISE   540 AM PDT   SUNSET   855 PM PDT


-  INDICATES NEGATIVE NUMBERS.
R  INDICATES RECORD WAS SET OR TIED.
MM INDICATES DATA IS MISSING.
T  INDICATES TRACE AMOUNT.




$$
