000
CDUS45 KTFX 232240
CLIHLN


CLIMATE REPORT
NATIONAL WEATHER SERVICE GREAT FALLS MT
440 PM MDT TUE APR 23 2019


...................................

...THE HELENA MT CLIMATE SUMMARY FOR APRIL 23 2019...
VALID TODAY AS OF 0400 PM LOCAL TIME.

CLIMATE NORMAL PERIOD 1981 TO 2010
CLIMATE RECORD PERIOD 1866 TO 2019


WEATHER ITEM   OBSERVED TIME   RECORD YEAR NORMAL DEPARTURE LAST
                VALUE   (LST)  VALUE       VALUE  FROM      YEAR
                                                  NORMAL
..................................................................
TEMPERATURE (F)
 TODAY
  MAXIMUM         64    200 PM  83    2012  60      4       48
  MINIMUM         47        MM  14    1931  34     13       34
  AVERAGE         56                        47      9       41

PRECIPITATION (IN)
  TODAY            T             0.93 1925   0.03  -0.03     0.03
  MONTH TO DATE    1.19                      0.71   0.48     1.42
  SINCE OCT 1      5.87                      3.53   2.34     7.36
  SINCE JAN 1      4.96                      1.96   3.00     4.03

DEGREE DAYS
 HEATING
  TODAY            9                        18     -9       24
  MONTH TO DATE  420                       484    -64      581
  SINCE MAR 1   1773                      1375    398     1574
  SINCE JUL 1   7658                      6936    722     7581

 COOLING
  TODAY            0                         0      0        0
  MONTH TO DATE    0                         0      0        0
  SINCE MAR 1      0                         0      0        0
  SINCE JAN 1      0                         0      0        0
..................................................................


WIND (MPH)
  HIGHEST WIND SPEED    12   HIGHEST WIND DIRECTION     W (270)
  HIGHEST GUST SPEED    MM   HIGHEST GUST DIRECTION    MM
  AVERAGE WIND SPEED     4.6


SKY COVER
  AVERAGE SKY COVER 0.6


WEATHER CONDITIONS
 THE FOLLOWING WEATHER WAS RECORDED TODAY.
  NO SIGNIFICANT WEATHER WAS OBSERVED.


RELATIVE HUMIDITY (PERCENT)
 HIGHEST    66           700 AM
 LOWEST     35           200 AM
 AVERAGE    51

..........................................................


THE HELENA MT CLIMATE NORMALS FOR TOMORROW
                         NORMAL    RECORD    YEAR
 MAXIMUM TEMPERATURE (F)   60        83      1910
 MINIMUM TEMPERATURE (F)   34        16      2009


SUNRISE AND SUNSET
APRIL 23 2019.........SUNRISE   627 AM MDT   SUNSET   827 PM MDT
APRIL 24 2019.........SUNRISE   625 AM MDT   SUNSET   828 PM MDT


-  INDICATES NEGATIVE NUMBERS.
R  INDICATES RECORD WAS SET OR TIED.
MM INDICATES DATA IS MISSING.
T  INDICATES TRACE AMOUNT.




$$
