000
CDUS45 KTFX 030732
CLIHLN

CLIMATE REPORT
NATIONAL WEATHER SERVICE GREAT FALLS MT
132 AM MDT WED JUN 03 2020

...................................

...THE HELENA MT CLIMATE SUMMARY FOR JUNE 2 2020...

CLIMATE NORMAL PERIOD 1981 TO 2010
CLIMATE RECORD PERIOD 1866 TO 2020


WEATHER ITEM   OBSERVED TIME   RECORD YEAR NORMAL DEPARTURE LAST
                VALUE   (LST)  VALUE       VALUE  FROM      YEAR
                                                  NORMAL
...................................................................
TEMPERATURE (F)
 YESTERDAY
  MAXIMUM         79    454 PM  91    1986  72      7       83
  MINIMUM         48    522 AM  33    1943  46      2       50
  AVERAGE         64                        58      6       67

PRECIPITATION (IN)
  YESTERDAY        0.00          1.20 1943   0.09  -0.09     0.00
  MONTH TO DATE    0.00                      0.17  -0.17     0.00
  SINCE OCT 1      5.39                      5.84  -0.45     8.38
  SINCE JAN 1      3.54                      4.27  -0.73     7.47

SNOWFALL (IN)
  YESTERDAY        0.0           T    1943   0.0    0.0      0.0
                                      1995
  MONTH TO DATE    0.0                       0.0    0.0      0.0
  SINCE JUN 1      0.0                       0.0    0.0      0.0
  SINCE JUL 1     40.4                      38.1    2.3     49.5
  SNOW DEPTH       0

DEGREE DAYS
 HEATING
  YESTERDAY        1                         7     -6        0
  MONTH TO DATE    1                        14    -13        1
  SINCE JUN 1      1                        14    -13        1
  SINCE JUL 1   7091                      7419   -328     8203

 COOLING
  YESTERDAY        0                         1     -1        2
  MONTH TO DATE    0                         2     -2        2
  SINCE JUN 1      0                         2     -2        2
  SINCE JAN 1     12                        10      2        5
...................................................................


WIND (MPH)
  HIGHEST WIND SPEED    22   HIGHEST WIND DIRECTION     W (270)
  HIGHEST GUST SPEED    27   HIGHEST GUST DIRECTION     W (280)
  AVERAGE WIND SPEED     6.2


SKY COVER
  AVERAGE SKY COVER 0.0


WEATHER CONDITIONS
THE FOLLOWING WEATHER WAS RECORDED YESTERDAY.
  NO SIGNIFICANT WEATHER WAS OBSERVED.


RELATIVE HUMIDITY (PERCENT)
 HIGHEST    71           500 AM
 LOWEST     21           700 PM
 AVERAGE    46

..........................................................


THE HELENA MT CLIMATE NORMALS FOR TODAY
                         NORMAL    RECORD    YEAR
 MAXIMUM TEMPERATURE (F)   72        92      1988
 MINIMUM TEMPERATURE (F)   46        31      1910
                                             1951
                                             1987


SUNRISE AND SUNSET
JUNE  3 2020..........SUNRISE   537 AM MDT   SUNSET   916 PM MDT
JUNE  4 2020..........SUNRISE   537 AM MDT   SUNSET   917 PM MDT


-  INDICATES NEGATIVE NUMBERS.
R  INDICATES RECORD WAS SET OR TIED.
MM INDICATES DATA IS MISSING.
T  INDICATES TRACE AMOUNT.




$$
