000
CDUS45 KTFX 170855
CLIHLN


CLIMATE REPORT
NATIONAL WEATHER SERVICE GREAT FALLS MT
254 AM MDT WED JUL 17 2019


...................................

...THE HELENA MT CLIMATE SUMMARY FOR JULY 16 2019...

CLIMATE NORMAL PERIOD 1981 TO 2010
CLIMATE RECORD PERIOD 1866 TO 2019


WEATHER ITEM   OBSERVED TIME   RECORD YEAR NORMAL DEPARTURE LAST
                VALUE   (LST)  VALUE       VALUE  FROM      YEAR
                                                  NORMAL
..................................................................
TEMPERATURE (F)
 YESTERDAY
  MAXIMUM         81    322 PM 100    2007  86     -5       93
  MINIMUM         56    525 AM  39    1999  55      1       54
  AVERAGE         69                        70     -1       74

PRECIPITATION (IN)
  YESTERDAY        0.00          0.63 1884   0.03  -0.03     0.00
  MONTH TO DATE    1.27                      0.66   0.61      T
  SINCE OCT 1     10.43                      8.39   2.04    14.17
  SINCE JAN 1      9.52                      6.82   2.70    10.84

SNOWFALL (IN)
  YESTERDAY        0.0           0.0  1999   0.0    0.0      0.0
                                      1995
  MONTH TO DATE    T                         0.0    0.0      0.0
  SINCE JUN 1      T                         T      0.0      0.0
  SINCE JUL 1      T                         0.0    0.0      0.0
  SNOW DEPTH       0

DEGREE DAYS
 HEATING
  YESTERDAY        0                         1     -1        0
  MONTH TO DATE    7                        21    -14       17
  SINCE JUN 1     94                       157    -63      128
  SINCE JUL 1      7                        21    -14       17

 COOLING
  YESTERDAY        4                         6     -2        9
  MONTH TO DATE   61                        81    -20      102
  SINCE JUN 1     94                       130    -36      127
  SINCE JAN 1     97                       138    -41      132
..................................................................


WIND (MPH)
  HIGHEST WIND SPEED    20   HIGHEST WIND DIRECTION    NW (310)
  HIGHEST GUST SPEED    25   HIGHEST GUST DIRECTION    NW (310)
  AVERAGE WIND SPEED     7.2


SKY COVER
  AVERAGE SKY COVER 0.3


WEATHER CONDITIONS
 THE FOLLOWING WEATHER WAS RECORDED YESTERDAY.
  NO SIGNIFICANT WEATHER WAS OBSERVED.


RELATIVE HUMIDITY (PERCENT)
 HIGHEST    86           400 AM
 LOWEST     26           400 PM
 AVERAGE    56

..........................................................


THE HELENA MT CLIMATE NORMALS FOR TODAY
                         NORMAL    RECORD    YEAR
 MAXIMUM TEMPERATURE (F)   87       102      2003
 MINIMUM TEMPERATURE (F)   55        39      1972


SUNRISE AND SUNSET
JULY 17 2019..........SUNRISE   552 AM MDT   SUNSET   916 PM MDT
JULY 18 2019..........SUNRISE   553 AM MDT   SUNSET   915 PM MDT


-  INDICATES NEGATIVE NUMBERS.
R  INDICATES RECORD WAS SET OR TIED.
MM INDICATES DATA IS MISSING.
T  INDICATES TRACE AMOUNT.




$$
