000
CDUS43 KFSD 030830
CLIHON

CLIMATE REPORT
NATIONAL WEATHER SERVICE SIOUX FALLS SD
330 AM CDT WED JUN 03 2020

...................................

...THE HURON CLIMATE SUMMARY FOR JUNE 2 2020...

CLIMATE NORMAL PERIOD: 1981 TO 2010
CLIMATE RECORD PERIOD: 1881 TO 2020


WEATHER ITEM   OBSERVED TIME   RECORD YEAR NORMAL DEPARTURE LAST
                VALUE   (LST)  VALUE       VALUE  FROM      YEAR
                                                  NORMAL
...................................................................
TEMPERATURE (F)
 YESTERDAY
  MAXIMUM         88   3:39 PM 100    1940  75     13       76
  MINIMUM         64  11:57 PM  32    1946  52     12       48
                                      1964
  AVERAGE         76                        63     13       62

PRECIPITATION (IN)
  YESTERDAY        0.00          1.13 2007   0.15  -0.15     0.00
  MONTH TO DATE    0.00                      0.28  -0.28     0.00
  SINCE JUN 1      0.00                      0.28  -0.28     0.00
  SINCE JAN 1      4.85                      8.26  -3.41    13.28

SNOWFALL (IN)
  YESTERDAY        0.0           0.0    MM   0.0    0.0      0.0
  MONTH TO DATE    0.0                       0.0    0.0      0.0
  SINCE JUN 1      0.0                       0.0    0.0      0.0
  SINCE JUL 1     51.2                      43.9    7.3     64.4
  SNOW DEPTH       0

DEGREE DAYS
 HEATING
  YESTERDAY        0                         4     -4        3
  MONTH TO DATE    0                         8     -8        7
  SINCE JUN 1      0                         8     -8        7
  SINCE JUL 1   7637                      7629      8     8612

 COOLING
  YESTERDAY       11                         2      9        0
  MONTH TO DATE   27                         4     23        0
  SINCE JUN 1     27                         4     23        0
  SINCE JAN 1     38                        37      1       13
...................................................................


WIND (MPH)
  HIGHEST WIND SPEED    23   HIGHEST WIND DIRECTION    NE (40)
  HIGHEST GUST SPEED    30   HIGHEST GUST DIRECTION    NE (40)
  AVERAGE WIND SPEED     9.5


SKY COVER
  POSSIBLE SUNSHINE  MM
  AVERAGE SKY COVER 0.0


WEATHER CONDITIONS
THE FOLLOWING WEATHER WAS RECORDED YESTERDAY.
  NO SIGNIFICANT WEATHER WAS OBSERVED.


RELATIVE HUMIDITY (PERCENT)
 HIGHEST    93           3:00 AM
 LOWEST     32           1:00 PM
 AVERAGE    63

..........................................................


THE HURON CLIMATE NORMALS FOR TODAY
                         NORMAL    RECORD    YEAR
 MAXIMUM TEMPERATURE (F)   75        99      1933
 MINIMUM TEMPERATURE (F)   52        34      1883


SUNRISE AND SUNSET
JUNE  3 2020..........SUNRISE   5:50 AM CDT   SUNSET   9:12 PM CDT
JUNE  4 2020..........SUNRISE   5:50 AM CDT   SUNSET   9:13 PM CDT


-  INDICATES NEGATIVE NUMBERS.
R  INDICATES RECORD WAS SET OR TIED.
MM INDICATES DATA IS MISSING.
T  INDICATES TRACE AMOUNT.




$$
