000
CDUS43 KFSD 222229
CLIHON


CLIMATE REPORT
NATIONAL WEATHER SERVICE SIOUX FALLS SD
528 PM CDT MON APR 22 2019


...................................

...THE HURON SD CLIMATE SUMMARY FOR APRIL 22 2019...
VALID TODAY AS OF 0500 PM LOCAL TIME.

CLIMATE NORMAL PERIOD 1981 TO 2010
CLIMATE RECORD PERIOD 1881 TO 2019


WEATHER ITEM   OBSERVED TIME   RECORD YEAR NORMAL DEPARTURE LAST
                VALUE   (LST)  VALUE       VALUE  FROM      YEAR
                                                  NORMAL
..................................................................
TEMPERATURE (F)
 TODAY
  MAXIMUM         65    345 PM  92    1990  62      3       62
  MINIMUM         46    557 AM  19    2015  37      9       35
  AVERAGE         56                        49      7       49

PRECIPITATION (IN)
  TODAY            0.01          1.70 1882   0.08  -0.07     0.00
  MONTH TO DATE    2.45                      1.61   0.84     2.21
  SINCE MAR 1      4.64                      3.07   1.57     4.17
  SINCE JAN 1      6.52                      4.17   2.35     5.51

SNOWFALL (IN)
  TODAY            0.0           3.8  2013   0.1   -0.1      0.0
  MONTH TO DATE   18.7                       3.5   15.2     21.9
  SINCE MAR 1     26.4                      12.4   14.0     30.8
  SINCE JUL 1     62.4                      43.4   19.0     58.7
  SNOW DEPTH       0

DEGREE DAYS
 HEATING
  TODAY            9                        16     -7       16
  MONTH TO DATE  465                       447     18      737
  SINCE MAR 1   1706                      1434    272     1771
  SINCE JUL 1   8122                      7266    856     7719

 COOLING
  TODAY            0                         0      0        0
  MONTH TO DATE    0                         0      0        0
  SINCE MAR 1      0                         0      0        0
  SINCE JAN 1      0                         0      0        0
..................................................................


WIND (MPH)
  HIGHEST WIND SPEED    29   HIGHEST WIND DIRECTION     N (10)
  HIGHEST GUST SPEED    39   HIGHEST GUST DIRECTION     N (10)
  AVERAGE WIND SPEED    20.8


SKY COVER
  POSSIBLE SUNSHINE  MM
  AVERAGE SKY COVER 0.6


WEATHER CONDITIONS
 THE FOLLOWING WEATHER WAS RECORDED TODAY.
  LIGHT RAIN


RELATIVE HUMIDITY (PERCENT)
 HIGHEST    77           200 AM
 LOWEST     27          1200 PM
 AVERAGE    52

..........................................................


THE HURON SD CLIMATE NORMALS FOR TOMORROW
                         NORMAL    RECORD    YEAR
 MAXIMUM TEMPERATURE (F)   63        91      2009
 MINIMUM TEMPERATURE (F)   37         8      2013


SUNRISE AND SUNSET
APRIL 22 2019.........SUNRISE   638 AM CDT   SUNSET   826 PM CDT
APRIL 23 2019.........SUNRISE   636 AM CDT   SUNSET   827 PM CDT


-  INDICATES NEGATIVE NUMBERS.
R  INDICATES RECORD WAS SET OR TIED.
MM INDICATES DATA IS MISSING.
T  INDICATES TRACE AMOUNT.




$$
