000
CDUS43 KFSD 170643
CLIHON


CLIMATE REPORT
NATIONAL WEATHER SERVICE SIOUX FALLS SD
142 AM CDT WED JUL 17 2019


...................................

...THE HURON SD CLIMATE SUMMARY FOR JULY 16 2019...

CLIMATE NORMAL PERIOD 1981 TO 2010
CLIMATE RECORD PERIOD 1881 TO 2019


WEATHER ITEM   OBSERVED TIME   RECORD YEAR NORMAL DEPARTURE LAST
                VALUE   (LST)  VALUE       VALUE  FROM      YEAR
                                                  NORMAL
..................................................................
TEMPERATURE (F)
 YESTERDAY
  MAXIMUM         88    356 PM 109    1936  86      2       85
  MINIMUM         71    807 AM  42    1976  62      9       51
  AVERAGE         80                        74      6       68

PRECIPITATION (IN)
  YESTERDAY        0.17          1.44 1927   0.09   0.08     0.00
  MONTH TO DATE    3.99                      1.41   2.58     0.61
  SINCE JUN 1      7.38                      5.34   2.04     3.14
  SINCE JAN 1     20.66                     13.32   7.34    10.12

SNOWFALL (IN)
  YESTERDAY        0.0           0.0    MM   0.0    0.0      0.0
  MONTH TO DATE    0.0                       0.0    0.0      0.0
  SINCE JUN 1      0.0                       0.0    0.0      0.0
  SINCE JUL 1      0.0                       0.0    0.0      0.0
  SNOW DEPTH       0

DEGREE DAYS
 HEATING
  YESTERDAY        0                         0      0        0
  MONTH TO DATE    0                         0      0        0
  SINCE JUN 1     28                        51    -23        9
  SINCE JUL 1      0                         0      0        0

 COOLING
  YESTERDAY       15                         9      6        3
  MONTH TO DATE  174                       138     36      194
  SINCE JUN 1    333                       271     62      413
  SINCE JAN 1    346                       304     42      535
..................................................................


WIND (MPH)
  HIGHEST WIND SPEED    14   HIGHEST WIND DIRECTION    SE (140)
  HIGHEST GUST SPEED    19   HIGHEST GUST DIRECTION    SE (120)
  AVERAGE WIND SPEED     6.3


SKY COVER
  POSSIBLE SUNSHINE  MM
  AVERAGE SKY COVER 0.1


WEATHER CONDITIONS
 THE FOLLOWING WEATHER WAS RECORDED YESTERDAY.
  THUNDERSTORM
  HEAVY RAIN
  RAIN
  LIGHT RAIN
  FOG


RELATIVE HUMIDITY (PERCENT)
 HIGHEST    93           300 AM
 LOWEST     48           600 PM
 AVERAGE    71

..........................................................


THE HURON SD CLIMATE NORMALS FOR TODAY
                         NORMAL    RECORD    YEAR
 MAXIMUM TEMPERATURE (F)   87       110      1936
 MINIMUM TEMPERATURE (F)   62        45      1885


SUNRISE AND SUNSET
JULY 17 2019..........SUNRISE   604 AM CDT   SUNSET   913 PM CDT
JULY 18 2019..........SUNRISE   605 AM CDT   SUNSET   912 PM CDT


-  INDICATES NEGATIVE NUMBERS.
R  INDICATES RECORD WAS SET OR TIED.
MM INDICATES DATA IS MISSING.
T  INDICATES TRACE AMOUNT.




$$
