000
CDUS43 KFSD 150637
CLIHON


CLIMATE REPORT
NATIONAL WEATHER SERVICE SIOUX FALLS SD
136 AM CDT SUN SEP 15 2019


...................................

...THE HURON SD CLIMATE SUMMARY FOR SEPTEMBER 14 2019...

CLIMATE NORMAL PERIOD 1981 TO 2010
CLIMATE RECORD PERIOD 1881 TO 2019


WEATHER ITEM   OBSERVED TIME   RECORD YEAR NORMAL DEPARTURE LAST
                VALUE   (LST)  VALUE       VALUE  FROM      YEAR
                                                  NORMAL
..................................................................
TEMPERATURE (F)
 YESTERDAY
  MAXIMUM         81    521 PM  99    1939  76      5       81
  MINIMUM         56    659 AM  29    1892  50      6       62
  AVERAGE         69                        63      6       72

PRECIPITATION (IN)
  YESTERDAY        0.00          1.50 1889   0.09  -0.09     0.00
  MONTH TO DATE    3.02                      1.23   1.79      T
  SINCE SEP 1      3.02                      1.23   1.79      T
  SINCE JAN 1     32.62                     18.49  14.13    12.56

SNOWFALL (IN)
  YESTERDAY        0.0           0.0    MM   0.0    0.0      0.0
  MONTH TO DATE    0.0                       0.0    0.0      0.0
  SINCE SEP 1      0.0                       0.0    0.0      0.0
  SINCE JUL 1      0.0                       0.0    0.0      0.0
  SNOW DEPTH       0

DEGREE DAYS
 HEATING
  YESTERDAY        0                         5     -5        0
  MONTH TO DATE   18                        44    -26        5
  SINCE SEP 1     18                        44    -26        5
  SINCE JUL 1     29                        73    -44       20

 COOLING
  YESTERDAY        4                         2      2        7
  MONTH TO DATE   39                        51    -12       88
  SINCE SEP 1     39                        51    -12       88
  SINCE JAN 1    655                       720    -65      919
..................................................................


WIND (MPH)
  HIGHEST WIND SPEED    14   HIGHEST WIND DIRECTION     S (160)
  HIGHEST GUST SPEED    20   HIGHEST GUST DIRECTION     S (160)
  AVERAGE WIND SPEED     5.4


SKY COVER
  POSSIBLE SUNSHINE  MM
  AVERAGE SKY COVER 0.0


WEATHER CONDITIONS
 THE FOLLOWING WEATHER WAS RECORDED YESTERDAY.
  FOG
  FOG W/VISIBILITY <= 1/4 MILE


RELATIVE HUMIDITY (PERCENT)
 HIGHEST   100          1000 PM
 LOWEST     60           200 PM
 AVERAGE    80

..........................................................


THE HURON SD CLIMATE NORMALS FOR TODAY
                         NORMAL    RECORD    YEAR
 MAXIMUM TEMPERATURE (F)   75       101      1955
 MINIMUM TEMPERATURE (F)   49        28      1916


SUNRISE AND SUNSET
SEPTEMBER 15 2019.....SUNRISE   712 AM CDT   SUNSET   744 PM CDT
SEPTEMBER 16 2019.....SUNRISE   713 AM CDT   SUNSET   742 PM CDT


-  INDICATES NEGATIVE NUMBERS.
R  INDICATES RECORD WAS SET OR TIED.
MM INDICATES DATA IS MISSING.
T  INDICATES TRACE AMOUNT.




$$
