000
CDCA42 TJSJ 220430
CLIISX


CLIMATE REPORT
NATIONAL WEATHER SERVICE SAN JUAN, PR
1228 AM AST MON APR 22 2019


...................................

...THE HENRY E. ROHLSEN AP/ST CROIX CLIMATE SUMMARY FOR APRIL 21 2019...

CLIMATE NORMAL PERIOD 1981 TO 2010
CLIMATE RECORD PERIOD 1951 TO 2019


WEATHER ITEM   OBSERVED TIME   RECORD YEAR NORMAL DEPARTURE LAST
                VALUE   (LST)  VALUE       VALUE  FROM      YEAR
                                                  NORMAL
..................................................................
TEMPERATURE (F)
 YESTERDAY
  MAXIMUM         88   1137 AM  93    1961  86      2       88
  MINIMUM         76   1126 PM  66    2011  75      1       76
  AVERAGE         82                        80      2       82

PRECIPITATION (IN)
  YESTERDAY        T             1.26 2007   0.07  -0.07     0.00
  MONTH TO DATE    T                         1.33  -1.33     0.50
  SINCE MAR 1      0.02                      2.89  -2.87     1.54
  SINCE JAN 1      0.81                      6.68  -5.87     3.93

SNOWFALL (IN)
  YESTERDAY        0.0                       0.0    0.0      0.0
  MONTH TO DATE    0.0                       0.0    0.0      0.0
  SINCE MAR 1      0.0                       0.0    0.0      0.0
  SINCE JUL 1      0.0                       0.0    0.0      0.0

DEGREE DAYS
 HEATING
  YESTERDAY        0                         0      0        0
  MONTH TO DATE    0                         0      0        0
  SINCE MAR 1      0                         0      0        0
  SINCE JUL 1      0                         0      0        0

 COOLING
  YESTERDAY       17                        15      2       17
  MONTH TO DATE  333                       308     25      293
  SINCE MAR 1    780                       728     52      702
  SINCE JAN 1   1636                      1505    131     1432
..................................................................


WIND (MPH)
  HIGHEST WIND SPEED    22   HIGHEST WIND DIRECTION     E (100)
  HIGHEST GUST SPEED    27   HIGHEST GUST DIRECTION     E (100)
  AVERAGE WIND SPEED    13.9


SKY COVER
  AVERAGE SKY COVER 0.3


WEATHER CONDITIONS
 THE FOLLOWING WEATHER WAS RECORDED YESTERDAY.
  LIGHT RAIN


RELATIVE HUMIDITY (PERCENT)
 HIGHEST    79
 LOWEST     55
 AVERAGE    67

..........................................................


THE HENRY E. ROHLSEN AP/ST CROIX CLIMATE NORMALS FOR TODAY
                         NORMAL    RECORD    YEAR
 MAXIMUM TEMPERATURE (F)   86        91      1972
 MINIMUM TEMPERATURE (F)   75        63      1955


SUNRISE AND SUNSET
APRIL 22 2019.........SUNRISE   558 AM AST   SUNSET   637 PM AST
APRIL 23 2019.........SUNRISE   558 AM AST   SUNSET   638 PM AST


-  INDICATES NEGATIVE NUMBERS.
R  INDICATES RECORD WAS SET OR TIED.
MM INDICATES DATA IS MISSING.
T  INDICATES TRACE AMOUNT.




$$
