000
CDUS43 KIND 260532
CLILAF


CLIMATE REPORT
NATIONAL WEATHER SERVICE INDIANAPOLIS IN
132 AM EDT MON AUG 26 2019


...................................

...THE LAFAYETTE IN CLIMATE SUMMARY FOR AUGUST 25 2019...

CLIMATE NORMAL PERIOD 1981 TO 2010
CLIMATE RECORD PERIOD 9999 TO 9999


WEATHER ITEM   OBSERVED TIME   NORMAL DEPARTURE LAST
                VALUE   (LST)  VALUE  FROM      YEAR
                                      NORMAL
......................................................
TEMPERATURE (F)
 YESTERDAY
  MAXIMUM         82    404 PM  84     -2       81
  MINIMUM         57    658 AM  62     -5       65
  AVERAGE         70            73     -3       73

PRECIPITATION (IN)
  YESTERDAY        0.00          0.12  -0.12     0.28
  MONTH TO DATE    0.99          2.82  -1.83     4.49
  SINCE JUN 1      9.11         10.89  -1.78    12.79
  SINCE JAN 1     28.53         24.91   3.62    29.00

DEGREE DAYS
 HEATING
  YESTERDAY        0             0      0        0
  MONTH TO DATE    0             0      0        0
  SINCE JUN 1     22            23     -1        2
  SINCE JUL 1      0             1     -1        2

 COOLING
  YESTERDAY        5             8     -3        8
  MONTH TO DATE  219           218      1      218
  SINCE JUN 1    746           732     14      725
  SINCE JAN 1    812           809      3      871
......................................................


WIND (MPH)
  HIGHEST WIND SPEED    17   HIGHEST WIND DIRECTION     E (90)
  HIGHEST GUST SPEED    27   HIGHEST GUST DIRECTION    SE (120)
  AVERAGE WIND SPEED     9.6


SKY COVER
  AVERAGE SKY COVER 0.1


WEATHER CONDITIONS
 THE FOLLOWING WEATHER WAS RECORDED YESTERDAY.
  NO SIGNIFICANT WEATHER WAS OBSERVED.


RELATIVE HUMIDITY (PERCENT)
 HIGHEST    87           300 AM
 LOWEST     42           200 PM
 AVERAGE    65

..........................................................


THE LAFAYETTE IN CLIMATE NORMALS FOR TODAY
                         NORMAL
 MAXIMUM TEMPERATURE (F)   84
 MINIMUM TEMPERATURE (F)   62


SUNRISE AND SUNSET
AUGUST 26 2019........SUNRISE   709 AM EDT   SUNSET   829 PM EDT
AUGUST 27 2019........SUNRISE   710 AM EDT   SUNSET   828 PM EDT


-  INDICATES NEGATIVE NUMBERS.
R  INDICATES RECORD WAS SET OR TIED.
MM INDICATES DATA IS MISSING.
T  INDICATES TRACE AMOUNT.




$$
