000
CDUS43 KIND 190540
CLILAF


CLIMATE REPORT
NATIONAL WEATHER SERVICE INDIANAPOLIS IN
139 AM EDT WED JUN 19 2019


...................................

...THE LAFAYETTE IN CLIMATE SUMMARY FOR JUNE 18 2019...

CLIMATE NORMAL PERIOD 1981 TO 2010
CLIMATE RECORD PERIOD 9999 TO 9999


WEATHER ITEM   OBSERVED TIME   NORMAL DEPARTURE LAST
                VALUE   (LST)  VALUE  FROM      YEAR
                                      NORMAL
......................................................
TEMPERATURE (F)
 YESTERDAY
  MAXIMUM         82    528 PM  84     -2       91
  MINIMUM         64    631 AM  62      2       74
  AVERAGE         73            72      1       83

PRECIPITATION (IN)
  YESTERDAY        0.00          0.12  -0.12     0.00
  MONTH TO DATE    2.04          2.49  -0.45     2.83
  SINCE JUN 1      2.04          2.49  -0.45     2.83
  SINCE JAN 1     21.46         16.51   4.95    19.04

DEGREE DAYS
 HEATING
  YESTERDAY        0             1     -1        0
  MONTH TO DATE   19            22     -3        0
  SINCE JUN 1     19            22     -3        0
  SINCE JUL 1   5990          5672    318     5946

 COOLING
  YESTERDAY        8             8      0       18
  MONTH TO DATE   67           109    -42      123
  SINCE JUN 1     67           109    -42      123
  SINCE JAN 1    133           186    -53      269
......................................................


WIND (MPH)
  HIGHEST WIND SPEED     9   HIGHEST WIND DIRECTION     N (10)
  HIGHEST GUST SPEED    13   HIGHEST GUST DIRECTION     N (340)
  AVERAGE WIND SPEED     3.5


SKY COVER
  AVERAGE SKY COVER 0.5


WEATHER CONDITIONS
 THE FOLLOWING WEATHER WAS RECORDED YESTERDAY.
  FOG
  HAZE


RELATIVE HUMIDITY (PERCENT)
 HIGHEST   100           100 AM
 LOWEST     51           500 PM
 AVERAGE    76

..........................................................


THE LAFAYETTE IN CLIMATE NORMALS FOR TODAY
                         NORMAL
 MAXIMUM TEMPERATURE (F)   84
 MINIMUM TEMPERATURE (F)   62


SUNRISE AND SUNSET
JUNE 19 2019..........SUNRISE   617 AM EDT   SUNSET   921 PM EDT
JUNE 20 2019..........SUNRISE   617 AM EDT   SUNSET   921 PM EDT


-  INDICATES NEGATIVE NUMBERS.
R  INDICATES RECORD WAS SET OR TIED.
MM INDICATES DATA IS MISSING.
T  INDICATES TRACE AMOUNT.




$$
