064
CDUS43 KIND 210535
CLILAF


CLIMATE REPORT
NATIONAL WEATHER SERVICE INDIANAPOLIS IN
134 AM EDT SAT APR 21 2018


...................................

...THE LAFAYETTE IN CLIMATE SUMMARY FOR APRIL 20 2018...

CLIMATE NORMAL PERIOD 1981 TO 2010
CLIMATE RECORD PERIOD 9999 TO 9999


WEATHER ITEM   OBSERVED TIME   NORMAL DEPARTURE LAST
                VALUE   (LST)  VALUE  FROM      YEAR
                                      NORMAL
......................................................
TEMPERATURE (F)
 YESTERDAY
  MAXIMUM         60    507 PM  65     -5       77
  MINIMUM         24    558 AM  42    -18       51
  AVERAGE         42            54    -12       64

PRECIPITATION (IN)
  YESTERDAY        0.00          0.13  -0.13     0.10
  MONTH TO DATE    2.91          2.27   0.64     2.30
  SINCE MAR 1      5.96          4.94   1.02     5.97
  SINCE JAN 1     12.14          8.56   3.58    10.87

DEGREE DAYS
 HEATING
  YESTERDAY       23            12     11        1
  MONTH TO DATE  482           303    179      186
  SINCE MAR 1   1361          1054    307      910
  SINCE JUL 1   5787          5388    399     4598

 COOLING
  YESTERDAY        0             1     -1        0
  MONTH TO DATE    2             2      0        7
  SINCE MAR 1      2             3     -1        8
  SINCE JAN 1      2             3     -1        8
......................................................


WIND (MPH)
  HIGHEST WIND SPEED    16   HIGHEST WIND DIRECTION    NE (50)
  HIGHEST GUST SPEED    21   HIGHEST GUST DIRECTION     N (10)
  AVERAGE WIND SPEED     4.6


SKY COVER
  AVERAGE SKY COVER 0.0


WEATHER CONDITIONS
 THE FOLLOWING WEATHER WAS RECORDED YESTERDAY.
  NO SIGNIFICANT WEATHER WAS OBSERVED.


RELATIVE HUMIDITY (PERCENT)
 HIGHEST    92           600 AM
 LOWEST     21           400 PM
 AVERAGE    57

..........................................................


THE LAFAYETTE IN CLIMATE NORMALS FOR TODAY
                         NORMAL
 MAXIMUM TEMPERATURE (F)   65
 MINIMUM TEMPERATURE (F)   43


SUNRISE AND SUNSET
APRIL 21 2018.........SUNRISE   701 AM EDT   SUNSET   833 PM EDT
APRIL 22 2018.........SUNRISE   659 AM EDT   SUNSET   834 PM EDT


-  INDICATES NEGATIVE NUMBERS.
R  INDICATES RECORD WAS SET OR TIED.
MM INDICATES DATA IS MISSING.
T  INDICATES TRACE AMOUNT.




$$
