000
CDUS45 KVEF 030824
CLILAS

CLIMATE REPORT
NATIONAL WEATHER SERVICE LAS VEGAS, NV
124 AM PDT WED JUN 03 2020

...................................

...THE LAS VEGAS NV CLIMATE SUMMARY FOR JUNE 2 2020...

CLIMATE NORMAL PERIOD: 1981 TO 2010
CLIMATE RECORD PERIOD: 1937 TO 2020


WEATHER ITEM   OBSERVED TIME   RECORD YEAR NORMAL DEPARTURE LAST
                VALUE   (LST)  VALUE       VALUE  FROM      YEAR
                                                  NORMAL
...................................................................
TEMPERATURE (F)
 YESTERDAY
  MAXIMUM        101   3:41 PM 107    2003  95      6       92
  MINIMUM         78   5:06 AM  49    1955  71      7       69
  AVERAGE         90                        83      7       81

PRECIPITATION (IN)
  YESTERDAY        0.00          0.09 1992   0.01  -0.01     0.00
  MONTH TO DATE    0.00                      0.01  -0.01     0.00
  SINCE OCT 1      4.30                      3.15   1.15     5.14
  SINCE JAN 1      2.31                      2.02   0.29     4.60

SNOWFALL (IN)
  YESTERDAY        0.0           0.0    MM   0.0    0.0      0.0
  MONTH TO DATE    0.0                       0.0    0.0      0.0
  SINCE JUN 1      0.0                       0.0    0.0      0.0
  SINCE JUL 1      0.0                       0.3   -0.3      0.8
  SNOW DEPTH       0

DEGREE DAYS
 HEATING
  YESTERDAY        0                         0      0        0
  MONTH TO DATE    0                         0      0        0
  SINCE JUN 1      0                         0      0        0
  SINCE JUL 1   1751                      1950   -199     1796

 COOLING
  YESTERDAY       25                        18      7       16
  MONTH TO DATE   47                        35     12       31
  SINCE JUN 1     47                        35     12       31
  SINCE JAN 1    699                       585    114      458
...................................................................


WIND (MPH)
  RESULTANT WIND SPEED   1   RESULTANT WIND DIRECTION   S (170)
  HIGHEST WIND SPEED     9   HIGHEST WIND DIRECTION    SW (230)
  HIGHEST GUST SPEED    14   HIGHEST GUST DIRECTION    NE (40)
  AVERAGE WIND SPEED     4.1


SKY COVER
  AVERAGE SKY COVER 0.8


WEATHER CONDITIONS
THE FOLLOWING WEATHER WAS RECORDED YESTERDAY.
  NO SIGNIFICANT WEATHER WAS OBSERVED.


RELATIVE HUMIDITY (PERCENT)
 HIGHEST    22           5:00 AM
 LOWEST     11           5:00 PM
 AVERAGE    17

..........................................................


THE LAS VEGAS NV CLIMATE NORMALS FOR TODAY
                         NORMAL    RECORD    YEAR
 MAXIMUM TEMPERATURE (F)   95       107      1957
                                             2016
 MINIMUM TEMPERATURE (F)   71        53      1955
                                             1961


SUNRISE AND SUNSET
JUNE  3 2020..........SUNRISE   5:24 AM PDT   SUNSET   7:54 PM PDT
JUNE  4 2020..........SUNRISE   5:24 AM PDT   SUNSET   7:54 PM PDT


-  INDICATES NEGATIVE NUMBERS.
R  INDICATES RECORD WAS SET OR TIED.
MM INDICATES DATA IS MISSING.
T  INDICATES TRACE AMOUNT.




$$
