000
CDUS45 KVEF 220829
CLILAS


CLIMATE REPORT
NATIONAL WEATHER SERVICE LAS VEGAS, NV
129 AM PDT MON APR 22 2019


...................................

...THE LAS VEGAS NV CLIMATE SUMMARY FOR APRIL 21 2019...

CLIMATE NORMAL PERIOD 1981 TO 2010
CLIMATE RECORD PERIOD 1937 TO 2019


WEATHER ITEM   OBSERVED TIME   RECORD YEAR NORMAL DEPARTURE LAST
                VALUE   (LST)  VALUE       VALUE  FROM      YEAR
                                                  NORMAL
..................................................................
TEMPERATURE (F)
 YESTERDAY
  MAXIMUM         80    105 PM  98    1950  80      0       86
  MINIMUM         62    544 AM  37    1966  58      4       58
  AVERAGE         71                        69      2       72

PRECIPITATION (IN)
  YESTERDAY        0.00          0.53 1957   0.00   0.00     0.00
  MONTH TO DATE    0.10                      0.12  -0.02     0.00
  SINCE OCT 1      4.09                      2.99   1.10     1.74
  SINCE JAN 1      3.55                      1.86   1.69     1.74

SNOWFALL (IN)
  YESTERDAY        0.0           0.0    MM   0.0    0.0      0.0
  MONTH TO DATE    0.0                       0.0    0.0      0.0
  SINCE MAR 1      0.0                       0.0    0.0      0.0
  SINCE JUL 1      0.8                       0.3    0.5      0.0
  SNOW DEPTH       0

DEGREE DAYS
 HEATING
  YESTERDAY        0                         1     -1        0
  MONTH TO DATE   13                        55    -42       11
  SINCE MAR 1    168                       244    -76      182
  SINCE JUL 1   1784                      1935   -151     1301

 COOLING
  YESTERDAY        6                         5      1        7
  MONTH TO DATE   90                        70     20      123
  SINCE MAR 1    101                       100      1      142
  SINCE JAN 1    102                       101      1      142
..................................................................


WIND (MPH)
  RESULTANT WIND SPEED   4   RESULTANT WIND DIRECTION  NW (320)
  HIGHEST WIND SPEED    30   HIGHEST WIND DIRECTION     N (360)
  HIGHEST GUST SPEED    36   HIGHEST GUST DIRECTION     N (350)
  AVERAGE WIND SPEED    12.0


SKY COVER
  POSSIBLE SUNSHINE  MM
  AVERAGE SKY COVER 0.3


WEATHER CONDITIONS
 THE FOLLOWING WEATHER WAS RECORDED YESTERDAY.
  NO SIGNIFICANT WEATHER WAS OBSERVED.


RELATIVE HUMIDITY (PERCENT)
 HIGHEST    46           500 AM
 LOWEST     12           600 PM
 AVERAGE    29

..........................................................


THE LAS VEGAS NV CLIMATE NORMALS FOR TODAY
                         NORMAL    RECORD    YEAR
 MAXIMUM TEMPERATURE (F)   80        99      2012
 MINIMUM TEMPERATURE (F)   58        33      1963


SUNRISE AND SUNSET
APRIL 22 2019.........SUNRISE   559 AM PDT   SUNSET   720 PM PDT
APRIL 23 2019.........SUNRISE   557 AM PDT   SUNSET   721 PM PDT


-  INDICATES NEGATIVE NUMBERS.
R  INDICATES RECORD WAS SET OR TIED.
MM INDICATES DATA IS MISSING.
T  INDICATES TRACE AMOUNT.




$$
