000
CDUS45 KVEF 170826
CLILAS


CLIMATE REPORT
NATIONAL WEATHER SERVICE LAS VEGAS, NV
126 AM PDT WED JUL 17 2019


...................................

...THE LAS VEGAS NV CLIMATE SUMMARY FOR JULY 16 2019...

CLIMATE NORMAL PERIOD 1981 TO 2010
CLIMATE RECORD PERIOD 1937 TO 2019


WEATHER ITEM   OBSERVED TIME   RECORD YEAR NORMAL DEPARTURE LAST
                VALUE   (LST)  VALUE       VALUE  FROM      YEAR
                                                  NORMAL
..................................................................
TEMPERATURE (F)
 YESTERDAY
  MAXIMUM        108    239 PM 116    1998 105      3      108
  MINIMUM         83    524 AM  65    1944  81      2       87
  AVERAGE         96                        93      3       98

PRECIPITATION (IN)
  YESTERDAY        0.00          0.17 2003   0.02  -0.02     0.00
  MONTH TO DATE    0.03                      0.16  -0.13     0.74
  SINCE OCT 1      5.17                      3.37   1.80     2.72
  SINCE JAN 1      4.63                      2.24   2.39     2.72

SNOWFALL (IN)
  YESTERDAY        0.0           0.0    MM   0.0    0.0      0.0
  MONTH TO DATE    0.0                       0.0    0.0      0.0
  SINCE JUN 1      0.0                       0.0    0.0      0.0
  SINCE JUL 1      0.0                       0.0    0.0      0.0
  SNOW DEPTH       0

DEGREE DAYS
 HEATING
  YESTERDAY        0                         0      0        0
  MONTH TO DATE    0                         0      0        0
  SINCE JUN 1      0                         1     -1        0
  SINCE JUL 1      0                         0      0        0

 COOLING
  YESTERDAY       31                        28      3       33
  MONTH TO DATE  450                       435     15      460
  SINCE JUN 1   1142                      1085     57     1244
  SINCE JAN 1   1569                      1635    -66     1952
..................................................................


WIND (MPH)
  RESULTANT WIND SPEED  10   RESULTANT WIND DIRECTION  SW (210)
  HIGHEST WIND SPEED    24   HIGHEST WIND DIRECTION     W (250)
  HIGHEST GUST SPEED    33   HIGHEST GUST DIRECTION     W (250)
  AVERAGE WIND SPEED    10.7


SKY COVER
  POSSIBLE SUNSHINE  MM
  AVERAGE SKY COVER 0.1


WEATHER CONDITIONS
 THE FOLLOWING WEATHER WAS RECORDED YESTERDAY.
  NO SIGNIFICANT WEATHER WAS OBSERVED.


RELATIVE HUMIDITY (PERCENT)
 HIGHEST    13          1100 PM
 LOWEST      4          1100 AM
 AVERAGE     9

..........................................................


THE LAS VEGAS NV CLIMATE NORMALS FOR TODAY
                         NORMAL    RECORD    YEAR
 MAXIMUM TEMPERATURE (F)  105       116      2005
 MINIMUM TEMPERATURE (F)   81        62      1940


SUNRISE AND SUNSET
JULY 17 2019..........SUNRISE   537 AM PDT   SUNSET   757 PM PDT
JULY 18 2019..........SUNRISE   537 AM PDT   SUNSET   756 PM PDT


-  INDICATES NEGATIVE NUMBERS.
R  INDICATES RECORD WAS SET OR TIED.
MM INDICATES DATA IS MISSING.
T  INDICATES TRACE AMOUNT.




$$
