000
CDUS44 KLCH 250832
CLILCH


CLIMATE REPORT
NATIONAL WEATHER SERVICE LAKE CHARLES, LA
332 AM CDT TUE JUN 25 2019


...................................

...THE LAKE CHARLES CLIMATE SUMMARY FOR JUNE 24 2019...

CLIMATE NORMAL PERIOD 1981 TO 2010
CLIMATE RECORD PERIOD 1895 TO 2019


WEATHER ITEM   OBSERVED TIME   RECORD YEAR NORMAL DEPARTURE LAST
                VALUE   (LST)  VALUE       VALUE  FROM      YEAR
                                                  NORMAL
..................................................................
TEMPERATURE (F)
 YESTERDAY
  MAXIMUM         85    328 AM 102    2009  90     -5       91
  MINIMUM         68    708 AM  60    1912  74     -6       79
  AVERAGE         77                        82     -5       85

PRECIPITATION (IN)
  YESTERDAY        1.14          2.50 2014   0.25   0.89      T
                                      1988
  MONTH TO DATE    7.56                      5.43   2.13     5.37
  SINCE JUN 1      7.56                      5.43   2.13     5.37
  SINCE JAN 1     36.03                     26.31   9.72    26.25

SNOWFALL (IN)
  YESTERDAY        0.0           0.0    MM   0.0    0.0      0.0
  MONTH TO DATE    0.0                       0.0    0.0      0.0
  SINCE JUN 1      0.0                       0.0    0.0      0.0
  SINCE JUL 1      0.0                       0.1   -0.1      2.2
  SNOW DEPTH       0

DEGREE DAYS
 HEATING
  YESTERDAY        0                         0      0        0
  MONTH TO DATE    0                         0      0        0
  SINCE JUN 1      0                         0      0        0
  SINCE JUL 1   1227                      1490   -263     1299

 COOLING
  YESTERDAY       12                        17     -5       20
  MONTH TO DATE  433                       377     56      432
  SINCE JUN 1    433                       377     56      432
  SINCE JAN 1   1076                       915    161     1176
..................................................................


WIND (MPH)
  HIGHEST WIND SPEED    36   HIGHEST WIND DIRECTION    NE (30)
  HIGHEST GUST SPEED    44   HIGHEST GUST DIRECTION     N (10)
  AVERAGE WIND SPEED     7.6


SKY COVER
  POSSIBLE SUNSHINE  MM
  AVERAGE SKY COVER 0.4


WEATHER CONDITIONS
 THE FOLLOWING WEATHER WAS RECORDED YESTERDAY.
  THUNDERSTORM
  HEAVY RAIN
  RAIN
  LIGHT RAIN
  FOG
  HAZE


RELATIVE HUMIDITY (PERCENT)
 HIGHEST    90           700 AM
 LOWEST     65           400 PM
 AVERAGE    78

..........................................................


THE LAKE CHARLES CLIMATE NORMALS FOR TODAY
                         NORMAL    RECORD    YEAR
 MAXIMUM TEMPERATURE (F)   90       102      2009
 MINIMUM TEMPERATURE (F)   74        59      1912


SUNRISE AND SUNSET
JUNE 25 2019..........SUNRISE   613 AM CDT   SUNSET   818 PM CDT
JUNE 26 2019..........SUNRISE   613 AM CDT   SUNSET   818 PM CDT


-  INDICATES NEGATIVE NUMBERS.
R  INDICATES RECORD WAS SET OR TIED.
MM INDICATES DATA IS MISSING.
T  INDICATES TRACE AMOUNT.




$$
