000
CDUS44 KLCH 192212
CLILCH


CLIMATE REPORT
NATIONAL WEATHER SERVICE LAKE CHARLES, LA
512 PM CDT FRI APR 19 2019


...................................

...THE LAKE CHARLES CLIMATE SUMMARY FOR APRIL 19 2019...
VALID TODAY AS OF 0500 PM LOCAL TIME.

CLIMATE NORMAL PERIOD 1981 TO 2010
CLIMATE RECORD PERIOD 1895 TO 2019


WEATHER ITEM   OBSERVED TIME   RECORD YEAR NORMAL DEPARTURE LAST
                VALUE   (LST)  VALUE       VALUE  FROM      YEAR
                                                  NORMAL
..................................................................
TEMPERATURE (F)
 TODAY
  MAXIMUM         73    212 PM  92    1965  79     -6       77
                                      1908
  MINIMUM         54    603 AM  42    1939  59     -5       56
  AVERAGE         64                        69     -5       67

PRECIPITATION (IN)
  TODAY            T             4.10 1914   0.11  -0.11     0.00
  MONTH TO DATE    8.50                      2.06   6.44     2.16
  SINCE MAR 1      9.20                      5.72   3.48     4.59
  SINCE JAN 1     17.12                     14.41   2.71    17.18

SNOWFALL (IN)
  TODAY            0.0           0.0    MM   0.0    0.0      0.0
  MONTH TO DATE    0.0                       0.0    0.0      0.0
  SINCE MAR 1      0.0                       0.0    0.0      0.0
  SINCE JUL 1      0.0                       0.1   -0.1      2.2
  SNOW DEPTH       0

DEGREE DAYS
 HEATING
  TODAY            1                         1      0        0
  MONTH TO DATE   35                        38     -3       51
  SINCE MAR 1    190                       200    -10      137
  SINCE JUL 1   1226                      1482   -256     1293

 COOLING
  TODAY            0                         5     -5        2
  MONTH TO DATE   76                        72      4       50
  SINCE MAR 1    137                       121     16      153
  SINCE JAN 1    163                       144     19      255
..................................................................


WIND (MPH)
  HIGHEST WIND SPEED    28   HIGHEST WIND DIRECTION    NW (310)
  HIGHEST GUST SPEED    36   HIGHEST GUST DIRECTION    NW (320)
  AVERAGE WIND SPEED    10.5


SKY COVER
  POSSIBLE SUNSHINE  MM
  AVERAGE SKY COVER 0.2


WEATHER CONDITIONS
 THE FOLLOWING WEATHER WAS RECORDED TODAY.
  LIGHT RAIN


RELATIVE HUMIDITY (PERCENT)
 HIGHEST    83           500 AM
 LOWEST     37           300 PM
 AVERAGE    60

..........................................................


THE LAKE CHARLES CLIMATE NORMALS FOR TOMORROW
                         NORMAL    RECORD    YEAR
 MAXIMUM TEMPERATURE (F)   79        89      1987
                                             1908
 MINIMUM TEMPERATURE (F)   59        40      1910


SUNRISE AND SUNSET
APRIL 19 2019.........SUNRISE   642 AM CDT   SUNSET   743 PM CDT
APRIL 20 2019.........SUNRISE   641 AM CDT   SUNSET   743 PM CDT


-  INDICATES NEGATIVE NUMBERS.
R  INDICATES RECORD WAS SET OR TIED.
MM INDICATES DATA IS MISSING.
T  INDICATES TRACE AMOUNT.




$$
