147
CDUS44 KLCH 220818
CLILCH


CLIMATE REPORT
NATIONAL WEATHER SERVICE LAKE CHARLES, LA
317 AM CDT THU AUG 22 2019


...................................

...THE LAKE CHARLES CLIMATE SUMMARY FOR AUGUST 21 2019...

CLIMATE NORMAL PERIOD 1981 TO 2010
CLIMATE RECORD PERIOD 1895 TO 2019


WEATHER ITEM   OBSERVED TIME   RECORD YEAR NORMAL DEPARTURE LAST
                VALUE   (LST)  VALUE       VALUE  FROM      YEAR
                                                  NORMAL
..................................................................
TEMPERATURE (F)
 YESTERDAY
  MAXIMUM         92   1239 PM 101    1925  92      0       98
  MINIMUM         76    601 AM  61    1940  74      2       79
  AVERAGE         84                        83      1       89

PRECIPITATION (IN)
  YESTERDAY        0.01          2.20 1915   0.16  -0.15     0.02
  MONTH TO DATE    7.75                      3.31   4.44     1.00
  SINCE JUN 1     22.18                     15.79   6.39    13.26
  SINCE JAN 1     50.65                     36.67  13.98    34.14

SNOWFALL (IN)
  YESTERDAY        0.0           0.0    MM   0.0    0.0      0.0
  MONTH TO DATE    0.0                       0.0    0.0      0.0
  SINCE JUN 1      0.0                       0.0    0.0      0.0
  SINCE JUL 1      0.0                       0.0    0.0      0.0
  SNOW DEPTH       0

DEGREE DAYS
 HEATING
  YESTERDAY        0                         0      0        0
  MONTH TO DATE    0                         0      0        0
  SINCE JUN 1      0                         0      0        0
  SINCE JUL 1      0                         0      0        0

 COOLING
  YESTERDAY       19                        18      1       24
  MONTH TO DATE  440                       378     62      412
  SINCE JUN 1   1548                      1411    137     1592
  SINCE JAN 1   2191                      1949    242     2336
..................................................................


WIND (MPH)
  HIGHEST WIND SPEED    15   HIGHEST WIND DIRECTION    SE (130)
  HIGHEST GUST SPEED    19   HIGHEST GUST DIRECTION    SW (220)
  AVERAGE WIND SPEED     3.5


SKY COVER
  POSSIBLE SUNSHINE  MM
  AVERAGE SKY COVER 0.3


WEATHER CONDITIONS
 THE FOLLOWING WEATHER WAS RECORDED YESTERDAY.
  THUNDERSTORM
  LIGHT RAIN
  FOG


RELATIVE HUMIDITY (PERCENT)
 HIGHEST   100           600 AM
 LOWEST     56          1100 AM
 AVERAGE    78

..........................................................


THE LAKE CHARLES CLIMATE NORMALS FOR TODAY
                         NORMAL    RECORD    YEAR
 MAXIMUM TEMPERATURE (F)   92       100      1980
                                             1912
                                             1902
 MINIMUM TEMPERATURE (F)   74        60      1927


SUNRISE AND SUNSET
AUGUST 22 2019........SUNRISE   644 AM CDT   SUNSET   747 PM CDT
AUGUST 23 2019........SUNRISE   645 AM CDT   SUNSET   746 PM CDT


-  INDICATES NEGATIVE NUMBERS.
R  INDICATES RECORD WAS SET OR TIED.
MM INDICATES DATA IS MISSING.
T  INDICATES TRACE AMOUNT.




$$
