000
CDUS44 KLCH 060809
CLILCH


CLIMATE REPORT
NATIONAL WEATHER SERVICE LAKE CHARLES, LA
309 AM CDT SAT JUN 6 2020


...................................

...THE LAKE CHARLES CLIMATE SUMMARY FOR JUNE 5 2020...

CLIMATE NORMAL PERIOD 1981 TO 2010
CLIMATE RECORD PERIOD 1895 TO 2020


WEATHER ITEM   OBSERVED TIME   RECORD YEAR NORMAL DEPARTURE LAST
                VALUE   (LST)  VALUE       VALUE  FROM      YEAR
                                                  NORMAL
..................................................................
TEMPERATURE (F)
 YESTERDAY
  MAXIMUM         90    456 PM 103    2011  88      2       82
  MINIMUM         72    518 AM  58    1946  71      1       72
  AVERAGE         81                        80      1       77

PRECIPITATION (IN)
  YESTERDAY        0.00          4.60 2019   0.19  -0.19     4.60
  MONTH TO DATE    2.33                      0.99   1.34     5.28
  SINCE JUN 1      2.33                      0.99   1.34     5.28
  SINCE JAN 1     23.66                     21.87   1.79    33.75

SNOWFALL (IN)
  YESTERDAY        0.0           0.0    MM   0.0    0.0      0.0
  MONTH TO DATE    0.0                       0.0    0.0      0.0
  SINCE JUN 1      0.0                       0.0    0.0      0.0
  SINCE JUL 1      T                         0.1   -0.1      0.0
  SNOW DEPTH       0

DEGREE DAYS
 HEATING
  YESTERDAY        0                         0      0        0
  MONTH TO DATE    0                         0      0        0
  SINCE JUN 1      0                         0      0        0
  SINCE JUL 1   1016                      1490   -474     1227

 COOLING
  YESTERDAY       16                        15      1       12
  MONTH TO DATE   75                        72      3       87
  SINCE JUN 1     75                        72      3       87
  SINCE JAN 1    775                       610    165      730
..................................................................


WIND (MPH)
  HIGHEST WIND SPEED    13   HIGHEST WIND DIRECTION    SE (120)
  HIGHEST GUST SPEED    16   HIGHEST GUST DIRECTION    SW (220)
  AVERAGE WIND SPEED     3.2


SKY COVER
  POSSIBLE SUNSHINE  MM
  AVERAGE SKY COVER 0.1


WEATHER CONDITIONS
 THE FOLLOWING WEATHER WAS RECORDED YESTERDAY.
  NO SIGNIFICANT WEATHER WAS OBSERVED.


RELATIVE HUMIDITY (PERCENT)
 HIGHEST   100          1200 AM
 LOWEST     52           500 PM
 AVERAGE    76

..........................................................


THE LAKE CHARLES CLIMATE NORMALS FOR TODAY
                         NORMAL    RECORD    YEAR
 MAXIMUM TEMPERATURE (F)   88        98      2011
                                             1917
 MINIMUM TEMPERATURE (F)   71        59      1946


SUNRISE AND SUNSET
JUNE  6 2020..........SUNRISE   611 AM CDT   SUNSET   812 PM CDT
JUNE  7 2020..........SUNRISE   611 AM CDT   SUNSET   813 PM CDT


-  INDICATES NEGATIVE NUMBERS.
R  INDICATES RECORD WAS SET OR TIED.
MM INDICATES DATA IS MISSING.
T  INDICATES TRACE AMOUNT.




$$
