000
CDUS45 KRIW 160730
CLILND


CLIMATE REPORT
NATIONAL WEATHER SERVICE RIVERTON WY
129 AM MDT SUN JUN 16 2019


...................................

...THE LANDER WY CLIMATE SUMMARY FOR JUNE 15 2019...

CLIMATE NORMAL PERIOD 1981 TO 2010
CLIMATE RECORD PERIOD 1891 TO 2019


WEATHER ITEM   OBSERVED TIME   RECORD YEAR NORMAL DEPARTURE LAST
                VALUE   (LST)  VALUE       VALUE  FROM      YEAR
                                                  NORMAL
..................................................................
TEMPERATURE (F)
 YESTERDAY
  MAXIMUM         79    352 PM  92    1931  77      2       83
  MINIMUM         48    410 AM  33    1945  48      0       55
  AVERAGE         64                        63      1       69

PRECIPITATION (IN)
  YESTERDAY        0.00          1.31 1911   0.04  -0.04     0.03
  MONTH TO DATE    0.01                      0.82  -0.81     0.03
  SINCE JUN 1      0.01                      0.82  -0.81     0.03
  SINCE JAN 1     10.97                      7.04   3.93     8.30

SNOWFALL (IN)
  YESTERDAY        0.0                       0.0    0.0      0.0
  MONTH TO DATE    0.0                       0.1   -0.1      0.0
  SINCE JUN 1      0.0                       0.1   -0.1      0.0
  SINCE JUL 1     81.0                      91.4  -10.4     58.4
  SNOW DEPTH       0

DEGREE DAYS
 HEATING
  YESTERDAY        1                         4     -3        0
  MONTH TO DATE   79                        88     -9       40
  SINCE JUN 1     79                        88     -9       40
  SINCE JUL 1   8165                      7710    455     7290

 COOLING
  YESTERDAY        0                         2     -2        4
  MONTH TO DATE    2                        19    -17       37
  SINCE JUN 1      2                        19    -17       37
  SINCE JAN 1      2                        24    -22       38
..................................................................


WIND (MPH)
  HIGHEST WIND SPEED    22   HIGHEST WIND DIRECTION     N (350)
  HIGHEST GUST SPEED    34   HIGHEST GUST DIRECTION    NW (330)
  AVERAGE WIND SPEED     6.0


SKY COVER
  POSSIBLE SUNSHINE  MM
  AVERAGE SKY COVER 0.2


WEATHER CONDITIONS
 THE FOLLOWING WEATHER WAS RECORDED YESTERDAY.
  THUNDERSTORM


RELATIVE HUMIDITY (PERCENT)
 HIGHEST    80           400 AM
 LOWEST     31           300 PM
 AVERAGE    56

..........................................................


THE LANDER WY CLIMATE NORMALS FOR TODAY
                         NORMAL    RECORD    YEAR
 MAXIMUM TEMPERATURE (F)   78        95      1940
 MINIMUM TEMPERATURE (F)   49        33      1945


SUNRISE AND SUNSET
JUNE 16 2019..........SUNRISE   536 AM MDT   SUNSET   855 PM MDT
JUNE 17 2019..........SUNRISE   536 AM MDT   SUNSET   856 PM MDT


-  INDICATES NEGATIVE NUMBERS.
R  INDICATES RECORD WAS SET OR TIED.
MM INDICATES DATA IS MISSING.
T  INDICATES TRACE AMOUNT.




$$
