000
CDUS45 KRIW 200737
CLILND


CLIMATE REPORT
NATIONAL WEATHER SERVICE RIVERTON WY
135 AM MDT SAT APR 20 2019


...................................

...THE LANDER WY CLIMATE SUMMARY FOR APRIL 19 2019...

CLIMATE NORMAL PERIOD 1981 TO 2010
CLIMATE RECORD PERIOD 1891 TO 2019


WEATHER ITEM   OBSERVED TIME   RECORD YEAR NORMAL DEPARTURE LAST
                VALUE   (LST)  VALUE       VALUE  FROM      YEAR
                                                  NORMAL
..................................................................
TEMPERATURE (F)
 YESTERDAY
  MAXIMUM         74    420 PM  82    1962  57     17       54
  MINIMUM         40    707 AM   2    1893  32      8       28
  AVERAGE         57                        45     12       41

PRECIPITATION (IN)
  YESTERDAY        0.00          1.24 1933   0.06  -0.06     0.00
  MONTH TO DATE    1.55                      1.10   0.45     0.28
  SINCE MAR 1      3.23                      2.26   0.97     1.37
  SINCE JAN 1      4.36                      3.25   1.11     2.99

SNOWFALL (IN)
  YESTERDAY        0.0                       0.5   -0.5      0.0
  MONTH TO DATE    8.2                      11.1   -2.9      2.8
  SINCE MAR 1     28.2                      27.2    1.0     10.9
  SINCE JUL 1     70.3                      80.8  -10.5     58.1
  SNOW DEPTH       0

DEGREE DAYS
 HEATING
  YESTERDAY        8                        20    -12       24
  MONTH TO DATE  405                       432    -27      454
  SINCE MAR 1   1442                      1347     95     1335
  SINCE JUL 1   7338                      7051    287     6785

 COOLING
  YESTERDAY        0                         0      0        0
  MONTH TO DATE    0                         0      0        0
  SINCE MAR 1      0                         0      0        0
  SINCE JAN 1      0                         0      0        0
..................................................................


WIND (MPH)
  HIGHEST WIND SPEED    22   HIGHEST WIND DIRECTION     W (280)
  HIGHEST GUST SPEED    28   HIGHEST GUST DIRECTION    NW (310)
  AVERAGE WIND SPEED     7.6


SKY COVER
  POSSIBLE SUNSHINE  MM
  AVERAGE SKY COVER 0.0


WEATHER CONDITIONS
 THE FOLLOWING WEATHER WAS RECORDED YESTERDAY.
  NO SIGNIFICANT WEATHER WAS OBSERVED.


RELATIVE HUMIDITY (PERCENT)
 HIGHEST    56           800 AM
 LOWEST     16           500 PM
 AVERAGE    36

..........................................................


THE LANDER WY CLIMATE NORMALS FOR TODAY
                         NORMAL    RECORD    YEAR
 MAXIMUM TEMPERATURE (F)   58        81      1989
 MINIMUM TEMPERATURE (F)   32         1      1966


SUNRISE AND SUNSET
APRIL 20 2019.........SUNRISE   626 AM MDT   SUNSET   803 PM MDT
APRIL 21 2019.........SUNRISE   624 AM MDT   SUNSET   804 PM MDT


-  INDICATES NEGATIVE NUMBERS.
R  INDICATES RECORD WAS SET OR TIED.
MM INDICATES DATA IS MISSING.
T  INDICATES TRACE AMOUNT.




$$
