670
CDUS45 KRIW 170743
CLILND


CLIMATE REPORT
NATIONAL WEATHER SERVICE RIVERTON WY
138 AM MDT SAT AUG 17 2019


...................................

...THE LANDER WY CLIMATE SUMMARY FOR AUGUST 16 2019...

CLIMATE NORMAL PERIOD 1981 TO 2010
CLIMATE RECORD PERIOD 1891 TO 2019


WEATHER ITEM   OBSERVED TIME   RECORD YEAR NORMAL DEPARTURE LAST
                VALUE   (LST)  VALUE       VALUE  FROM      YEAR
                                                  NORMAL
..................................................................
TEMPERATURE (F)
 YESTERDAY
  MAXIMUM         85    422 PM  95    2007  86     -1       88
  MINIMUM         51    645 AM  33    1893  55     -4       52
  AVERAGE         68                        70     -2       70

PRECIPITATION (IN)
  YESTERDAY        0.00          0.32 1992   0.01  -0.01     0.00
  MONTH TO DATE    0.15                      0.36  -0.21     0.12
  SINCE JUN 1      0.98                      2.41  -1.43     2.45
  SINCE JAN 1     11.94                      8.63   3.31    10.72

SNOWFALL (IN)
  YESTERDAY        0.0                       0.0    0.0      0.0
  MONTH TO DATE    0.0                       0.0    0.0      0.0
  SINCE JUN 1      0.0                       0.1   -0.1      0.0
  SINCE JUL 1      0.0                       0.0    0.0      0.0
  SNOW DEPTH       0

DEGREE DAYS
 HEATING
  YESTERDAY        0                         1     -1        0
  MONTH TO DATE    0                         4     -4        0
  SINCE JUN 1    141                       146     -5       89
  SINCE JUL 1      4                        20    -16        1

 COOLING
  YESTERDAY        3                         6     -3        5
  MONTH TO DATE  120                       106     14      123
  SINCE JUN 1    324                       378    -54      429
  SINCE JAN 1    324                       383    -59      430
..................................................................


WIND (MPH)
  HIGHEST WIND SPEED    22   HIGHEST WIND DIRECTION     W (260)
  HIGHEST GUST SPEED    31   HIGHEST GUST DIRECTION     W (260)
  AVERAGE WIND SPEED     6.9


SKY COVER
  POSSIBLE SUNSHINE  MM
  AVERAGE SKY COVER 0.0


WEATHER CONDITIONS
 THE FOLLOWING WEATHER WAS RECORDED YESTERDAY.
  NO SIGNIFICANT WEATHER WAS OBSERVED.


RELATIVE HUMIDITY (PERCENT)
 HIGHEST    77           700 AM
 LOWEST     12           500 PM
 AVERAGE    45

..........................................................


THE LANDER WY CLIMATE NORMALS FOR TODAY
                         NORMAL    RECORD    YEAR
 MAXIMUM TEMPERATURE (F)   85        96      2013
 MINIMUM TEMPERATURE (F)   55        38      2009


SUNRISE AND SUNSET
AUGUST 17 2019........SUNRISE   623 AM MDT   SUNSET   814 PM MDT
AUGUST 18 2019........SUNRISE   624 AM MDT   SUNSET   813 PM MDT


-  INDICATES NEGATIVE NUMBERS.
R  INDICATES RECORD WAS SET OR TIED.
MM INDICATES DATA IS MISSING.
T  INDICATES TRACE AMOUNT.




$$
