000
CDUS45 KRIW 110731
CLILND


CLIMATE REPORT
NATIONAL WEATHER SERVICE RIVERTON WY
129 AM MDT TUE AUG 11 2020


...................................

...THE LANDER WY CLIMATE SUMMARY FOR AUGUST 10 2020...

CLIMATE NORMAL PERIOD 1981 TO 2010
CLIMATE RECORD PERIOD 1891 TO 2020


WEATHER ITEM   OBSERVED TIME   RECORD YEAR NORMAL DEPARTURE LAST
                VALUE   (LST)  VALUE       VALUE  FROM      YEAR
                                                  NORMAL
..................................................................
TEMPERATURE (F)
 YESTERDAY
  MAXIMUM         92    331 PM  96    1969  87      5       89
  MINIMUM         56    542 AM  41    1974  56      0       57
                                      1939
                                      1895
  AVERAGE         74                        71      3       73

PRECIPITATION (IN)
  YESTERDAY        T             0.43 1908   0.03  -0.03      T
  MONTH TO DATE    0.01                      0.26  -0.25     0.12
  SINCE JUN 1      0.50                      2.31  -1.81     0.95
  SINCE JAN 1      5.18                      8.53  -3.35    11.91

SNOWFALL (IN)
  YESTERDAY        0.0                       0.0    0.0      0.0
  MONTH TO DATE    0.0                       0.0    0.0      0.0
  SINCE JUN 1      0.0                       0.1   -0.1      0.0
  SINCE JUL 1      0.0                       0.0    0.0      0.0
  SNOW DEPTH       0

DEGREE DAYS
 HEATING
  YESTERDAY        0                         0      0        0
  MONTH TO DATE    0                         0      0        0
  SINCE JUN 1     85                       142    -57      141
  SINCE JUL 1      2                        16    -14        4

 COOLING
  YESTERDAY        9                         7      2        8
  MONTH TO DATE  102                        70     32       85
  SINCE JUN 1    426                       342     84      289
  SINCE JAN 1    454                       347    107      289
..................................................................


WIND (MPH)
  HIGHEST WIND SPEED    28   HIGHEST WIND DIRECTION    SW (240)
  HIGHEST GUST SPEED    39   HIGHEST GUST DIRECTION    SW (240)
  AVERAGE WIND SPEED     9.3


SKY COVER
  POSSIBLE SUNSHINE  MM
  AVERAGE SKY COVER 0.0


WEATHER CONDITIONS
 THE FOLLOWING WEATHER WAS RECORDED YESTERDAY.
  THUNDERSTORM


RELATIVE HUMIDITY (PERCENT)
 HIGHEST    47           500 AM
 LOWEST     15           400 PM
 AVERAGE    31

..........................................................


THE LANDER WY CLIMATE NORMALS FOR TODAY
                         NORMAL    RECORD    YEAR
 MAXIMUM TEMPERATURE (F)   87        98      2018
 MINIMUM TEMPERATURE (F)   56        35      1907


SUNRISE AND SUNSET
AUGUST 11 2020........SUNRISE   618 AM MDT   SUNSET   822 PM MDT
AUGUST 12 2020........SUNRISE   619 AM MDT   SUNSET   820 PM MDT


-  INDICATES NEGATIVE NUMBERS.
R  INDICATES RECORD WAS SET OR TIED.
MM INDICATES DATA IS MISSING.
T  INDICATES TRACE AMOUNT.




$$
