000
CDUS43 KOAX 222142
CLILNK


CLIMATE REPORT
NATIONAL WEATHER SERVICE OMAHA NEBRASKA
440 PM CDT MON APR 22 2019


...................................

...THE LINCOLN NE CLIMATE SUMMARY FOR APRIL 22 2019...
VALID TODAY AS OF 0400 PM LOCAL TIME.

CLIMATE NORMAL PERIOD 1981 TO 2010
CLIMATE RECORD PERIOD 1887 TO 2019


WEATHER ITEM   OBSERVED TIME   RECORD YEAR NORMAL DEPARTURE LAST
                VALUE   (LST)  VALUE       VALUE  FROM      YEAR
                                                  NORMAL
..................................................................
TEMPERATURE (F)
 TODAY
  MAXIMUM         65   1207 AM  94    1989  67     -2       68
  MINIMUM         53    924 AM  25    1992  41     12       34
  AVERAGE         59                        54      5       51

PRECIPITATION (IN)
  TODAY            0.04          1.40 2001   0.11  -0.07     0.00
  MONTH TO DATE    0.68                      1.81  -1.13     0.54
  SINCE MAR 1      3.33                      3.74  -0.41     3.25
  SINCE JAN 1      5.67                      5.15   0.52     4.40

SNOWFALL (IN)
  TODAY            0.0                       0.0    0.0      0.0
  MONTH TO DATE    T                         1.2   -1.2      3.0
  SINCE MAR 1      6.3                       6.0    0.3      3.7
  SINCE JUL 1     55.5                      25.7   29.8     21.4
  SNOW DEPTH       0

DEGREE DAYS
 HEATING
  TODAY            6                        12     -6       14
  MONTH TO DATE  241                       335    -94      546
  SINCE MAR 1   1170                      1108     62     1282
  SINCE JUL 1   6220                      5811    409     5881

 COOLING
  TODAY            0                         1     -1        0
  MONTH TO DATE    7                         5      2        0
  SINCE MAR 1      7                         6      1        0
  SINCE JAN 1      7                         6      1        0
..................................................................


WIND (MPH)
  HIGHEST WIND SPEED    22   HIGHEST WIND DIRECTION    NW (320)
  HIGHEST GUST SPEED    29   HIGHEST GUST DIRECTION    NW (310)
  AVERAGE WIND SPEED    15.6


SKY COVER
  POSSIBLE SUNSHINE  MM
  AVERAGE SKY COVER 0.9


WEATHER CONDITIONS
 THE FOLLOWING WEATHER WAS RECORDED TODAY.
  LIGHT RAIN


RELATIVE HUMIDITY (PERCENT)
 HIGHEST    86           600 AM
 LOWEST     58          1200 AM
 AVERAGE    72

..........................................................


THE LINCOLN NE CLIMATE NORMALS FOR TOMORROW
                         NORMAL    RECORD    YEAR
 MAXIMUM TEMPERATURE (F)   67        89      2009
                                             1921
 MINIMUM TEMPERATURE (F)   42        26      1996


SUNRISE AND SUNSET
APRIL 22 2019.........SUNRISE   638 AM CDT   SUNSET   814 PM CDT
APRIL 23 2019.........SUNRISE   636 AM CDT   SUNSET   815 PM CDT


-  INDICATES NEGATIVE NUMBERS.
R  INDICATES RECORD WAS SET OR TIED.
MM INDICATES DATA IS MISSING.
T  INDICATES TRACE AMOUNT.




$$
