000
CDUS43 KOAX 170623
CLILNK


CLIMATE REPORT
NATIONAL WEATHER SERVICE OMAHA NEBRASKA
122 AM CDT WED JUL 17 2019


...................................

...THE LINCOLN NE CLIMATE SUMMARY FOR JULY 16 2019...

CLIMATE NORMAL PERIOD 1981 TO 2010
CLIMATE RECORD PERIOD 1887 TO 2019


WEATHER ITEM   OBSERVED TIME   RECORD YEAR NORMAL DEPARTURE LAST
                VALUE   (LST)  VALUE       VALUE  FROM      YEAR
                                                  NORMAL
..................................................................
TEMPERATURE (F)
 YESTERDAY
  MAXIMUM         91    449 PM 109    1913  89      2       90
  MINIMUM         72    811 AM  48    2014  66      6       70
  AVERAGE         82                        78      4       80

PRECIPITATION (IN)
  YESTERDAY        0.33          1.56 1994   0.11   0.22     0.00
  MONTH TO DATE    0.77                      1.85  -1.08     0.57
  SINCE JUN 1      5.15                      6.20  -1.05     9.40
  SINCE JAN 1     18.56                     16.54   2.02    16.16

SNOWFALL (IN)
  YESTERDAY        0.0           T    1989   0.0    0.0      0.0
                                      2001
  MONTH TO DATE    0.0                       0.0    0.0      0.0
  SINCE JUN 1      0.0                       0.0    0.0      0.0
  SINCE JUL 1      0.0                       0.0    0.0      0.0
  SNOW DEPTH       0

DEGREE DAYS
 HEATING
  YESTERDAY        0                         0      0        0
  MONTH TO DATE    0                         0      0        0
  SINCE JUN 1      6                        16    -10        0
  SINCE JUL 1      0                         0      0        0

 COOLING
  YESTERDAY       17                        13      4       15
  MONTH TO DATE  229                       201     28      232
  SINCE JUN 1    487                       443     44      608
  SINCE JAN 1    559                       522     37      812
..................................................................


WIND (MPH)
  HIGHEST WIND SPEED    21   HIGHEST WIND DIRECTION    SE (150)
  HIGHEST GUST SPEED    26   HIGHEST GUST DIRECTION    SE (140)
  AVERAGE WIND SPEED     6.0




RELATIVE HUMIDITY (PERCENT)
 HIGHEST    84
 LOWEST     49
 AVERAGE    67

..........................................................


THE LINCOLN NE CLIMATE NORMALS FOR TODAY
                         NORMAL    RECORD    YEAR
 MAXIMUM TEMPERATURE (F)   89       112      1936
 MINIMUM TEMPERATURE (F)   66        49      2009


SUNRISE AND SUNSET
JULY 17 2019..........SUNRISE   610 AM CDT   SUNSET   856 PM CDT
JULY 18 2019..........SUNRISE   611 AM CDT   SUNSET   855 PM CDT


-  INDICATES NEGATIVE NUMBERS.
R  INDICATES RECORD WAS SET OR TIED.
MM INDICATES DATA IS MISSING.
T  INDICATES TRACE AMOUNT.




$$

BCM
