000
CDUS43 KOAX 030623
CLILNK


CLIMATE REPORT
NATIONAL WEATHER SERVICE OMAHA NEBRASKA
123 AM CDT WED JUN 3 2020


...................................

...THE LINCOLN NE CLIMATE SUMMARY FOR JUNE 2 2020...

CLIMATE NORMAL PERIOD 1981 TO 2010
CLIMATE RECORD PERIOD 1887 TO 2020


WEATHER ITEM   OBSERVED TIME   RECORD YEAR NORMAL DEPARTURE LAST
                VALUE   (LST)  VALUE       VALUE  FROM      YEAR
                                                  NORMAL
..................................................................
TEMPERATURE (F)
 YESTERDAY
  MAXIMUM         96    322 PM 100    1911  80     16       80
  MINIMUM         69    551 AM  43    1978  57     12       51
                                      1964
  AVERAGE         83                        68     15       66

PRECIPITATION (IN)
  YESTERDAY        0.00          2.00 1965   0.14  -0.14     0.00
  MONTH TO DATE    T                         0.29  -0.29     0.00
  SINCE JUN 1      T                         0.29  -0.29     0.00
  SINCE JAN 1      9.06                     10.63  -1.57    13.41

SNOWFALL (IN)
  YESTERDAY        0.0           T    1951   0.0    0.0      0.0
                                      2001
  MONTH TO DATE    0.0                       0.0    0.0      0.0
  SINCE JUN 1      0.0                       0.0    0.0      0.0
  SINCE JUL 1     17.6                      25.9   -8.3     55.5
  SNOW DEPTH       0

DEGREE DAYS
 HEATING
  YESTERDAY        0                         1     -1        0
  MONTH TO DATE    0                         3     -3        0
  SINCE JUN 1      0                         3     -3        0
  SINCE JUL 1   5748                      6043   -295     6521

 COOLING
  YESTERDAY       18                         5     13        1
  MONTH TO DATE   34                         9     25        6
  SINCE JUN 1     34                         9     25        6
  SINCE JAN 1     71                        88    -17       78
..................................................................


WIND (MPH)
  HIGHEST WIND SPEED    23   HIGHEST WIND DIRECTION    SW (210)
  HIGHEST GUST SPEED    30   HIGHEST GUST DIRECTION     S (200)
  AVERAGE WIND SPEED    13.4




RELATIVE HUMIDITY (PERCENT)
 HIGHEST    73
 LOWEST     33
 AVERAGE    53

..........................................................


THE LINCOLN NE CLIMATE NORMALS FOR TODAY
                         NORMAL    RECORD    YEAR
 MAXIMUM TEMPERATURE (F)   80        97      1911
 MINIMUM TEMPERATURE (F)   57        40      1945


SUNRISE AND SUNSET
JUNE  3 2020..........SUNRISE   557 AM CDT   SUNSET   854 PM CDT
JUNE  4 2020..........SUNRISE   556 AM CDT   SUNSET   855 PM CDT


-  INDICATES NEGATIVE NUMBERS.
R  INDICATES RECORD WAS SET OR TIED.
MM INDICATES DATA IS MISSING.
T  INDICATES TRACE AMOUNT.




$$
