037
CDUS43 KOAX 150636
CLILNK


CLIMATE REPORT
NATIONAL WEATHER SERVICE OMAHA NEBRASKA
136 AM CDT SUN SEP 15 2019


...................................

...THE LINCOLN NE CLIMATE SUMMARY FOR SEPTEMBER 14 2019...

CLIMATE NORMAL PERIOD 1981 TO 2010
CLIMATE RECORD PERIOD 1887 TO 2019


WEATHER ITEM   OBSERVED TIME   RECORD YEAR NORMAL DEPARTURE LAST
                VALUE   (LST)  VALUE       VALUE  FROM      YEAR
                                                  NORMAL
..................................................................
TEMPERATURE (F)
 YESTERDAY
  MAXIMUM         88    433 PM  99    1939  80      8       91
  MINIMUM         61    322 AM  34    1890  54      7       68
  AVERAGE         75                        67      8       80

PRECIPITATION (IN)
  YESTERDAY        0.00          2.28 1906   0.11  -0.11     0.00
  MONTH TO DATE    0.19                      1.53  -1.34     6.30
  SINCE SEP 1      0.19                      1.53  -1.34     6.30
  SINCE JAN 1     24.85                     23.11   1.74    27.59

SNOWFALL (IN)
  YESTERDAY        0.0           0.0  2006   0.0    0.0      0.0
                                      2001
  MONTH TO DATE    0.0                       0.0    0.0      0.0
  SINCE SEP 1      0.0                       0.0    0.0      0.0
  SINCE JUL 1      0.0                       0.0    0.0      0.0
  SNOW DEPTH       0

DEGREE DAYS
 HEATING
  YESTERDAY        0                         2     -2        0
  MONTH TO DATE    0                        19    -19        1
  SINCE SEP 1      0                        19    -19        1
  SINCE JUL 1      0                        25    -25        2

 COOLING
  YESTERDAY       10                         4      6       15
  MONTH TO DATE  132                        81     51      100
  SINCE SEP 1    132                        81     51      100
  SINCE JAN 1   1184                      1116     68     1373
..................................................................


WIND (MPH)
  HIGHEST WIND SPEED    22   HIGHEST WIND DIRECTION     S (200)
  HIGHEST GUST SPEED    31   HIGHEST GUST DIRECTION    SW (210)
  AVERAGE WIND SPEED    11.9




RELATIVE HUMIDITY (PERCENT)
 HIGHEST    81
 LOWEST     55
 AVERAGE    68

..........................................................


THE LINCOLN NE CLIMATE NORMALS FOR TODAY
                         NORMAL    RECORD    YEAR
 MAXIMUM TEMPERATURE (F)   79        99      1939
 MINIMUM TEMPERATURE (F)   54        31      1993


SUNRISE AND SUNSET
SEPTEMBER 15 2019.....SUNRISE   707 AM CDT   SUNSET   736 PM CDT
SEPTEMBER 16 2019.....SUNRISE   708 AM CDT   SUNSET   735 PM CDT


-  INDICATES NEGATIVE NUMBERS.
R  INDICATES RECORD WAS SET OR TIED.
MM INDICATES DATA IS MISSING.
T  INDICATES TRACE AMOUNT.




$$
