000
CDUS45 KTFX 222240
CLILWT


CLIMATE REPORT
NATIONAL WEATHER SERVICE GREAT FALLS MT
440 PM MDT MON APR 22 2019


...................................

...THE LEWISTOWN MT CLIMATE SUMMARY FOR APRIL 22 2019...
VALID TODAY AS OF 0400 PM LOCAL TIME.

CLIMATE NORMAL PERIOD 1981 TO 2010
CLIMATE RECORD PERIOD 1896 TO 2019


WEATHER ITEM   OBSERVED TIME   RECORD YEAR NORMAL DEPARTURE LAST
                VALUE   (LST)  VALUE       VALUE  FROM      YEAR
                                                  NORMAL
..................................................................
TEMPERATURE (F)
 TODAY
  MAXIMUM         62    213 PM  86    1906  56      6       60
  MINIMUM         30    544 AM   1    1967  31     -1       32
  AVERAGE         46                        43      3       46

PRECIPITATION (IN)
  TODAY            0.00          0.91 2011   0.05  -0.05     0.02
  MONTH TO DATE    1.25                      0.96   0.29     1.33
  SINCE OCT 1      5.33                      5.46  -0.13     6.05
  SINCE JAN 1      2.90                      2.96  -0.06     4.05

DEGREE DAYS
 HEATING
  TODAY           19                        22     -3       19
  MONTH TO DATE  477                       543    -66      671
  SINCE MAR 1   1754                      1538    216     1769
  SINCE JUL 1   8101                      7342    759     7895

 COOLING
  TODAY            0                         0      0        0
  MONTH TO DATE    0                         0      0        0
  SINCE MAR 1      0                         0      0        0
  SINCE JAN 1      0                         0      0        0
..................................................................


WIND (MPH)
  HIGHEST WIND SPEED    24   HIGHEST WIND DIRECTION    SW (230)
  HIGHEST GUST SPEED    29   HIGHEST GUST DIRECTION    SW (240)
  AVERAGE WIND SPEED     6.0


SKY COVER
  AVERAGE SKY COVER 0.2


WEATHER CONDITIONS
 THE FOLLOWING WEATHER WAS RECORDED TODAY.
  NO SIGNIFICANT WEATHER WAS OBSERVED.


RELATIVE HUMIDITY (PERCENT)
 HIGHEST    85
 LOWEST     35
 AVERAGE    60

..........................................................


THE LEWISTOWN MT CLIMATE NORMALS FOR TOMORROW
                         NORMAL    RECORD    YEAR
 MAXIMUM TEMPERATURE (F)   56        83      2012
 MINIMUM TEMPERATURE (F)   31        13      2013
                                             1931


SUNRISE AND SUNSET
APRIL 22 2019.........SUNRISE   618 AM MDT   SUNSET   816 PM MDT
APRIL 23 2019.........SUNRISE   616 AM MDT   SUNSET   817 PM MDT


-  INDICATES NEGATIVE NUMBERS.
R  INDICATES RECORD WAS SET OR TIED.
MM INDICATES DATA IS MISSING.
T  INDICATES TRACE AMOUNT.




$$
