000
CDUS45 KTFX 030732
CLILWT

CLIMATE REPORT
NATIONAL WEATHER SERVICE GREAT FALLS MT
132 AM MDT WED JUN 03 2020

...................................

...THE LEWISTOWN MT CLIMATE SUMMARY FOR JUNE 2 2020...

CLIMATE NORMAL PERIOD 1981 TO 2010
CLIMATE RECORD PERIOD 1896 TO 2020


WEATHER ITEM   OBSERVED TIME   RECORD YEAR NORMAL DEPARTURE LAST
                VALUE   (LST)  VALUE       VALUE  FROM      YEAR
                                                  NORMAL
...................................................................
TEMPERATURE (F)
 YESTERDAY
  MAXIMUM         73    405 PM  89    1909  67      6       80
  MINIMUM         44    447 AM  30    1930  43      1       47
  AVERAGE         59                        55      4       64

PRECIPITATION (IN)
  YESTERDAY        T             1.68 1929   0.12  -0.12     0.00
  MONTH TO DATE    0.17                      0.24  -0.07     0.00
  SINCE OCT 1      9.11                      9.00   0.11     8.29
  SINCE JAN 1      6.46                      6.50  -0.04     5.86

SNOWFALL (IN)
  YESTERDAY        0.0
  SNOW DEPTH       0

DEGREE DAYS
 HEATING
  YESTERDAY        6                        11     -5        1
  MONTH TO DATE   11                        22    -11        7
  SINCE JUN 1     11                        22    -11        7
  SINCE JUL 1   8271                      7996    275     8877

 COOLING
  YESTERDAY        0                         0      0        0
  MONTH TO DATE    0                         0      0        0
  SINCE JUN 1      0                         0      0        0
  SINCE JAN 1      3                         2      1        0
...................................................................


WIND (MPH)
  HIGHEST WIND SPEED    13   HIGHEST WIND DIRECTION    SW (220)
  HIGHEST GUST SPEED    22   HIGHEST GUST DIRECTION    NE (30)
  AVERAGE WIND SPEED     5.5


SKY COVER
  AVERAGE SKY COVER 0.1


WEATHER CONDITIONS
THE FOLLOWING WEATHER WAS RECORDED YESTERDAY.
  LIGHT RAIN


RELATIVE HUMIDITY (PERCENT)
 HIGHEST    93           100 AM
 LOWEST     30           400 PM
 AVERAGE    62

..........................................................


THE LEWISTOWN MT CLIMATE NORMALS FOR TODAY
                         NORMAL    RECORD    YEAR
 MAXIMUM TEMPERATURE (F)   67        89      1988
 MINIMUM TEMPERATURE (F)   43        25      1910


SUNRISE AND SUNSET
JUNE  3 2020..........SUNRISE   525 AM MDT   SUNSET   908 PM MDT
JUNE  4 2020..........SUNRISE   525 AM MDT   SUNSET   908 PM MDT


-  INDICATES NEGATIVE NUMBERS.
R  INDICATES RECORD WAS SET OR TIED.
MM INDICATES DATA IS MISSING.
T  INDICATES TRACE AMOUNT.




$$
