000
CDUS45 KTFX 262240
CLILWT


CLIMATE REPORT
NATIONAL WEATHER SERVICE GREAT FALLS MT
440 PM MDT SAT MAY 26 2018


...................................

...THE LEWISTOWN MT CLIMATE SUMMARY FOR MAY 26 2018...
VALID TODAY AS OF 0400 PM LOCAL TIME.

CLIMATE NORMAL PERIOD 1981 TO 2010
CLIMATE RECORD PERIOD 1896 TO 2018


WEATHER ITEM   OBSERVED TIME   RECORD YEAR NORMAL DEPARTURE LAST
                VALUE   (LST)  VALUE       VALUE  FROM      YEAR
                                                  NORMAL
..................................................................
TEMPERATURE (F)
 TODAY
  MAXIMUM         78    244 PM  90    1936  65     13       61
  MINIMUM         49    455 AM  26    1975  41      8       35
  AVERAGE         64                        53     11       48

PRECIPITATION (IN)
  TODAY            T             0.77 1925   0.10  -0.10     0.00
  MONTH TO DATE    3.18                      2.27   0.91     1.66
  SINCE OCT 1      9.65                      8.18   1.47    10.18
  SINCE JAN 1      7.65                      5.68   1.97     5.78

DEGREE DAYS
 HEATING
  TODAY            1                        12    -11       17
  MONTH TO DATE  284                       409   -125      367
  SINCE MAR 1   2191                      2112     79     1928
  SINCE JUL 1   8317                      7916    401     7739

 COOLING
  TODAY            0                         0      0        0
  MONTH TO DATE    0                         0      0        0
  SINCE MAR 1      0                         0      0        0
  SINCE JAN 1      0                         0      0        0
..................................................................


WIND (MPH)
  HIGHEST WIND SPEED    21   HIGHEST WIND DIRECTION     W (250)
  HIGHEST GUST SPEED    27   HIGHEST GUST DIRECTION    SW (230)
  AVERAGE WIND SPEED     6.5


SKY COVER
  AVERAGE SKY COVER 0.0


WEATHER CONDITIONS
 THE FOLLOWING WEATHER WAS RECORDED TODAY.
  NO SIGNIFICANT WEATHER WAS OBSERVED.


RELATIVE HUMIDITY (PERCENT)
 HIGHEST    93
 LOWEST     40
 AVERAGE    67

..........................................................


THE LEWISTOWN MT CLIMATE NORMALS FOR TOMORROW
                         NORMAL    RECORD    YEAR
 MAXIMUM TEMPERATURE (F)   65        91      1934
 MINIMUM TEMPERATURE (F)   41        23      1910


SUNRISE AND SUNSET
MAY 26 2018...........SUNRISE   531 AM MDT   SUNSET   900 PM MDT
MAY 27 2018...........SUNRISE   530 AM MDT   SUNSET   901 PM MDT


-  INDICATES NEGATIVE NUMBERS.
R  INDICATES RECORD WAS SET OR TIED.
MM INDICATES DATA IS MISSING.
T  INDICATES TRACE AMOUNT.




$$
