000
CDUS45 KTFX 170856
CLILWT


CLIMATE REPORT
NATIONAL WEATHER SERVICE GREAT FALLS MT
254 AM MDT WED JUL 17 2019


...................................

...THE LEWISTOWN MT CLIMATE SUMMARY FOR JULY 16 2019...

CLIMATE NORMAL PERIOD 1981 TO 2010
CLIMATE RECORD PERIOD 1896 TO 2019


WEATHER ITEM   OBSERVED TIME   RECORD YEAR NORMAL DEPARTURE LAST
                VALUE   (LST)  VALUE       VALUE  FROM      YEAR
                                                  NORMAL
..................................................................
TEMPERATURE (F)
 YESTERDAY
  MAXIMUM         74    459 PM  98    1919  81     -7       87
  MINIMUM         54    409 AM  34    1999  51      3       53
  AVERAGE         64                        66     -2       70

PRECIPITATION (IN)
  YESTERDAY        0.01          1.02 1928   0.07  -0.06     0.00
  MONTH TO DATE    2.23                      1.11   1.12     0.16
  SINCE OCT 1     12.99                     12.95   0.04    17.36
  SINCE JAN 1     10.56                     10.45   0.11    15.36

SNOWFALL (IN)
  YESTERDAY       MM
  SNOW DEPTH       0

DEGREE DAYS
 HEATING
  YESTERDAY        1                         2     -1        0
  MONTH TO DATE   54                        49      5       42
  SINCE JUN 1    274                       276     -2      258
  SINCE JUL 1     54                        49      5       42

 COOLING
  YESTERDAY        0                         3     -3        5
  MONTH TO DATE   18                        38    -20       53
  SINCE JUN 1     19                        58    -39       59
  SINCE JAN 1     19                        60    -41       59
..................................................................


WIND (MPH)
  HIGHEST WIND SPEED    15   HIGHEST WIND DIRECTION    NW (300)
  HIGHEST GUST SPEED    20   HIGHEST GUST DIRECTION    SW (210)
  AVERAGE WIND SPEED     5.5


SKY COVER
  AVERAGE SKY COVER 0.3


WEATHER CONDITIONS
 THE FOLLOWING WEATHER WAS RECORDED YESTERDAY.
  LIGHT RAIN


RELATIVE HUMIDITY (PERCENT)
 HIGHEST    87          1200 AM
 LOWEST     41           500 PM
 AVERAGE    64

..........................................................


THE LEWISTOWN MT CLIMATE NORMALS FOR TODAY
                         NORMAL    RECORD    YEAR
 MAXIMUM TEMPERATURE (F)   81        98      1910
 MINIMUM TEMPERATURE (F)   51        38      1982


SUNRISE AND SUNSET
JULY 17 2019..........SUNRISE   540 AM MDT   SUNSET   908 PM MDT
JULY 18 2019..........SUNRISE   541 AM MDT   SUNSET   907 PM MDT


-  INDICATES NEGATIVE NUMBERS.
R  INDICATES RECORD WAS SET OR TIED.
MM INDICATES DATA IS MISSING.
T  INDICATES TRACE AMOUNT.




$$
