000
CDUS44 KJAN 252216
CLIMEI


CLIMATE REPORT
NATIONAL WEATHER SERVICE JACKSON MS
516 PM CDT FRI MAY 25 2018


...................................

...THE MERIDIAN CLIMATE SUMMARY FOR MAY 25 2018...
VALID AS OF 0500 PM LOCAL TIME.

CLIMATE NORMAL PERIOD 1981 TO 2010
CLIMATE RECORD PERIOD 1889 TO 2018


WEATHER ITEM   OBSERVED TIME   RECORD YEAR NORMAL DEPARTURE LAST
                VALUE   (LST)  VALUE       VALUE  FROM      YEAR
                                                  NORMAL
..................................................................
TEMPERATURE (F)
 TODAY
  MAXIMUM         88    338 PM  95    1953  85      3       81
  MINIMUM         69    514 AM  47    1979  61      8       52
  AVERAGE         79                        73      6       67

PRECIPITATION (IN)
  TODAY            T             2.97 1909   0.15  -0.15     0.00
  MONTH TO DATE    1.17                      3.64  -2.47     3.13
  SINCE MAR 1     13.04                     13.84  -0.80    18.83
  SINCE JAN 1     24.98                     24.57   0.41    28.40

SNOWFALL (IN)
  TODAY            0.0           0.0    MM   0.0    0.0      0.0
  MONTH TO DATE    0.0                       0.0    0.0      0.0
  SINCE MAR 1      0.0                       0.3   -0.3      0.0
  SINCE JUL 1      5.3                       0.6    4.7      0.8

DEGREE DAYS
 HEATING
  TODAY            0                         0      0        0
  MONTH TO DATE    0                        16    -16       13
  SINCE MAR 1    351                       453   -102      234
  SINCE JUL 1   2104                      2550   -446     1362

 COOLING
  TODAY           14                         8      6        2
  MONTH TO DATE  278                       145    133      160
  SINCE MAR 1    349                       221    128      377
  SINCE JAN 1    423                       228    195      423
..................................................................


WIND (MPH)
  HIGHEST WIND SPEED    13   HIGHEST WIND DIRECTION     E (110)
  HIGHEST GUST SPEED    15   HIGHEST GUST DIRECTION    SE (120)
  AVERAGE WIND SPEED     2.4


SKY COVER
  POSSIBLE SUNSHINE  MM
  AVERAGE SKY COVER 0.2


WEATHER CONDITIONS
 THE FOLLOWING WEATHER WAS RECORDED TODAY.
  THUNDERSTORM
  LIGHT RAIN
  FOG


RELATIVE HUMIDITY (PERCENT)
 HIGHEST    93          1200 AM
 LOWEST     51          1200 PM
 AVERAGE    72

..........................................................


THE MERIDIAN CLIMATE NORMALS FOR TOMORROW
                         NORMAL    RECORD    YEAR
 MAXIMUM TEMPERATURE (F)   86        96      1964
                                             1950
 MINIMUM TEMPERATURE (F)   61        42      1979


SUNRISE AND SUNSET
MAY 25 2018...........SUNRISE   551 AM CDT   SUNSET   753 PM CDT
MAY 26 2018...........SUNRISE   551 AM CDT   SUNSET   753 PM CDT


-  INDICATES NEGATIVE NUMBERS.
R  INDICATES RECORD WAS SET OR TIED.
MM INDICATES DATA IS MISSING.
T  INDICATES TRACE AMOUNT.




$$
