000
CDUS44 KJAN 030643
CLIMEI


CLIMATE REPORT
NATIONAL WEATHER SERVICE JACKSON MS
141 AM CDT WED JUN 3 2020


...................................

...THE MERIDIAN CLIMATE SUMMARY FOR JUNE 2 2020...

CLIMATE NORMAL PERIOD 1981 TO 2010
CLIMATE RECORD PERIOD 1889 TO 2020


WEATHER ITEM   OBSERVED TIME   RECORD YEAR NORMAL DEPARTURE LAST
                VALUE   (LST)  VALUE       VALUE  FROM      YEAR
                                                  NORMAL
..................................................................
TEMPERATURE (F)
 YESTERDAY
  MAXIMUM         92    349 PM  99    2011  87      5       96
  MINIMUM         65    411 AM  47    1984  63      2       65
                                      1894
  AVERAGE         79                        75      4       81

PRECIPITATION (IN)
  YESTERDAY        0.00          2.75 1900   0.15  -0.15     0.00
  MONTH TO DATE    0.00                      0.30  -0.30     0.00
  SINCE JUN 1      0.00                      0.30  -0.30     0.00
  SINCE JAN 1     37.23                     25.73  11.50    32.85

SNOWFALL (IN)
  YESTERDAY        0.0           0.0    MM   0.0    0.0      0.0
  MONTH TO DATE    0.0                       0.0    0.0      0.0
  SINCE JUN 1      0.0                       0.0    0.0      0.0
  SINCE JUL 1      T                         0.6   -0.6      0.1

DEGREE DAYS
 HEATING
  YESTERDAY        0                         0      0        0
  MONTH TO DATE    0                         0      0        0
  SINCE JUN 1      0                         0      0        0
  SINCE JUL 1   1677                      2553   -876     1922

 COOLING
  YESTERDAY       14                        10      4       16
  MONTH TO DATE   25                        20      5       31
  SINCE JUN 1     25                        20      5       31
  SINCE JAN 1    480                       303    177      527
..................................................................


WIND (MPH)
  HIGHEST WIND SPEED    12   HIGHEST WIND DIRECTION     S (190)
  HIGHEST GUST SPEED    17   HIGHEST GUST DIRECTION    SE (140)
  AVERAGE WIND SPEED     4.8


SKY COVER
  POSSIBLE SUNSHINE  MM
  AVERAGE SKY COVER 0.2


WEATHER CONDITIONS
 THE FOLLOWING WEATHER WAS RECORDED YESTERDAY.
  NO SIGNIFICANT WEATHER WAS OBSERVED.


RELATIVE HUMIDITY (PERCENT)
 HIGHEST    93           400 AM
 LOWEST     49           400 PM
 AVERAGE    71

..........................................................


THE MERIDIAN CLIMATE NORMALS FOR TODAY
                         NORMAL    RECORD    YEAR
 MAXIMUM TEMPERATURE (F)   87        99      2011
                                             1911
 MINIMUM TEMPERATURE (F)   64        45      1956


SUNRISE AND SUNSET
JUNE  3 2020..........SUNRISE   548 AM CDT   SUNSET   758 PM CDT
JUNE  4 2020..........SUNRISE   548 AM CDT   SUNSET   759 PM CDT


-  INDICATES NEGATIVE NUMBERS.
R  INDICATES RECORD WAS SET OR TIED.
MM INDICATES DATA IS MISSING.
T  INDICATES TRACE AMOUNT.




$$
