000
CDUS44 KJAN 170626
CLIMEI


CLIMATE REPORT
NATIONAL WEATHER SERVICE JACKSON MS
124 AM CDT WED JUL 17 2019


...................................

...THE MERIDIAN CLIMATE SUMMARY FOR JULY 16 2019...

CLIMATE NORMAL PERIOD 1981 TO 2010
CLIMATE RECORD PERIOD 1889 TO 2019


WEATHER ITEM   OBSERVED TIME   RECORD YEAR NORMAL DEPARTURE LAST
                VALUE   (LST)  VALUE       VALUE  FROM      YEAR
                                                  NORMAL
..................................................................
TEMPERATURE (F)
 YESTERDAY
  MAXIMUM         94    330 PM 106    2000  92      2       94
  MINIMUM         77   1159 PM  58    1967  70      7       74
  AVERAGE         86                        81      5       84

PRECIPITATION (IN)
  YESTERDAY        0.00          4.73 1971   0.17  -0.17     1.55
  MONTH TO DATE    2.06                      2.67  -0.61     4.14
  SINCE JUN 1      5.49                      7.07  -1.58     8.84
  SINCE JAN 1     38.34                     32.50   5.84    35.31

SNOWFALL (IN)
  YESTERDAY        0.0           0.0    MM   0.0    0.0      0.0
  MONTH TO DATE    0.0                       0.0    0.0      0.0
  SINCE JUN 1      0.0                       0.0    0.0      0.0
  SINCE JUL 1      0.0                       0.0    0.0      0.0

DEGREE DAYS
 HEATING
  YESTERDAY        0                         0      0        0
  MONTH TO DATE    0                         0      0        0
  SINCE JUN 1      0                         0      0        0
  SINCE JUL 1      0                         0      0        0

 COOLING
  YESTERDAY       21                        16      5       19
  MONTH TO DATE  309                       247     62      302
  SINCE JUN 1    778                       627    151      822
  SINCE JAN 1   1274                       910    364     1338
..................................................................


WIND (MPH)
  HIGHEST WIND SPEED    20   HIGHEST WIND DIRECTION     S (190)
  HIGHEST GUST SPEED    24   HIGHEST GUST DIRECTION     S (190)
  AVERAGE WIND SPEED     8.3


SKY COVER
  POSSIBLE SUNSHINE  MM
  AVERAGE SKY COVER 0.5


WEATHER CONDITIONS
 THE FOLLOWING WEATHER WAS RECORDED YESTERDAY.
  THUNDERSTORM


RELATIVE HUMIDITY (PERCENT)
 HIGHEST    91          1200 AM
 LOWEST     49           500 PM
 AVERAGE    70

..........................................................


THE MERIDIAN CLIMATE NORMALS FOR TODAY
                         NORMAL    RECORD    YEAR
 MAXIMUM TEMPERATURE (F)   92       102      2006
                                             2000
                                             1981
 MINIMUM TEMPERATURE (F)   70        61      1987


SUNRISE AND SUNSET
JULY 17 2019..........SUNRISE   600 AM CDT   SUNSET   802 PM CDT
JULY 18 2019..........SUNRISE   601 AM CDT   SUNSET   802 PM CDT


-  INDICATES NEGATIVE NUMBERS.
R  INDICATES RECORD WAS SET OR TIED.
MM INDICATES DATA IS MISSING.
T  INDICATES TRACE AMOUNT.




$$
