720
CDUS44 KJAN 150710
CLIMEI


CLIMATE REPORT
NATIONAL WEATHER SERVICE JACKSON MS
207 AM CDT SUN SEP 15 2019


...................................

...THE MERIDIAN CLIMATE SUMMARY FOR SEPTEMBER 14 2019...

CLIMATE NORMAL PERIOD 1981 TO 2010
CLIMATE RECORD PERIOD 1889 TO 2019


WEATHER ITEM   OBSERVED TIME   RECORD YEAR NORMAL DEPARTURE LAST
                VALUE   (LST)  VALUE       VALUE  FROM      YEAR
                                                  NORMAL
..................................................................
TEMPERATURE (F)
 YESTERDAY
  MAXIMUM         98    220 PM 101    1980  88     10       95
  MINIMUM         71    612 AM  43    1902  64      7       75
  AVERAGE         85                        76      9       85

PRECIPITATION (IN)
  YESTERDAY        0.00          2.73 1947   0.11  -0.11     0.00
  MONTH TO DATE    0.01                      1.60  -1.59     4.92
  SINCE SEP 1      0.01                      1.60  -1.59     4.92
  SINCE JAN 1     42.96                     40.56   2.40    49.43

SNOWFALL (IN)
  YESTERDAY        0.0           0.0  2002   0.0    0.0      0.0
                                      2001
  MONTH TO DATE    0.0                       0.0    0.0      0.0
  SINCE SEP 1      0.0                       0.0    0.0      0.0
  SINCE JUL 1      0.0                       0.0    0.0      0.0

DEGREE DAYS
 HEATING
  YESTERDAY        0                         0      0        0
  MONTH TO DATE    0                         0      0        0
  SINCE SEP 1      0                         0      0        0
  SINCE JUL 1      0                         0      0        0

 COOLING
  YESTERDAY       20                        11      9       20
  MONTH TO DATE  272                       174     98      234
  SINCE SEP 1    272                       174     98      234
  SINCE JAN 1   2355                      1794    561     2386
..................................................................


WIND (MPH)
  HIGHEST WIND SPEED    18   HIGHEST WIND DIRECTION    NE (40)
  HIGHEST GUST SPEED    24   HIGHEST GUST DIRECTION    NE (40)
  AVERAGE WIND SPEED     4.6


SKY COVER
  POSSIBLE SUNSHINE  MM
  AVERAGE SKY COVER 0.0


WEATHER CONDITIONS
 THE FOLLOWING WEATHER WAS RECORDED YESTERDAY.
  NO SIGNIFICANT WEATHER WAS OBSERVED.


RELATIVE HUMIDITY (PERCENT)
 HIGHEST    93           300 AM
 LOWEST     35           300 PM
 AVERAGE    64

..........................................................


THE MERIDIAN CLIMATE NORMALS FOR TODAY
                         NORMAL    RECORD    YEAR
 MAXIMUM TEMPERATURE (F)   87       103      1980
 MINIMUM TEMPERATURE (F)   63        45      1902


SUNRISE AND SUNSET
SEPTEMBER 15 2019.....SUNRISE   639 AM CDT   SUNSET   701 PM CDT
SEPTEMBER 16 2019.....SUNRISE   639 AM CDT   SUNSET   700 PM CDT


-  INDICATES NEGATIVE NUMBERS.
R  INDICATES RECORD WAS SET OR TIED.
MM INDICATES DATA IS MISSING.
T  INDICATES TRACE AMOUNT.




$$
