000
CDUS44 KJAN 222108
CLIMEI


CLIMATE REPORT
NATIONAL WEATHER SERVICE JACKSON MS
406 PM CDT MON APR 22 2019


...................................

...THE MERIDIAN CLIMATE SUMMARY FOR APRIL 22 2019...
VALID TODAY AS OF 0400 PM LOCAL TIME.

CLIMATE NORMAL PERIOD 1981 TO 2010
CLIMATE RECORD PERIOD 1889 TO 2019


WEATHER ITEM   OBSERVED TIME   RECORD YEAR NORMAL DEPARTURE LAST
                VALUE   (LST)  VALUE       VALUE  FROM      YEAR
                                                  NORMAL
..................................................................
TEMPERATURE (F)
 TODAY
  MAXIMUM         83    247 PM  91    1955  78      5       70
  MINIMUM         47    547 AM  35    1993  51     -4       58
  AVERAGE         65                        64      1       64

PRECIPITATION (IN)
  TODAY            0.00          1.68 2017   0.14  -0.14     1.14
  MONTH TO DATE    8.38                      3.60   4.78     6.04
  SINCE MAR 1     11.37                      9.02   2.35    11.39
  SINCE JAN 1     23.47                     19.75   3.72    23.33

SNOWFALL (IN)
  TODAY            0.0           0.0    MM   0.0    0.0      0.0
  MONTH TO DATE    0.0                       0.1   -0.1      0.0
  SINCE MAR 1      0.0                       0.3   -0.3      0.0
  SINCE JUL 1      0.1                       0.6   -0.5      5.3

DEGREE DAYS
 HEATING
  TODAY            0                         3     -3        1
  MONTH TO DATE   75                       111    -36      109
  SINCE MAR 1    341                       418    -77      340
  SINCE JUL 1   1922                      2515   -593     2093

 COOLING
  TODAY            0                         2     -2        0
  MONTH TO DATE   57                        35     22       24
  SINCE MAR 1     85                        52     33       68
  SINCE JAN 1    120                        59     61      142
..................................................................


WIND (MPH)
  HIGHEST WIND SPEED    13   HIGHEST WIND DIRECTION    SW (220)
  HIGHEST GUST SPEED    20   HIGHEST GUST DIRECTION    SW (220)
  AVERAGE WIND SPEED     2.8


SKY COVER
  POSSIBLE SUNSHINE  MM
  AVERAGE SKY COVER 0.0


WEATHER CONDITIONS
 THE FOLLOWING WEATHER WAS RECORDED TODAY.
  NO SIGNIFICANT WEATHER WAS OBSERVED.


RELATIVE HUMIDITY (PERCENT)
 HIGHEST    93           300 AM
 LOWEST     26           200 PM
 AVERAGE    60

..........................................................


THE MERIDIAN CLIMATE NORMALS FOR TOMORROW
                         NORMAL    RECORD    YEAR
 MAXIMUM TEMPERATURE (F)   78        90      1960
 MINIMUM TEMPERATURE (F)   51        33      1986


SUNRISE AND SUNSET
APRIL 22 2019.........SUNRISE   618 AM CDT   SUNSET   729 PM CDT
APRIL 23 2019.........SUNRISE   617 AM CDT   SUNSET   730 PM CDT


-  INDICATES NEGATIVE NUMBERS.
R  INDICATES RECORD WAS SET OR TIED.
MM INDICATES DATA IS MISSING.
T  INDICATES TRACE AMOUNT.




$$
