682
CDUS46 KSTO 230041
CLIMOD


CLIMATE REPORT
NATIONAL WEATHER SERVICE SACRAMENTO, CA
541 PM PDT MON APR 22 2019


...................................

...THE MODESTO CA CLIMATE SUMMARY FOR APRIL 22 2019...
VALID TODAY AS OF 0500 PM LOCAL TIME.

CLIMATE NORMAL PERIOD 1981 TO 2010
CLIMATE RECORD PERIOD 1931 TO 2019


WEATHER ITEM   OBSERVED TIME   RECORD YEAR NORMAL DEPARTURE LAST
                VALUE   (LST)  VALUE       VALUE  FROM      YEAR
                                                  NORMAL
..................................................................
TEMPERATURE (F)
 TODAY
  MAXIMUM         87    243 PM  99    2009  76     11       86
  MINIMUM         50    524 AM  35    1932  50      0       52
  AVERAGE         69

PRECIPITATION (IN)
  TODAY            0.00          0.33 1961   0.03  -0.03     0.00
                                      1961
                                      2007
  MONTH TO DATE    0.15                      0.76  -0.61     2.22
  SINCE OCT 1     12.06                     11.87   0.19     8.00
  SINCE JAN 1      7.57                      7.79  -0.22     6.97

SNOWFALL (IN)
  TODAY            0.0          MM      MM
  MONTH TO DATE    0.0
  SINCE MAR 1      0.0
  SINCE JUL 1      0.0

DEGREE DAYS
 HEATING
  TODAY            0                         3     -3        0
  MONTH TO DATE   61                       108    -47       89
  SINCE MAR 1    356                       345     11      393
  SINCE JUL 1   2050                      2113    -63     1971

 COOLING
  TODAY            4                         2      2        4
  MONTH TO DATE   14                        21     -7        9
  SINCE MAR 1     14                        26    -12       12
  SINCE JAN 1     14                        26    -12       12
..................................................................


WIND (MPH)
  RESULTANT WIND SPEED   9   RESULTANT WIND DIRECTION  NW (330)
  HIGHEST WIND SPEED    20   HIGHEST WIND DIRECTION    NW (310)
  HIGHEST GUST SPEED    25   HIGHEST GUST DIRECTION    NW (300)


SKY COVER
  POSSIBLE SUNSHINE  MM
  AVERAGE SKY COVER 0.0


WEATHER CONDITIONS
 THE FOLLOWING WEATHER WAS RECORDED TODAY.
  NO SIGNIFICANT WEATHER WAS OBSERVED.


RELATIVE HUMIDITY (PERCENT)
 HIGHEST    83           500 AM
 LOWEST     18           300 PM
 AVERAGE    51

..........................................................


THE MODESTO CA CLIMATE NORMALS FOR TOMORROW
                         NORMAL    RECORD    YEAR
 MAXIMUM TEMPERATURE (F)   77        95      1946
 MINIMUM TEMPERATURE (F)   51        37      1932


SUNRISE AND SUNSET
APRIL 22 2019.........SUNRISE   620 AM PDT   SUNSET   746 PM PDT
APRIL 23 2019.........SUNRISE   618 AM PDT   SUNSET   747 PM PDT


-  INDICATES NEGATIVE NUMBERS.
R  INDICATES RECORD WAS SET OR TIED.
MM INDICATES DATA IS MISSING.
T  INDICATES TRACE AMOUNT.




$$
