000
CDUS44 KHUN 220701
CLIMSL


CLIMATE REPORT
NATIONAL WEATHER SERVICE HUNTSVILLE AL
201 AM CDT MON APR 22 2019

...................................

...THE MUSCLE SHOALS CLIMATE SUMMARY FOR APRIL 21 2019...

CLIMATE NORMAL PERIOD 1981 TO 2010
CLIMATE RECORD PERIOD 1893 TO 2019


WEATHER ITEM   OBSERVED TIME   RECORD YEAR NORMAL DEPARTURE LAST
                VALUE   (LST)  VALUE       VALUE  FROM      YEAR
                                                  NORMAL
...................................................................
TEMPERATURE (F)
 YESTERDAY
  MAXIMUM         79    355 PM  91    1987  75      4       76
                                      1925
  MINIMUM         39    506 AM  33    1953  51    -12       41
  AVERAGE         59                        63     -4       59

PRECIPITATION (IN)
  YESTERDAY        T             2.46 1920   0.14  -0.14     0.00
  MONTH TO DATE    6.21                      3.04   3.17     4.29
  SINCE MAR 1      9.26                      7.80   1.46     8.86
  SINCE JAN 1     28.24                     17.07  11.17    23.20

SNOWFALL (IN)
  YESTERDAY        0.0
  MONTH TO DATE    0.0
  SINCE MAR 1      0.0
  SINCE JUL 1      T
  SNOW DEPTH       0

DEGREE DAYS
 HEATING
  YESTERDAY        6                         4      2        6
  MONTH TO DATE   96                       132    -36      188
  SINCE MAR 1    504                       510     -6      575
  SINCE JUL 1   2732                      3045   -313     2923

 COOLING
  YESTERDAY        0                         2     -2        0
  MONTH TO DATE   32                        30      2       15
  SINCE MAR 1     35                        42     -7       24
  SINCE JAN 1     42                        43     -1       52
...................................................................


WIND (MPH)
  HIGHEST WIND SPEED    12   HIGHEST WIND DIRECTION     W (270)
  HIGHEST GUST SPEED    17   HIGHEST GUST DIRECTION     N (360)
  AVERAGE WIND SPEED     1.3


SKY COVER
  POSSIBLE SUNSHINE  MM
  AVERAGE SKY COVER 0.0


WEATHER CONDITIONS
THE FOLLOWING WEATHER WAS RECORDED YESTERDAY.
  NO SIGNIFICANT WEATHER WAS OBSERVED.


RELATIVE HUMIDITY (PERCENT)
 HIGHEST    93           500 AM
 LOWEST     24           300 PM
 AVERAGE    59

..........................................................


THE MUSCLE SHOALS CLIMATE NORMALS FOR TODAY
                         NORMAL    RECORD    YEAR
 MAXIMUM TEMPERATURE (F)   75        90      1925
 MINIMUM TEMPERATURE (F)   51        34      1908


SUNRISE AND SUNSET
APRIL 22 2019.........SUNRISE   610 AM CDT   SUNSET   728 PM CDT
APRIL 23 2019.........SUNRISE   609 AM CDT   SUNSET   729 PM CDT


-  INDICATES NEGATIVE NUMBERS.
R  INDICATES RECORD WAS SET OR TIED.
MM INDICATES DATA IS MISSING.
T  INDICATES TRACE AMOUNT.




$$
