420
CDUS44 KHUN 150702
CLIMSL


CLIMATE REPORT
NATIONAL WEATHER SERVICE HUNTSVILLE AL
202 AM CDT SUN SEP 15 2019

...................................

...THE MUSCLE SHOALS CLIMATE SUMMARY FOR SEPTEMBER 14 2019...

CLIMATE NORMAL PERIOD 1981 TO 2010
CLIMATE RECORD PERIOD 1893 TO 2019


WEATHER ITEM   OBSERVED TIME   RECORD YEAR NORMAL DEPARTURE LAST
                VALUE   (LST)  VALUE       VALUE  FROM      YEAR
                                                  NORMAL
...................................................................
TEMPERATURE (F)
 YESTERDAY
  MAXIMUM         93    351 PM 100    1939  85      8       96
  MINIMUM         73    612 AM  37    1902  62     11       70
  AVERAGE         83                        74      9       83

PRECIPITATION (IN)
  YESTERDAY        0.00          1.15 2007   0.13  -0.13     0.00
  MONTH TO DATE    0.06                      1.69  -1.63     0.62
  SINCE SEP 1      0.06                      1.69  -1.63     0.62
  SINCE JAN 1     46.47                     37.40   9.07    42.83

SNOWFALL (IN)
  YESTERDAY        0.0
  MONTH TO DATE    0.0
  SINCE SEP 1      0.0
  SINCE JUL 1      0.0
  SNOW DEPTH       0

DEGREE DAYS
 HEATING
  YESTERDAY        0                         0      0        0
  MONTH TO DATE    0                         0      0        0
  SINCE SEP 1      0                         0      0        0
  SINCE JUL 1      0                         0      0        0

 COOLING
  YESTERDAY       18                         9      9       18
  MONTH TO DATE  240                       155     85      218
  SINCE SEP 1    240                       155     85      218
  SINCE JAN 1   2102                      1698    404     2101
...................................................................


WIND (MPH)
  HIGHEST WIND SPEED     9   HIGHEST WIND DIRECTION    SE (120)
  HIGHEST GUST SPEED    12   HIGHEST GUST DIRECTION    SE (150)
  AVERAGE WIND SPEED     3.4


SKY COVER
  POSSIBLE SUNSHINE  MM
  AVERAGE SKY COVER 0.0


WEATHER CONDITIONS
THE FOLLOWING WEATHER WAS RECORDED YESTERDAY.
  NO SIGNIFICANT WEATHER WAS OBSERVED.


RELATIVE HUMIDITY (PERCENT)
 HIGHEST    87           200 AM
 LOWEST     46           400 PM
 AVERAGE    67

..........................................................


THE MUSCLE SHOALS CLIMATE NORMALS FOR TODAY
                         NORMAL    RECORD    YEAR
 MAXIMUM TEMPERATURE (F)   85        99      1893
 MINIMUM TEMPERATURE (F)   62        43      1902


SUNRISE AND SUNSET
SEPTEMBER 15 2019.....SUNRISE   633 AM CDT   SUNSET   658 PM CDT
SEPTEMBER 16 2019.....SUNRISE   634 AM CDT   SUNSET   656 PM CDT


-  INDICATES NEGATIVE NUMBERS.
R  INDICATES RECORD WAS SET OR TIED.
MM INDICATES DATA IS MISSING.
T  INDICATES TRACE AMOUNT.




$$
