000
CDUS46 KMTR 200826
CLINUQ


CLIMATE REPORT
NATIONAL WEATHER SERVICE SAN FRANCISCO BAY AREA
126 AM PDT FRI APR 20 2018


...................................

...THE MOFFETT FIELD CLIMATE SUMMARY FOR APRIL 19 2018...

CLIMATE NORMAL PERIOD 1981 TO 2010
CLIMATE RECORD PERIOD 1945 TO 2018


WEATHER ITEM   OBSERVED TIME   RECORD YEAR NORMAL DEPARTURE LAST
                VALUE   (LST)  VALUE       VALUE  FROM      YEAR
                                                  NORMAL
..................................................................
TEMPERATURE (F)
 YESTERDAY
  MAXIMUM         68    255 PM  88    2009  69     -1       72
  MINIMUM         43    549 AM  40    1979  50     -7       46
  AVERAGE         56                        60     -4       59

PRECIPITATION (IN)
  YESTERDAY        0.00          0.35 1988   0.03  -0.03     0.00
  MONTH TO DATE    0.85                      0.67   0.18     1.22
  SINCE OCT 1      8.20                     13.59  -5.39    18.02
  SINCE JAN 1      6.25                      8.75  -2.50    13.45

DEGREE DAYS
 HEATING
  YESTERDAY        9                                         6
  MONTH TO DATE  133                                       125
  SINCE MAR 1    440                                       358
  SINCE JUL 1   1851                                      1886

 COOLING
  YESTERDAY        0                                         0
  MONTH TO DATE    0                                         0
  SINCE MAR 1      2                                         0
  SINCE JAN 1      2                                         0
..................................................................


WIND (MPH)
  RESULTANT WIND SPEED   3   RESULTANT WIND DIRECTION  NW (310)
  HIGHEST WIND SPEED    23   HIGHEST WIND DIRECTION     N (360)
  HIGHEST GUST SPEED    27   HIGHEST GUST DIRECTION     N (360)
  AVERAGE WIND SPEED     5.6


SKY COVER
  POSSIBLE SUNSHINE  MM
  AVERAGE SKY COVER 0.0


WEATHER CONDITIONS
 THE FOLLOWING WEATHER WAS RECORDED YESTERDAY.
  NO SIGNIFICANT WEATHER WAS OBSERVED.


RELATIVE HUMIDITY (PERCENT)
 HIGHEST    77           100 AM
 LOWEST     42           300 PM
 AVERAGE    60

..........................................................


THE MOFFETT FIELD CLIMATE NORMALS FOR TODAY
                         NORMAL    RECORD    YEAR
 MAXIMUM TEMPERATURE (F)   69        93      2009
 MINIMUM TEMPERATURE (F)   50        37      1967


SUNRISE AND SUNSET
APRIL 20 2018.........SUNRISE   627 AM PDT   SUNSET   748 PM PDT
APRIL 21 2018.........SUNRISE   625 AM PDT   SUNSET   749 PM PDT


-  INDICATES NEGATIVE NUMBERS.
R  INDICATES RECORD WAS SET OR TIED.
MM INDICATES DATA IS MISSING.
T  INDICATES TRACE AMOUNT.




$$
