000
CDUS46 KMTR 180828
CLINUQ


CLIMATE REPORT
NATIONAL WEATHER SERVICE SAN FRANCISCO BAY AREA
128 AM PDT TUE JUN 18 2019


...................................

...THE MOFFETT FIELD CLIMATE SUMMARY FOR JUNE 17 2019...

CLIMATE NORMAL PERIOD 1981 TO 2010
CLIMATE RECORD PERIOD 1945 TO 2019


WEATHER ITEM   OBSERVED TIME   RECORD YEAR NORMAL DEPARTURE LAST
                VALUE   (LST)  VALUE       VALUE  FROM      YEAR
                                                  NORMAL
..................................................................
TEMPERATURE (F)
 YESTERDAY
  MAXIMUM         78    309 PM  99    1993  77      1       74
  MINIMUM         58    628 AM  46    1948  57      1       55
  AVERAGE         68                        67      1       65

PRECIPITATION (IN)
  YESTERDAY        0.00          0.02 2005   0.00   0.00     0.00
  MONTH TO DATE    0.00                      0.08  -0.08     0.00
  SINCE OCT 1     14.32                     14.45  -0.13     8.20
  SINCE JAN 1     12.10                      9.61   2.49     6.25

DEGREE DAYS
 HEATING
  YESTERDAY        0                                         0
  MONTH TO DATE    2                                        17
  SINCE JUN 1      2                                        17
  SINCE JUL 1   2021                                      2031

 COOLING
  YESTERDAY        3                                         0
  MONTH TO DATE   99                                        26
  SINCE JUN 1     99                                        26
  SINCE JAN 1    121                                        44
..................................................................


WIND (MPH)
  RESULTANT WIND SPEED   4   RESULTANT WIND DIRECTION   N (10)
  HIGHEST WIND SPEED    15   HIGHEST WIND DIRECTION     N (350)
  HIGHEST GUST SPEED    18   HIGHEST GUST DIRECTION     N (350)
  AVERAGE WIND SPEED     7.4


SKY COVER
  POSSIBLE SUNSHINE  MM
  AVERAGE SKY COVER 0.3


WEATHER CONDITIONS
 THE FOLLOWING WEATHER WAS RECORDED YESTERDAY.
  NO SIGNIFICANT WEATHER WAS OBSERVED.


RELATIVE HUMIDITY (PERCENT)
 HIGHEST    80           300 AM
 LOWEST     50           100 PM
 AVERAGE    65

..........................................................


THE MOFFETT FIELD CLIMATE NORMALS FOR TODAY
                         NORMAL    RECORD    YEAR
 MAXIMUM TEMPERATURE (F)   77       100      2017
 MINIMUM TEMPERATURE (F)   57        48      1975


SUNRISE AND SUNSET
JUNE 18 2019..........SUNRISE   547 AM PDT   SUNSET   832 PM PDT
JUNE 19 2019..........SUNRISE   547 AM PDT   SUNSET   832 PM PDT


-  INDICATES NEGATIVE NUMBERS.
R  INDICATES RECORD WAS SET OR TIED.
MM INDICATES DATA IS MISSING.
T  INDICATES TRACE AMOUNT.




$$
