000
CDUS46 KMTR 220029
CLINUQ


CLIMATE REPORT
NATIONAL WEATHER SERVICE SAN FRANCISCO BAY AREA
529 PM PDT SUN APR 21 2019


...................................

...THE MOFFETT FIELD CLIMATE SUMMARY FOR APRIL 21 2019...
VALID TODAY AS OF 0500 PM LOCAL TIME.

CLIMATE NORMAL PERIOD 1981 TO 2010
CLIMATE RECORD PERIOD 1945 TO 2019


WEATHER ITEM   OBSERVED TIME   RECORD YEAR NORMAL DEPARTURE LAST
                VALUE   (LST)  VALUE       VALUE  FROM      YEAR
                                                  NORMAL
..................................................................
TEMPERATURE (F)
 TODAY
  MAXIMUM         69    325 PM  90    2009  70     -1       79
  MINIMUM         47    457 AM  39    2001  50     -3       48
  AVERAGE         58                        60     -2       64

PRECIPITATION (IN)
  TODAY            0.00          0.58 1967   0.03  -0.03     0.00
  MONTH TO DATE    0.25                      0.73  -0.48     0.85
  SINCE OCT 1     13.44                     13.65  -0.21     8.20
  SINCE JAN 1     11.22                      8.81   2.41     6.25

DEGREE DAYS
 HEATING
  TODAY            7                                         1
  MONTH TO DATE  106                                       138
  SINCE MAR 1    420                                       445
  SINCE JUL 1   1891                                      1856

 COOLING
  TODAY            0                                         0
  MONTH TO DATE    3                                         0
  SINCE MAR 1      3                                         2
  SINCE JAN 1      3                                         2
..................................................................


WIND (MPH)
  RESULTANT WIND SPEED   5   RESULTANT WIND DIRECTION   N (350)
  HIGHEST WIND SPEED    21   HIGHEST WIND DIRECTION     N (350)
  HIGHEST GUST SPEED    22   HIGHEST GUST DIRECTION     N (340)
  AVERAGE WIND SPEED     5.3


SKY COVER
  POSSIBLE SUNSHINE  MM
  AVERAGE SKY COVER 0.0


WEATHER CONDITIONS
 THE FOLLOWING WEATHER WAS RECORDED TODAY.
  NO SIGNIFICANT WEATHER WAS OBSERVED.


RELATIVE HUMIDITY (PERCENT)
 HIGHEST    86           400 AM
 LOWEST     53          1200 PM
 AVERAGE    70

..........................................................


THE MOFFETT FIELD CLIMATE NORMALS FOR TOMORROW
                         NORMAL    RECORD    YEAR
 MAXIMUM TEMPERATURE (F)   70        88      2013
 MINIMUM TEMPERATURE (F)   50        40      1945


SUNRISE AND SUNSET
APRIL 21 2019.........SUNRISE   626 AM PDT   SUNSET   749 PM PDT
APRIL 22 2019.........SUNRISE   624 AM PDT   SUNSET   750 PM PDT


-  INDICATES NEGATIVE NUMBERS.
R  INDICATES RECORD WAS SET OR TIED.
MM INDICATES DATA IS MISSING.
T  INDICATES TRACE AMOUNT.




$$
