000
CDUS46 KMTR 280027
CLIOAK


CLIMATE REPORT
NATIONAL WEATHER SERVICE SAN FRANCISCO BAY AREA
427 PM PST THU FEB 27 2020


...................................

...THE OAKLAND AIRPORT CLIMATE SUMMARY FOR FEBRUARY 27 2020...
VALID TODAY AS OF 0400 PM LOCAL TIME.

CLIMATE NORMAL PERIOD 1981 TO 2010
CLIMATE RECORD PERIOD 1948 TO 2020


WEATHER ITEM   OBSERVED TIME   RECORD YEAR NORMAL DEPARTURE LAST
                VALUE   (LST)  VALUE       VALUE  FROM      YEAR
                                                  NORMAL
..................................................................
TEMPERATURE (F)
 TODAY
  MAXIMUM         74R   357 PM  73    1986  61     13       60
  MINIMUM         47    643 AM  31    1962  45      2       51
  AVERAGE         61                        53      8       56

PRECIPITATION (IN)
  TODAY            0.00          1.12 1973   0.15  -0.15     0.44
  MONTH TO DATE    0.00                      3.80  -3.80     6.07
  SINCE OCT 1      5.80                     15.10  -9.30    14.87
  SINCE JAN 1      1.74                      7.79  -6.05     9.81

SNOWFALL (IN)
  TODAY            0.0           0.0  1985
  MONTH TO DATE    0.0
  SINCE DEC 1      0.0
  SINCE JUL 1      0.0

DEGREE DAYS
 HEATING
  TODAY            4                        12     -8        9
  MONTH TO DATE  239                       350   -111      394
  SINCE DEC 1   1006                      1334   -328     1146
  SINCE JUL 1   1451                      2009   -558     1723

 COOLING
  TODAY            0                         0      0        0
  MONTH TO DATE    0                         0      0        0
  SINCE DEC 1      0                         0      0        0
  SINCE JAN 1      0                         0      0        0
..................................................................


WIND (MPH)
  RESULTANT WIND SPEED   1   RESULTANT WIND DIRECTION   W (250)
  HIGHEST WIND SPEED     8   HIGHEST WIND DIRECTION     W (290)
  HIGHEST GUST SPEED    10   HIGHEST GUST DIRECTION    SW (230)
  AVERAGE WIND SPEED     3.7


SKY COVER
  POSSIBLE SUNSHINE  MM
  AVERAGE SKY COVER 0.4


WEATHER CONDITIONS
 THE FOLLOWING WEATHER WAS RECORDED TODAY.
  NO SIGNIFICANT WEATHER WAS OBSERVED.


RELATIVE HUMIDITY (PERCENT)
 HIGHEST    86           700 AM
 LOWEST     40           100 PM
 AVERAGE    63

..........................................................


THE OAKLAND AIRPORT CLIMATE NORMALS FOR TOMORROW
                         NORMAL    RECORD    YEAR
 MAXIMUM TEMPERATURE (F)   61        73      1954
 MINIMUM TEMPERATURE (F)   45        32      1955


SUNRISE AND SUNSET
FEBRUARY 27 2020......SUNRISE   644 AM PST   SUNSET   600 PM PST
FEBRUARY 28 2020......SUNRISE   642 AM PST   SUNSET   601 PM PST


-  INDICATES NEGATIVE NUMBERS.
R  INDICATES RECORD WAS SET OR TIED.
MM INDICATES DATA IS MISSING.
T  INDICATES TRACE AMOUNT.




$$
