639
CDUS46 KMTR 230032
CLIOAK


CLIMATE REPORT
NATIONAL WEATHER SERVICE SAN FRANCISCO BAY AREA
532 PM PDT WED MAY 22 2019


...................................

...THE OAKLAND AIRPORT CLIMATE SUMMARY FOR MAY 22 2019...
VALID TODAY AS OF 0500 PM LOCAL TIME.

CLIMATE NORMAL PERIOD 1981 TO 2010
CLIMATE RECORD PERIOD 1948 TO 2019


WEATHER ITEM   OBSERVED TIME   RECORD YEAR NORMAL DEPARTURE LAST
                VALUE   (LST)  VALUE       VALUE  FROM      YEAR
                                                  NORMAL
..................................................................
TEMPERATURE (F)
 TODAY
  MAXIMUM         69    244 PM  82    2000  68      1       58
  MINIMUM         52    529 AM  44    1960  52      0       53
  AVERAGE         61                        60      1       56

PRECIPITATION (IN)
  TODAY            0.00          0.25 1958   0.01  -0.01      T
  MONTH TO DATE    1.72                      0.56   1.16      T
  SINCE OCT 1     20.72                     20.23   0.49    14.98
  SINCE JAN 1     15.66                     12.92   2.74    11.76

SNOWFALL (IN)
  TODAY            0.0           0.0  1985
  MONTH TO DATE    0.0
  SINCE MAR 1      0.0
  SINCE JUL 1      0.0

DEGREE DAYS
 HEATING
  TODAY            4                         6     -2        9
  MONTH TO DATE  108                       135    -27      135
  SINCE MAR 1    533                       699   -166      740
  SINCE JUL 1   2268                      2721   -453     2485

 COOLING
  TODAY            0                         0      0        0
  MONTH TO DATE    0                         0      0        0
  SINCE MAR 1      9                         6      3        0
  SINCE JAN 1      9                         6      3        0
..................................................................


WIND (MPH)
  RESULTANT WIND SPEED  12   RESULTANT WIND DIRECTION   W (290)
  HIGHEST WIND SPEED    21   HIGHEST WIND DIRECTION     W (290)
  HIGHEST GUST SPEED    25   HIGHEST GUST DIRECTION     W (290)
  AVERAGE WIND SPEED    13.0


SKY COVER
  POSSIBLE SUNSHINE  MM
  AVERAGE SKY COVER 0.4


WEATHER CONDITIONS
 THE FOLLOWING WEATHER WAS RECORDED TODAY.
  NO SIGNIFICANT WEATHER WAS OBSERVED.


RELATIVE HUMIDITY (PERCENT)
 HIGHEST    77          1200 AM
 LOWEST     48          1100 AM
 AVERAGE    63

..........................................................


THE OAKLAND AIRPORT CLIMATE NORMALS FOR TOMORROW
                         NORMAL    RECORD    YEAR
 MAXIMUM TEMPERATURE (F)   68        87      1952
 MINIMUM TEMPERATURE (F)   52        46      2010
                                             2002


SUNRISE AND SUNSET
MAY 22 2019...........SUNRISE   554 AM PDT   SUNSET   818 PM PDT
MAY 23 2019...........SUNRISE   553 AM PDT   SUNSET   818 PM PDT


-  INDICATES NEGATIVE NUMBERS.
R  INDICATES RECORD WAS SET OR TIED.
MM INDICATES DATA IS MISSING.
T  INDICATES TRACE AMOUNT.




$$
