000
CDHW42 PHFO 100234
CLIOGG


CLIMATE REPORT
NATIONAL WEATHER SERVICE HONOLULU HI
432 PM HST SUN AUG 9 2020


...................................

...THE KAHULUI HI CLIMATE SUMMARY FOR AUGUST 9 2020...
VALID TODAY AS OF 0400 PM LOCAL TIME.

CLIMATE NORMAL PERIOD 1981 TO 2010
CLIMATE RECORD PERIOD 1954 TO 2020


WEATHER ITEM   OBSERVED TIME   RECORD YEAR NORMAL DEPARTURE LAST
                VALUE   (LST)  VALUE       VALUE  FROM      YEAR
                                                  NORMAL
..................................................................
TEMPERATURE (F)
 TODAY
  MAXIMUM         89    129 PM  95    2019  88      1       95
  MINIMUM         77    610 AM  63    1969  72      5       71
  AVERAGE         83                        80      3       83

PRECIPITATION (IN)
  TODAY            T             0.24 1967   0.01  -0.01     0.00
  MONTH TO DATE    0.02                      0.16  -0.14     0.16
  SINCE JUN 1      0.31                      0.86  -0.55     0.34
  SINCE JAN 1     10.43                     10.36   0.07     9.14

SNOWFALL (IN)
  TODAY            0.0
  MONTH TO DATE    0.0
  SINCE JUN 1      0.0
  SINCE JUL 1      0.0
  SNOW DEPTH      MM

DEGREE DAYS
 HEATING
  TODAY            0                         0      0        0
  MONTH TO DATE    0                         0      0        0
  SINCE JUN 1      0                         0      0        0
  SINCE JUL 1      0                         0      0        0

 COOLING
  TODAY           18                        15      3       18
  MONTH TO DATE  168                       135     33       81
  SINCE JUN 1   1141                       962    179     1115
  SINCE JAN 1   2726                      2221    505     2656
..................................................................


WIND (MPH)
  HIGHEST WIND SPEED    29   HIGHEST WIND DIRECTION    NE (60)
  HIGHEST GUST SPEED    38   HIGHEST GUST DIRECTION    NE (50)
  AVERAGE WIND SPEED    MM


SKY COVER
  POSSIBLE SUNSHINE  MM
  AVERAGE SKY COVER  MM


WEATHER CONDITIONS
 THE FOLLOWING WEATHER WAS RECORDED TODAY.
  HAZE


RELATIVE HUMIDITY (PERCENT)
 HIGHEST    MM
 LOWEST     MM
 AVERAGE    MM

..........................................................


THE KAHULUI HI CLIMATE NORMALS FOR TOMORROW
                         NORMAL    RECORD    YEAR
 MAXIMUM TEMPERATURE (F)   88        95      2019
 MINIMUM TEMPERATURE (F)   72        61      2009


SUNRISE AND SUNSET
AUGUST  9 2020........SUNRISE   603 AM HST   SUNSET   659 PM HST
AUGUST 10 2020........SUNRISE   603 AM HST   SUNSET   658 PM HST


-  INDICATES NEGATIVE NUMBERS.
R  INDICATES RECORD WAS SET OR TIED.
MM INDICATES DATA IS MISSING.
T  INDICATES TRACE AMOUNT.




$$
