953
CDHW42 PHFO 220422
CLIOGG


CLIMATE REPORT
NATIONAL WEATHER SERVICE HONOLULU HI
621 PM HST SUN APR 21 2019


...................................

...THE KAHULUI HI CLIMATE SUMMARY FOR APRIL 21 2019...
VALID TODAY AS OF 0500 PM LOCAL TIME.

CLIMATE NORMAL PERIOD 1981 TO 2010
CLIMATE RECORD PERIOD 1946 TO 2019


WEATHER ITEM   OBSERVED TIME   RECORD YEAR NORMAL DEPARTURE LAST
                VALUE   (LST)  VALUE       VALUE  FROM      YEAR
                                                  NORMAL
..................................................................
TEMPERATURE (F)
 TODAY
  MAXIMUM         90R   207 PM  89    1951  83      7       84
  MINIMUM         74    644 AM  59    1985  66      8       71
                                      1972
                                      1952
  AVERAGE         82                        74      8       78

PRECIPITATION (IN)
  TODAY            0.00          1.48 1987   0.05  -0.05     0.00
  MONTH TO DATE    0.29                      1.23  -0.94     4.17
  SINCE MAR 1      0.88                      3.68  -2.80     6.37
  SINCE JAN 1      7.89                      8.44  -0.55    12.22

SNOWFALL (IN)
  TODAY            0.0
  MONTH TO DATE    0.0
  SINCE MAR 1      0.0
  SINCE JUL 1      0.0
  SNOW DEPTH      MM

DEGREE DAYS
 HEATING
  TODAY            0                         0      0        0
  MONTH TO DATE    0                         0      0        0
  SINCE MAR 1      0                         0      0        0
  SINCE JUL 1      0                         0      0        0

 COOLING
  TODAY           17                         9      8       13
  MONTH TO DATE  271                       189     82      234
  SINCE MAR 1    549                       434    115      466
  SINCE JAN 1    998                       843    155      911
..................................................................


WIND (MPH)
  HIGHEST WIND SPEED    25   HIGHEST WIND DIRECTION    NE (60)
  HIGHEST GUST SPEED    33   HIGHEST GUST DIRECTION    NE (60)
  AVERAGE WIND SPEED    MM


SKY COVER
  POSSIBLE SUNSHINE  MM
  AVERAGE SKY COVER  MM


WEATHER CONDITIONS
 THE FOLLOWING WEATHER WAS RECORDED TODAY.
  NO SIGNIFICANT WEATHER WAS OBSERVED.


RELATIVE HUMIDITY (PERCENT)
 HIGHEST    MM
 LOWEST     MM
 AVERAGE    MM

..........................................................


THE KAHULUI HI CLIMATE NORMALS FOR TOMORROW
                         NORMAL    RECORD    YEAR
 MAXIMUM TEMPERATURE (F)   83        90      2015
                                             1953
 MINIMUM TEMPERATURE (F)   66        56      1958


SUNRISE AND SUNSET
APRIL 21 2019.........SUNRISE   602 AM HST   SUNSET   647 PM HST
APRIL 22 2019.........SUNRISE   602 AM HST   SUNSET   647 PM HST


-  INDICATES NEGATIVE NUMBERS.
R  INDICATES RECORD WAS SET OR TIED.
MM INDICATES DATA IS MISSING.
T  INDICATES TRACE AMOUNT.




$$
