000
CDUS46 KMFR 170056
CLIOTH


CLIMATE REPORT
NATIONAL WEATHER SERVICE MEDFORD, OR
555 PM PDT SUN JUN 16 2019


...................................

...THE NORTH BEND OR CLIMATE SUMMARY FOR JUNE 16 2019...
VALID TODAY AS OF 0500 PM LOCAL TIME.

CLIMATE NORMAL PERIOD 1981 TO 2010
CLIMATE RECORD PERIOD 1902 TO 2019


WEATHER ITEM   OBSERVED TIME   RECORD YEAR NORMAL DEPARTURE LAST
                VALUE   (LST)  VALUE       VALUE  FROM      YEAR
                                                  NORMAL
..................................................................
TEMPERATURE (F)
 TODAY
  MAXIMUM         63        MM  74    1945  62      1       65
  MINIMUM         50        MM  37    1919  51     -1       54
  AVERAGE         57                        56      1       60

PRECIPITATION (IN)
  TODAY            0.00          0.95 1939   0.07  -0.07     0.00
  MONTH TO DATE    0.01                      1.36  -1.35     0.23
  SINCE OCT 1     56.84                     61.62  -4.78    45.30
  SINCE JAN 1     38.33                     35.53   2.80    26.40

SNOWFALL (IN)
  TODAY           MM                         0.0   MM       MM
  MONTH TO DATE   MM                         0.0   MM       MM
  SINCE JUL 1     MM                         0.4   MM        0.0
  SNOW DEPTH      MM

DEGREE DAYS
 HEATING
  TODAY            8                         9     -1        5
  MONTH TO DATE  101                       153    -52      131
  SINCE JUN 1    101                       153    -52      131
  SINCE JUL 1   4160                      4713   -553     4096

 COOLING
  TODAY            0                         0      0        0
  MONTH TO DATE    0                         0      0        0
  SINCE JUN 1      0                         0      0        0
  SINCE JAN 1      6                         0      6        0
..................................................................


WIND (MPH)
  HIGHEST WIND SPEED    23   HIGHEST WIND DIRECTION     N (10)
  HIGHEST GUST SPEED    33   HIGHEST GUST DIRECTION     N (350)
  AVERAGE WIND SPEED    14.4


SKY COVER
  POSSIBLE SUNSHINE  MM
  AVERAGE SKY COVER 0.7


WEATHER CONDITIONS
 THE FOLLOWING WEATHER WAS RECORDED TODAY.
  NO SIGNIFICANT WEATHER WAS OBSERVED.


RELATIVE HUMIDITY (PERCENT)
 HIGHEST   100           300 AM
 LOWEST     72           100 PM

..........................................................


THE NORTH BEND OR CLIMATE NORMALS FOR TOMORROW
                         NORMAL    RECORD    YEAR
 MAXIMUM TEMPERATURE (F)   62        80      1945
 MINIMUM TEMPERATURE (F)   51        36      1919
                                             1960


SUNRISE AND SUNSET
JUNE 16 2019..........SUNRISE   536 AM PDT   SUNSET   900 PM PDT
JUNE 17 2019..........SUNRISE   536 AM PDT   SUNSET   900 PM PDT


-  INDICATES NEGATIVE NUMBERS.
R  INDICATES RECORD WAS SET OR TIED.
MM INDICATES DATA IS MISSING.
T  INDICATES TRACE AMOUNT.




$$
