000
CDUS46 KMFR 210845
CLIOTH


CLIMATE REPORT
NATIONAL WEATHER SERVICE MEDFORD, OR
145 AM PDT SUN APR 21 2019


...................................

...THE NORTH BEND OR CLIMATE SUMMARY FOR APRIL 20 2019...

CLIMATE NORMAL PERIOD 1981 TO 2010
CLIMATE RECORD PERIOD 1902 TO 2019


WEATHER ITEM   OBSERVED TIME   RECORD YEAR NORMAL DEPARTURE LAST
                VALUE   (LST)  VALUE       VALUE  FROM      YEAR
                                                  NORMAL
..................................................................
TEMPERATURE (F)
 YESTERDAY
  MAXIMUM         54        MM  84    1931  56     -2       55
  MINIMUM         50        MM  30    1927  43      7       40
  AVERAGE         52                        50      2       48

PRECIPITATION (IN)
  YESTERDAY        0.01          8.19 2007   0.16  -0.15     0.00
  MONTH TO DATE    9.13                      3.76   5.37     5.55
  SINCE OCT 1     53.28                     55.46  -2.18    44.15
  SINCE JAN 1     34.77                     29.37   5.40    25.25

SNOWFALL (IN)
  YESTERDAY       MM
  SNOW DEPTH      MM

DEGREE DAYS
 HEATING
  YESTERDAY       13                        15     -2       17
  MONTH TO DATE  241                       328    -87      308
  SINCE MAR 1    810                       866    -56      858
  SINCE JUL 1   3586                      4040   -454     3544

 COOLING
  YESTERDAY        0                         0      0        0
  MONTH TO DATE    0                         0      0        0
  SINCE MAR 1      0                         0      0        0
  SINCE JAN 1      0                         0      0        0
..................................................................


WIND (MPH)
  HIGHEST WIND SPEED    21   HIGHEST WIND DIRECTION    NW (330)
  HIGHEST GUST SPEED    25   HIGHEST GUST DIRECTION    NW (330)
  AVERAGE WIND SPEED    14.8


SKY COVER
  POSSIBLE SUNSHINE  MM
  AVERAGE SKY COVER 0.8


WEATHER CONDITIONS
 THE FOLLOWING WEATHER WAS RECORDED YESTERDAY.
  LIGHT RAIN


RELATIVE HUMIDITY (PERCENT)
 HIGHEST    89           400 AM
 LOWEST     71           900 PM

..........................................................


THE NORTH BEND OR CLIMATE NORMALS FOR TODAY
                         NORMAL    RECORD    YEAR
 MAXIMUM TEMPERATURE (F)   56        82      1931
 MINIMUM TEMPERATURE (F)   44        33      1970


SUNRISE AND SUNSET
APRIL 21 2019.........SUNRISE   625 AM PDT   SUNSET   807 PM PDT
APRIL 22 2019.........SUNRISE   623 AM PDT   SUNSET   808 PM PDT


-  INDICATES NEGATIVE NUMBERS.
R  INDICATES RECORD WAS SET OR TIED.
MM INDICATES DATA IS MISSING.
T  INDICATES TRACE AMOUNT.




$$
