000
CDUS46 KMFR 060848
CLIOTH


CLIMATE REPORT
NATIONAL WEATHER SERVICE MEDFORD, OR
138 AM PDT SAT JUN 6 2020


...................................

...THE NORTH BEND OR CLIMATE SUMMARY FOR JUNE 5 2020...

CLIMATE NORMAL PERIOD 1981 TO 2010
CLIMATE RECORD PERIOD 1902 TO 2020


WEATHER ITEM   OBSERVED TIME   RECORD YEAR NORMAL DEPARTURE LAST
                VALUE   (LST)  VALUE       VALUE  FROM      YEAR
                                                  NORMAL
..................................................................
TEMPERATURE (F)
 YESTERDAY
  MAXIMUM         60        MM  86    1935  61     -1       63
  MINIMUM         50        MM  38    1911  50      0       48
  AVERAGE         55                        55      0       56

PRECIPITATION (IN)
  YESTERDAY        T             1.22 2005   0.09  -0.09     0.01
  MONTH TO DATE    T                         0.49  -0.49     0.01
  SINCE OCT 1     35.36                     60.75 -25.39    56.84
  SINCE JAN 1     21.67                     34.66 -12.99    38.33

SNOWFALL (IN)
  YESTERDAY       MM
  SNOW DEPTH      MM

DEGREE DAYS
 HEATING
  YESTERDAY       10                        10      0        9
  MONTH TO DATE   56                        50      6       47
  SINCE JUN 1     56                        50      6       47
  SINCE JUL 1   4168                      4610   -442     4106

 COOLING
  YESTERDAY        0                         0      0        0
  MONTH TO DATE    0                         0      0        0
  SINCE JUN 1      0                         0      0        0
  SINCE JAN 1      0                         0      0        6
..................................................................


WIND (MPH)
  HIGHEST WIND SPEED    13   HIGHEST WIND DIRECTION    NW (320)
  HIGHEST GUST SPEED    16   HIGHEST GUST DIRECTION     N (340)
  AVERAGE WIND SPEED     6.6


SKY COVER
  POSSIBLE SUNSHINE  MM
  AVERAGE SKY COVER 0.9


WEATHER CONDITIONS
 THE FOLLOWING WEATHER WAS RECORDED YESTERDAY.
  FOG
  HAZE


RELATIVE HUMIDITY (PERCENT)
 HIGHEST   100          1200 AM
 LOWEST     72           100 PM

..........................................................


THE NORTH BEND OR CLIMATE NORMALS FOR TODAY
                         NORMAL    RECORD    YEAR
 MAXIMUM TEMPERATURE (F)   61        94      1903
 MINIMUM TEMPERATURE (F)   50        38      1911


SUNRISE AND SUNSET
JUNE  6 2020..........SUNRISE   537 AM PDT   SUNSET   855 PM PDT
JUNE  7 2020..........SUNRISE   537 AM PDT   SUNSET   856 PM PDT


-  INDICATES NEGATIVE NUMBERS.
R  INDICATES RECORD WAS SET OR TIED.
MM INDICATES DATA IS MISSING.
T  INDICATES TRACE AMOUNT.




$$
