000
CDUS42 KFFC 160034
CLIPDK


CLIMATE REPORT
NATIONAL WEATHER SERVICE PEACHTREE CITY GA
834 PM EDT SAT JUN 15 2019


...................................

...THE DEKALB PEACHTREE AIRPORT CLIMATE SUMMARY FOR JUNE 15 2019...
VALID TODAY AS OF 0500 PM LOCAL TIME.

CLIMATE NORMAL PERIOD 1981 TO 2010
CLIMATE RECORD PERIOD 9999 TO 9999


WEATHER ITEM   OBSERVED TIME   RECORD YEAR NORMAL DEPARTURE LAST
                VALUE   (LST)  VALUE       VALUE  FROM      YEAR
                                                  NORMAL
..................................................................
TEMPERATURE (F)
 TODAY
  MAXIMUM         84    522 PM  MM      MM  87     -3       93
  MINIMUM         59    546 AM  MM      MM  67     -8       69
  AVERAGE         72                        77     -5       81

PRECIPITATION (IN)
  TODAY            0.00         MM      MM   0.16  -0.16     1.06
  MONTH TO DATE    3.93                      2.14   1.79     3.34
  SINCE JUN 1      3.93                      2.14   1.79     3.34
  SINCE JAN 1     27.20                     24.63   2.57    26.25

DEGREE DAYS
 COOLING
  TODAY            7                        12     -5       16
  MONTH TO DATE  125                       155    -30      186
  SINCE JUN 1    125                       155    -30      186
  SINCE JAN 1    472                       366    106      478
..................................................................


WIND (MPH)
  RESULTANT WIND SPEED   4   RESULTANT WIND DIRECTION   S (180)
  HIGHEST WIND SPEED    13   HIGHEST WIND DIRECTION     S (200)
  HIGHEST GUST SPEED    18   HIGHEST GUST DIRECTION    SW (210)
  AVERAGE WIND SPEED     4.6


SKY COVER
  AVERAGE SKY COVER 0.2


WEATHER CONDITIONS
 THE FOLLOWING WEATHER WAS RECORDED TODAY.
  NO SIGNIFICANT WEATHER WAS OBSERVED.


RELATIVE HUMIDITY (PERCENT)
 HIGHEST    84           500 AM
 LOWEST     48           200 PM
 AVERAGE    66

..........................................................


THE DEKALB PEACHTREE AIRPORT CLIMATE NORMALS FOR TOMORROW
                         NORMAL    RECORD    YEAR
 MAXIMUM TEMPERATURE (F)   87        MM        MM
 MINIMUM TEMPERATURE (F)   67        MM        MM


SUNRISE AND SUNSET
JUNE 15 2019..........SUNRISE   626 AM EDT   SUNSET   850 PM EDT
JUNE 16 2019..........SUNRISE   626 AM EDT   SUNSET   850 PM EDT


-  INDICATES NEGATIVE NUMBERS.
R  INDICATES RECORD WAS SET OR TIED.
MM INDICATES DATA IS MISSING.
T  INDICATES TRACE AMOUNT.




$$
