000
CDUS42 KFFC 100816
CLIPDK

CLIMATE REPORT
NATIONAL WEATHER SERVICE PEACHTREE CITY GA
416 AM EDT MON AUG 10 2020

...................................

...THE DEKALB PEACHTREE AIRPORT CLIMATE SUMMARY FOR AUGUST 9 2020...

CLIMATE NORMAL PERIOD: 1981 TO 2010
CLIMATE RECORD PERIOD: 9999 TO 9999


WEATHER ITEM   OBSERVED TIME   RECORD YEAR NORMAL DEPARTURE LAST
                VALUE   (LST)  VALUE       VALUE  FROM      YEAR
                                                  NORMAL
...................................................................
TEMPERATURE (F)
 YESTERDAY
  MAXIMUM         93   4:31 PM  MM      MM  89      4       93
  MINIMUM         71   6:30 AM  MM      MM  70      1       71
  AVERAGE         82                        80      2       82

PRECIPITATION (IN)
  YESTERDAY        T            MM      MM   0.14  -0.14     0.00
  MONTH TO DATE    1.51                      1.51   0.00     2.79
  SINCE JUN 1     11.39                     11.29   0.10    10.84
  SINCE JAN 1     43.69                     33.78   9.91    34.11

DEGREE DAYS
 COOLING
  YESTERDAY       17                        15      2       17
  MONTH TO DATE  136                       135      1      137
  SINCE JUN 1    941                       947     -6      942
  SINCE JAN 1   1118                      1158    -40     1289
...................................................................


WIND (MPH)
  RESULTANT WIND SPEED   1   RESULTANT WIND DIRECTION  NW (330)
  HIGHEST WIND SPEED    16   HIGHEST WIND DIRECTION    NW (310)
  HIGHEST GUST SPEED    19   HIGHEST GUST DIRECTION    NW (310)
  AVERAGE WIND SPEED     2.8


SKY COVER
  AVERAGE SKY COVER 0.1


WEATHER CONDITIONS
THE FOLLOWING WEATHER WAS RECORDED YESTERDAY.
  THUNDERSTORM
  FOG


RELATIVE HUMIDITY (PERCENT)
 HIGHEST   100           5:00 AM
 LOWEST     47           4:00 PM
 AVERAGE    74

..........................................................


THE DEKALB PEACHTREE AIRPORT CLIMATE NORMALS FOR TODAY
                         NORMAL    RECORD    YEAR
 MAXIMUM TEMPERATURE (F)   89        MM        MM
 MINIMUM TEMPERATURE (F)   70        MM        MM


SUNRISE AND SUNSET
AUGUST 10 2020........SUNRISE   6:56 AM EDT   SUNSET   8:29 PM EDT
AUGUST 11 2020........SUNRISE   6:56 AM EDT   SUNSET   8:28 PM EDT


-  INDICATES NEGATIVE NUMBERS.
R  INDICATES RECORD WAS SET OR TIED.
MM INDICATES DATA IS MISSING.
T  INDICATES TRACE AMOUNT.




$$
