000
CDUS46 KPDT 170840 RRA
CLIPDT

CLIMATE REPORT
NATIONAL WEATHER SERVICE PENDLETON OR
138 AM PDT MON JUN 17 2019


...................................

...THE PENDLETON OR CLIMATE SUMMARY FOR JUNE 16 2019...

CLIMATE NORMAL PERIOD 1981 TO 2010
CLIMATE RECORD PERIOD 1890 TO 2019


WEATHER ITEM   OBSERVED TIME   RECORD YEAR NORMAL DEPARTURE LAST
                VALUE   (LST)  VALUE       VALUE  FROM      YEAR
                                                  NORMAL
..................................................................
TEMPERATURE (F)
 YESTERDAY
  MAXIMUM         90    215 PM 106    1961  78     12       74
  MINIMUM         54    430 AM  40    1893  52      2       50
  AVERAGE         72                        65      7       62

PRECIPITATION (IN)
  YESTERDAY        0.00          0.44 1965   0.03  -0.03      T
  MONTH TO DATE    0.05                      0.66  -0.61     0.26
  SINCE OCT 1     13.34                     11.07   2.27    10.52
  SINCE JAN 1      9.33                      7.07   2.26     6.33

SNOWFALL (IN)
  YESTERDAY        0.0           0.0  2002   0.0    0.0      0.0
                                      2001
                                      2000
  MONTH TO DATE    0.0                       0.0    0.0      0.0
  SINCE JAN 1     35.6                       7.7   27.9      5.0
  SINCE JUL 1     36.3                      15.2   21.1     15.0
  SNOW DEPTH       0

DEGREE DAYS
 HEATING
  YESTERDAY        0                         3     -3        3
  MONTH TO DATE   33                        58    -25       53
  SINCE JUN 1     33                        58    -25       53
  SINCE JUL 1   5575                      5251    324     4955

 COOLING
  YESTERDAY        7                         2      5        0
  MONTH TO DATE   63                        28     35        8
  SINCE JUN 1     63                        28     35        8
  SINCE JAN 1     78                        51     27       55
..................................................................


WIND (MPH)
  HIGHEST WIND SPEED    18   HIGHEST WIND DIRECTION    SW (240)
  HIGHEST GUST SPEED    25   HIGHEST GUST DIRECTION    SW (230)
  AVERAGE WIND SPEED     6.7


SKY COVER
  POSSIBLE SUNSHINE  MM
  AVERAGE SKY COVER 0.0


WEATHER CONDITIONS
 THE FOLLOWING WEATHER WAS RECORDED YESTERDAY.
  NO SIGNIFICANT WEATHER WAS OBSERVED.


RELATIVE HUMIDITY (PERCENT)
 HIGHEST    72           200 AM
 LOWEST     25           100 PM
 AVERAGE    49

..........................................................


THE PENDLETON OR CLIMATE NORMALS FOR TODAY
                         NORMAL    RECORD    YEAR
 MAXIMUM TEMPERATURE (F)   78       108      1961
 MINIMUM TEMPERATURE (F)   52        40      1932
                                             1919
                                             1905


SUNRISE AND SUNSET
JUNE 17 2019..........SUNRISE   505 AM PDT   SUNSET   847 PM PDT
JUNE 18 2019..........SUNRISE   505 AM PDT   SUNSET   848 PM PDT


-  INDICATES NEGATIVE NUMBERS.
R  INDICATES RECORD WAS SET OR TIED.
MM INDICATES DATA IS MISSING.
T  INDICATES TRACE AMOUNT.




$$
