000
CDUS46 KPDT 090832
CLIPDT

CLIMATE REPORT
NATIONAL WEATHER SERVICE PENDLETON OR
132 AM PDT SUN AUG 9 2020


...................................

...THE PENDLETON OR CLIMATE SUMMARY FOR AUGUST 8 2020...

CLIMATE NORMAL PERIOD 1981 TO 2010
CLIMATE RECORD PERIOD 1890 TO 2020


WEATHER ITEM   OBSERVED TIME   RECORD YEAR NORMAL DEPARTURE LAST
                VALUE   (LST)  VALUE       VALUE  FROM      YEAR
                                                  NORMAL
..................................................................
TEMPERATURE (F)
 YESTERDAY
  MAXIMUM         84    441 PM 111    1972  89     -5       87
  MINIMUM         53    420 AM  40    1893  58     -5       61
  AVERAGE         69                        74     -5       74

PRECIPITATION (IN)
  YESTERDAY        0.00          0.40 1907   0.01  -0.01      T
  MONTH TO DATE    0.05                      0.08  -0.03      T
  SINCE OCT 1     10.19                     11.79  -1.60    13.62
  SINCE JAN 1      8.68                      7.79   0.89     9.61

SNOWFALL (IN)
  YESTERDAY        0.0           0.0  2002   0.0    0.0      0.0
                                      2001
                                      1999
  MONTH TO DATE    0.0                       0.0    0.0      0.0
  SINCE JAN 1     14.6                       7.7    6.9     35.6
  SINCE JUL 1      0.0                       0.0    0.0      0.0
  SNOW DEPTH       0

DEGREE DAYS
 HEATING
  YESTERDAY        0                         0      0        0
  MONTH TO DATE    0                         0      0        0
  SINCE JUN 1     66                        94    -28       62
  SINCE JUL 1      1                        11    -10        2

 COOLING
  YESTERDAY        4                         9     -5        9
  MONTH TO DATE   65                        72     -7      105
  SINCE JUN 1    429                       397     32      396
  SINCE JAN 1    449                       420     29      411
..................................................................


WIND (MPH)
  HIGHEST WIND SPEED    20   HIGHEST WIND DIRECTION     W (280)
  HIGHEST GUST SPEED    29   HIGHEST GUST DIRECTION     W (290)
  AVERAGE WIND SPEED    10.2


SKY COVER
  POSSIBLE SUNSHINE  MM
  AVERAGE SKY COVER 0.0


WEATHER CONDITIONS
 THE FOLLOWING WEATHER WAS RECORDED YESTERDAY.
  NO SIGNIFICANT WEATHER WAS OBSERVED.


RELATIVE HUMIDITY (PERCENT)
 HIGHEST    55           100 AM
 LOWEST     21           600 PM
 AVERAGE    38

..........................................................


THE PENDLETON OR CLIMATE NORMALS FOR TODAY
                         NORMAL    RECORD    YEAR
 MAXIMUM TEMPERATURE (F)   89       111      1898
 MINIMUM TEMPERATURE (F)   58        43      1901


SUNRISE AND SUNSET
AUGUST  9 2020........SUNRISE   549 AM PDT   SUNSET   812 PM PDT
AUGUST 10 2020........SUNRISE   550 AM PDT   SUNSET   810 PM PDT


-  INDICATES NEGATIVE NUMBERS.
R  INDICATES RECORD WAS SET OR TIED.
MM INDICATES DATA IS MISSING.
T  INDICATES TRACE AMOUNT.




$$
