000
CDUS46 KPDT 190027
CLIPDT

CLIMATE REPORT
NATIONAL WEATHER SERVICE PENDLETON OR
526 PM PDT SUN AUG 18 2019


...................................

...THE PENDLETON OR CLIMATE SUMMARY FOR AUGUST 18 2019...
VALID TODAY AS OF 0500 PM LOCAL TIME.

CLIMATE NORMAL PERIOD 1981 TO 2010
CLIMATE RECORD PERIOD 1890 TO 2019


WEATHER ITEM   OBSERVED TIME   RECORD YEAR NORMAL DEPARTURE LAST
                VALUE   (LST)  VALUE       VALUE  FROM      YEAR
                                                  NORMAL
..................................................................
TEMPERATURE (F)
 TODAY
  MAXIMUM         88    353 PM 106    1897  87      1       93
  MINIMUM         51    547 AM  43    1904  57     -6       52
  AVERAGE         70                        72     -2       73

PRECIPITATION (IN)
  TODAY            0.00          0.55 1926   0.01  -0.01     0.00
  MONTH TO DATE    0.10                      0.20  -0.10      T
  SINCE OCT 1     13.72                     11.91   1.81    10.68
  SINCE JAN 1      9.71                      7.91   1.80     6.49

SNOWFALL (IN)
  TODAY            0.0           0.0  2002   0.0    0.0      0.0
                                      2001
                                      1999
  MONTH TO DATE    0.0                       0.0    0.0      0.0
  SINCE JAN 1     35.6                       7.7   27.9      5.0
  SINCE JUL 1      0.0                       0.0    0.0      0.0
  SNOW DEPTH       0

DEGREE DAYS
 HEATING
  TODAY            0                         0      0        0
  MONTH TO DATE    0                         0      0        0
  SINCE JUN 1     62                        94    -32       61
  SINCE JUL 1      2                        11     -9        4

 COOLING
  TODAY            5                         7     -2        8
  MONTH TO DATE  163                       150     13      209
  SINCE JUN 1    454                       475    -21      613
  SINCE JAN 1    469                       498    -29      660
..................................................................


WIND (MPH)
  HIGHEST WIND SPEED    14   HIGHEST WIND DIRECTION    NW (310)
  HIGHEST GUST SPEED    18   HIGHEST GUST DIRECTION     W (270)
  AVERAGE WIND SPEED     5.2


SKY COVER
  POSSIBLE SUNSHINE  MM
  AVERAGE SKY COVER 0.0


WEATHER CONDITIONS
 THE FOLLOWING WEATHER WAS RECORDED TODAY.
  NO SIGNIFICANT WEATHER WAS OBSERVED.


RELATIVE HUMIDITY (PERCENT)
 HIGHEST    77           500 AM
 LOWEST     21           100 PM
 AVERAGE    49

..........................................................


THE PENDLETON OR CLIMATE NORMALS FOR TOMORROW
                         NORMAL    RECORD    YEAR
 MAXIMUM TEMPERATURE (F)   86       109      1897
 MINIMUM TEMPERATURE (F)   57        37      1916


SUNRISE AND SUNSET
AUGUST 18 2019........SUNRISE   559 AM PDT   SUNSET   758 PM PDT
AUGUST 19 2019........SUNRISE   600 AM PDT   SUNSET   757 PM PDT


-  INDICATES NEGATIVE NUMBERS.
R  INDICATES RECORD WAS SET OR TIED.
MM INDICATES DATA IS MISSING.
T  INDICATES TRACE AMOUNT.




$$
