000
CDUS44 KMOB 142230
CLIPNS


CLIMATE REPORT
NATIONAL WEATHER SERVICE MOBILE AL
529 PM CDT SAT SEP 14 2019


...................................

...THE PENSACOLA CLIMATE SUMMARY FOR SEPTEMBER 14 2019...
VALID TODAY AS OF 0500 PM LOCAL TIME.

CLIMATE NORMAL PERIOD 1981 TO 2010
CLIMATE RECORD PERIOD 1879 TO 2019


WEATHER ITEM   OBSERVED TIME   RECORD YEAR NORMAL DEPARTURE LAST
                VALUE   (LST)  VALUE       VALUE  FROM      YEAR
                                                  NORMAL
..................................................................
TEMPERATURE (F)
 TODAY
  MAXIMUM         94    352 PM  95    1980  87      7       93
                                      1933
  MINIMUM         75    608 AM  58    1902  71      4       76
  AVERAGE         85                        79      6       85

PRECIPITATION (IN)
  TODAY            0.00          2.71 1932   0.20  -0.20     0.07
  MONTH TO DATE    T                         2.81  -2.81    13.98
  SINCE MAR 1     34.51                     37.89  -3.38    46.52
  SINCE JAN 1     39.62                     47.58  -7.96    59.82

DEGREE DAYS
 HEATING
  TODAY            0                         0      0        0
  MONTH TO DATE    0                         0      0        0
  SINCE SEP 1      0                         0      0        0
  SINCE JUL 1      0                         0      0        0

 COOLING
  TODAY           20                        14      6       20
  MONTH TO DATE  287                       212     75      231
  SINCE SEP 1    287                       212     75      231
  SINCE JAN 1   2656                      2179    477     2562
..................................................................


WIND (MPH)
  HIGHEST WIND SPEED    13   HIGHEST WIND DIRECTION     E (70)
  HIGHEST GUST SPEED    19   HIGHEST GUST DIRECTION     E (80)
  AVERAGE WIND SPEED     7.0


SKY COVER
  POSSIBLE SUNSHINE  MM
  AVERAGE SKY COVER 0.1


WEATHER CONDITIONS
 THE FOLLOWING WEATHER WAS RECORDED TODAY.
  NO SIGNIFICANT WEATHER WAS OBSERVED.


RELATIVE HUMIDITY (PERCENT)
 HIGHEST    88           700 AM
 LOWEST     41           300 PM
 AVERAGE    65

..........................................................


THE PENSACOLA CLIMATE NORMALS FOR TOMORROW
                         NORMAL    RECORD    YEAR
 MAXIMUM TEMPERATURE (F)   87        97      2018
 MINIMUM TEMPERATURE (F)   71        60      1985
                                             1976


SUNRISE AND SUNSET
SEPTEMBER 14 2019.....SUNRISE   632 AM CDT   SUNSET   656 PM CDT
SEPTEMBER 15 2019.....SUNRISE   633 AM CDT   SUNSET   654 PM CDT


-  INDICATES NEGATIVE NUMBERS.
R  INDICATES RECORD WAS SET OR TIED.
MM INDICATES DATA IS MISSING.
T  INDICATES TRACE AMOUNT.




$$
