000
CDUS44 KMOB 170645
CLIPNS


CLIMATE REPORT
NATIONAL WEATHER SERVICE MOBILE AL
145 AM CDT WED JUL 17 2019


...................................

...THE PENSACOLA CLIMATE SUMMARY FOR JULY 16 2019...

CLIMATE NORMAL PERIOD 1981 TO 2010
CLIMATE RECORD PERIOD 1879 TO 2019


WEATHER ITEM   OBSERVED TIME   RECORD YEAR NORMAL DEPARTURE LAST
                VALUE   (LST)  VALUE       VALUE  FROM      YEAR
                                                  NORMAL
..................................................................
TEMPERATURE (F)
 YESTERDAY
  MAXIMUM         91    231 PM 101    2000  90      1       93
  MINIMUM         79   1132 PM  61    1967  75      4       76
  AVERAGE         85                        82      3       85

PRECIPITATION (IN)
  YESTERDAY        0.00          2.23 1884   0.23  -0.23     0.25
  MONTH TO DATE    3.20                      3.76  -0.56     4.06
  SINCE MAR 1     20.64                     24.67  -4.03    22.27
  SINCE JAN 1     25.75                     34.36  -8.61    35.57

DEGREE DAYS
 COOLING
  YESTERDAY       20                        17      3       20
  MONTH TO DATE  336                       272     64      293
  SINCE JUN 1    893                       737    156      828
  SINCE JAN 1   1517                      1185    332     1503
..................................................................


WIND (MPH)
  HIGHEST WIND SPEED    15   HIGHEST WIND DIRECTION     S (160)
  HIGHEST GUST SPEED    19   HIGHEST GUST DIRECTION     S (170)
  AVERAGE WIND SPEED     6.9


SKY COVER
  POSSIBLE SUNSHINE  MM
  AVERAGE SKY COVER 0.2


WEATHER CONDITIONS
 THE FOLLOWING WEATHER WAS RECORDED YESTERDAY.
  NO SIGNIFICANT WEATHER WAS OBSERVED.


RELATIVE HUMIDITY (PERCENT)
 HIGHEST   100           100 AM
 LOWEST     64           200 PM
 AVERAGE    82

..........................................................


THE PENSACOLA CLIMATE NORMALS FOR TODAY
                         NORMAL    RECORD    YEAR
 MAXIMUM TEMPERATURE (F)   90       100      1951
 MINIMUM TEMPERATURE (F)   75        65      2014


SUNRISE AND SUNSET
JULY 17 2019..........SUNRISE   558 AM CDT   SUNSET   752 PM CDT
JULY 18 2019..........SUNRISE   558 AM CDT   SUNSET   751 PM CDT


-  INDICATES NEGATIVE NUMBERS.
R  INDICATES RECORD WAS SET OR TIED.
MM INDICATES DATA IS MISSING.
T  INDICATES TRACE AMOUNT.




$$
