000
CDUS44 KMOB 030638
CLIPNS


CLIMATE REPORT
NATIONAL WEATHER SERVICE MOBILE AL
136 AM CDT WED JUN 3 2020


...................................

...THE PENSACOLA CLIMATE SUMMARY FOR JUNE 2 2020...

CLIMATE NORMAL PERIOD 1981 TO 2010
CLIMATE RECORD PERIOD 1879 TO 2020


WEATHER ITEM   OBSERVED TIME   RECORD YEAR NORMAL DEPARTURE LAST
                VALUE   (LST)  VALUE       VALUE  FROM      YEAR
                                                  NORMAL
..................................................................
TEMPERATURE (F)
 YESTERDAY
  MAXIMUM         88    155 PM  97    1953  87      1       93
  MINIMUM         77   1159 PM  56    1984  70      7       73
  AVERAGE         83                        78      5       83

PRECIPITATION (IN)
  YESTERDAY        0.01          1.93 1967   0.17  -0.16     0.00
  MONTH TO DATE    0.01                      0.35  -0.34     0.13
  SINCE MAR 1      6.26                     14.66  -8.40     9.93
  SINCE JAN 1     16.49                     24.35  -7.86    15.04

DEGREE DAYS
 COOLING
  YESTERDAY       18                        14      4       18
  MONTH TO DATE   34                        27      7       39
  SINCE JUN 1     34                        27      7       39
  SINCE JAN 1    795                       475    320      663
..................................................................


WIND (MPH)
  HIGHEST WIND SPEED    20   HIGHEST WIND DIRECTION    SE (140)
  HIGHEST GUST SPEED    22   HIGHEST GUST DIRECTION    SE (140)
  AVERAGE WIND SPEED     9.0


SKY COVER
  POSSIBLE SUNSHINE  MM
  AVERAGE SKY COVER 0.6


WEATHER CONDITIONS
 THE FOLLOWING WEATHER WAS RECORDED YESTERDAY.
  LIGHT RAIN


RELATIVE HUMIDITY (PERCENT)
 HIGHEST    91           100 AM
 LOWEST     65          1200 PM
 AVERAGE    78

..........................................................


THE PENSACOLA CLIMATE NORMALS FOR TODAY
                         NORMAL    RECORD    YEAR
 MAXIMUM TEMPERATURE (F)   87        98      2019
 MINIMUM TEMPERATURE (F)   70        58      1956


SUNRISE AND SUNSET
JUNE  3 2020..........SUNRISE   547 AM CDT   SUNSET   748 PM CDT
JUNE  4 2020..........SUNRISE   546 AM CDT   SUNSET   748 PM CDT


-  INDICATES NEGATIVE NUMBERS.
R  INDICATES RECORD WAS SET OR TIED.
MM INDICATES DATA IS MISSING.
T  INDICATES TRACE AMOUNT.




$$
