000
CDUS44 KMOB 220645
CLIPNS


CLIMATE REPORT
NATIONAL WEATHER SERVICE MOBILE AL
145 AM CDT MON APR 22 2019


...................................

...THE PENSACOLA CLIMATE SUMMARY FOR APRIL 21 2019...

CLIMATE NORMAL PERIOD 1981 TO 2010
CLIMATE RECORD PERIOD 1879 TO 2019


WEATHER ITEM   OBSERVED TIME   RECORD YEAR NORMAL DEPARTURE LAST
                VALUE   (LST)  VALUE       VALUE  FROM      YEAR
                                                  NORMAL
..................................................................
TEMPERATURE (F)
 YESTERDAY
  MAXIMUM         76   1208 PM  89    1987  77     -1       75
  MINIMUM         48    517 AM  43    1953  59    -11       59
  AVERAGE         62                        68     -6       67

PRECIPITATION (IN)
  YESTERDAY        0.00          3.68 1995   0.13  -0.13     0.00
  MONTH TO DATE    4.35                      3.15   1.20     3.31
  SINCE MAR 1      5.89                      8.96  -3.07     5.33
  SINCE JAN 1     11.00                     18.65  -7.65    18.63

DEGREE DAYS
 HEATING
  YESTERDAY        3                         1      2        0
  MONTH TO DATE   29                        45    -16       46
  SINCE MAR 1    191                       221    -30      170
  SINCE JUL 1   1139                      1529   -390     1193

 COOLING
  YESTERDAY        0                         4     -4        2
  MONTH TO DATE   75                        57     18       54
  SINCE MAR 1    127                        90     37      118
  SINCE JAN 1    191                       104     87      216
..................................................................


WIND (MPH)
  HIGHEST WIND SPEED    15   HIGHEST WIND DIRECTION    SW (210)
  HIGHEST GUST SPEED    19   HIGHEST GUST DIRECTION     S (200)
  AVERAGE WIND SPEED     6.7


SKY COVER
  POSSIBLE SUNSHINE  MM
  AVERAGE SKY COVER 0.0


WEATHER CONDITIONS
 THE FOLLOWING WEATHER WAS RECORDED YESTERDAY.
  NO SIGNIFICANT WEATHER WAS OBSERVED.


RELATIVE HUMIDITY (PERCENT)
 HIGHEST    77           500 AM
 LOWEST     17          1000 AM
 AVERAGE    47

..........................................................


THE PENSACOLA CLIMATE NORMALS FOR TODAY
                         NORMAL    RECORD    YEAR
 MAXIMUM TEMPERATURE (F)   77        96      1987
 MINIMUM TEMPERATURE (F)   59        46      1993


SUNRISE AND SUNSET
APRIL 22 2019.........SUNRISE   614 AM CDT   SUNSET   721 PM CDT
APRIL 23 2019.........SUNRISE   613 AM CDT   SUNSET   722 PM CDT


-  INDICATES NEGATIVE NUMBERS.
R  INDICATES RECORD WAS SET OR TIED.
MM INDICATES DATA IS MISSING.
T  INDICATES TRACE AMOUNT.




$$
