000
CDUS41 KALY 162051
CLIPOU


CLIMATE REPORT
NATIONAL WEATHER SERVICE ALBANY NY
451 PM EDT SUN JUN 16 2019


...................................

...THE POUGHKEEPSIE NY CLIMATE SUMMARY FOR JUNE 16 2019...
VALID TODAY AS OF 0400 PM LOCAL TIME.

CLIMATE NORMAL PERIOD 1981 TO 2010
CLIMATE RECORD PERIOD 1931 TO 2019


WEATHER ITEM   OBSERVED TIME   RECORD YEAR NORMAL DEPARTURE LAST
                VALUE   (LST)  VALUE       VALUE  FROM      YEAR
                                                  NORMAL
..................................................................
TEMPERATURE (F)
 TODAY
  MAXIMUM         72   1200 AM  97    1957  80     -8       84
  MINIMUM         63    421 AM  41    1961  56      7       49
  AVERAGE         68                        68      0       67

PRECIPITATION (IN)
  TODAY            0.07          2.06 2005   0.15  -0.08     0.00
  MONTH TO DATE    0.92                      2.54  -1.62     1.32
  SINCE JUN 1      0.92                      2.54  -1.62     1.32
  SINCE JAN 1     17.09                     20.04  -2.95    17.59

DEGREE DAYS
 HEATING
  TODAY            0                         1     -1        0
  MONTH TO DATE   30                        38     -8       33
  SINCE JUN 1     30                        38     -8       33
  SINCE JUL 1   5823                      6200   -377     5938

 COOLING
  TODAY            3                         4     -1        2
  MONTH TO DATE   27                        50    -23       35
  SINCE JUN 1     27                        50    -23       35
  SINCE JAN 1     53                        86    -33      108
..................................................................


WIND (MPH)
  HIGHEST WIND SPEED     8   HIGHEST WIND DIRECTION    SE (140)
  HIGHEST GUST SPEED    11   HIGHEST GUST DIRECTION    SW (230)
  AVERAGE WIND SPEED     2.3


SKY COVER
  AVERAGE SKY COVER 0.9



RELATIVE HUMIDITY (PERCENT)
 HIGHEST    87           200 AM
 LOWEST     53          1200 AM
 AVERAGE    70

..........................................................


THE POUGHKEEPSIE NY CLIMATE NORMALS FOR TOMORROW
                         NORMAL    RECORD    YEAR
 MAXIMUM TEMPERATURE (F)   80        93      1957
                                             1952
 MINIMUM TEMPERATURE (F)   56        39      1965


SUNRISE AND SUNSET
JUNE 16 2019..........SUNRISE   521 AM EDT   SUNSET   832 PM EDT
JUNE 17 2019..........SUNRISE   521 AM EDT   SUNSET   832 PM EDT


-  INDICATES NEGATIVE NUMBERS.
R  INDICATES RECORD WAS SET OR TIED.
MM INDICATES DATA IS MISSING.
T  INDICATES TRACE AMOUNT.




$$
