000
CDUS43 KUNR 230036
CLIRAP


CLIMATE REPORT
NATIONAL WEATHER SERVICE RAPID CITY SD
636 PM MDT MON APR 22 2019


...................................

...THE RAPID CITY AIRPORT SD CLIMATE SUMMARY FOR APRIL 22 2019...
VALID TODAY AS OF 0500 PM LOCAL TIME.

CLIMATE NORMAL PERIOD 1981 TO 2010
CLIMATE RECORD PERIOD 1942 TO 2019


WEATHER ITEM   OBSERVED TIME   RECORD YEAR NORMAL DEPARTURE LAST
                VALUE   (LST)  VALUE       VALUE  FROM      YEAR
                                                  NORMAL
..................................................................
TEMPERATURE (F)
 TODAY
  MAXIMUM         62    314 PM  93    1989  61      1       67
  MINIMUM         41    244 AM  13    1951  34      7       30
  AVERAGE         52                        47      5       49

PRECIPITATION (IN)
  TODAY            0.00          0.65 2001   0.07  -0.07     0.00
  MONTH TO DATE    1.40                      1.15   0.25     1.36
  SINCE MAR 1      2.06                      2.08  -0.02     2.71
  SINCE JAN 1      3.34                      2.82   0.52     3.67

DEGREE DAYS
 HEATING
  TODAY           13                        18     -5       16
  MONTH TO DATE  459                       470    -11      670
  SINCE MAR 1   1578                      1388    190     1673
  SINCE JUL 1   7348                      6598    750     7193

 COOLING
  TODAY            0                         0      0        0
  MONTH TO DATE    0                         0      0        0
  SINCE MAR 1      0                         0      0        0
  SINCE JAN 1      0                         0      0        0
..................................................................


WIND (MPH)
  HIGHEST WIND SPEED    16   HIGHEST WIND DIRECTION    NW (330)
  HIGHEST GUST SPEED    21   HIGHEST GUST DIRECTION    NW (330)
  AVERAGE WIND SPEED     9.1


SKY COVER
  AVERAGE SKY COVER 0.7


WEATHER CONDITIONS
 THE FOLLOWING WEATHER WAS RECORDED TODAY.
  NO SIGNIFICANT WEATHER WAS OBSERVED.


RELATIVE HUMIDITY (PERCENT)
 HIGHEST    86          1200 AM
 LOWEST     37           300 PM
 AVERAGE    62

..........................................................


THE RAPID CITY AIRPORT SD CLIMATE NORMALS FOR TOMORROW
                         NORMAL    RECORD    YEAR
 MAXIMUM TEMPERATURE (F)   61        85      2012
                                             2009
 MINIMUM TEMPERATURE (F)   34        12      2013


SUNRISE AND SUNSET
APRIL 22 2019.........SUNRISE   558 AM MDT   SUNSET   745 PM MDT
APRIL 23 2019.........SUNRISE   556 AM MDT   SUNSET   746 PM MDT


-  INDICATES NEGATIVE NUMBERS.
R  INDICATES RECORD WAS SET OR TIED.
MM INDICATES DATA IS MISSING.
T  INDICATES TRACE AMOUNT.




$$
