000
CDUS43 KUNR 150845
CLIRAP


CLIMATE REPORT
NATIONAL WEATHER SERVICE RAPID CITY SD
244 AM MDT SUN SEP 15 2019


...................................

...THE RAPID CITY AIRPORT SD CLIMATE SUMMARY FOR SEPTEMBER 14 2019...

CLIMATE NORMAL PERIOD 1981 TO 2010
CLIMATE RECORD PERIOD 1942 TO 2019


WEATHER ITEM   OBSERVED TIME   RECORD YEAR NORMAL DEPARTURE LAST
                VALUE   (LST)  VALUE       VALUE  FROM      YEAR
                                                  NORMAL
..................................................................
TEMPERATURE (F)
 YESTERDAY
  MAXIMUM         81    215 PM 100    1948  77      4       76
  MINIMUM         46    313 AM  24    1993  47     -1       55
  AVERAGE         64                        62      2       66

PRECIPITATION (IN)
  YESTERDAY        0.00          0.46 2001   0.05  -0.05     0.00
  MONTH TO DATE    1.81                      0.60   1.21     1.09
  SINCE SEP 1      1.81                      0.60   1.21     1.09
  SINCE JAN 1     24.83                     13.23  11.60    22.28

DEGREE DAYS
 HEATING
  YESTERDAY        1                         5     -4        0
  MONTH TO DATE   41                        52    -11       10
  SINCE SEP 1     41                        52    -11       10
  SINCE JUL 1     68                        89    -21       61

 COOLING
  YESTERDAY        0                         2     -2        1
  MONTH TO DATE   35                        44     -9       37
  SINCE SEP 1     35                        44     -9       37
  SINCE JAN 1    375                       616   -241      477
..................................................................


WIND (MPH)
  HIGHEST WIND SPEED    15   HIGHEST WIND DIRECTION     N (360)
  HIGHEST GUST SPEED    19   HIGHEST GUST DIRECTION     N (10)
  AVERAGE WIND SPEED     5.4


SKY COVER
  AVERAGE SKY COVER 0.0


WEATHER CONDITIONS
 THE FOLLOWING WEATHER WAS RECORDED YESTERDAY.
  NO SIGNIFICANT WEATHER WAS OBSERVED.


RELATIVE HUMIDITY (PERCENT)
 HIGHEST    86           300 AM
 LOWEST     30          1200 PM
 AVERAGE    58

..........................................................


THE RAPID CITY AIRPORT SD CLIMATE NORMALS FOR TODAY
                         NORMAL    RECORD    YEAR
 MAXIMUM TEMPERATURE (F)   76       103      1948
 MINIMUM TEMPERATURE (F)   46        32      1965


SUNRISE AND SUNSET
SEPTEMBER 15 2019.....SUNRISE   631 AM MDT   SUNSET   703 PM MDT
SEPTEMBER 16 2019.....SUNRISE   632 AM MDT   SUNSET   701 PM MDT


-  INDICATES NEGATIVE NUMBERS.
R  INDICATES RECORD WAS SET OR TIED.
MM INDICATES DATA IS MISSING.
T  INDICATES TRACE AMOUNT.




$$
