000
CDUS43 KUNR 250831
CLIRAP


CLIMATE REPORT
NATIONAL WEATHER SERVICE RAPID CITY SD
231 AM MDT WED APR 25 2018


...................................

...THE RAPID CITY AIRPORT SD CLIMATE SUMMARY FOR APRIL 24 2018...

CLIMATE NORMAL PERIOD 1981 TO 2010
CLIMATE RECORD PERIOD 1942 TO 2018


WEATHER ITEM   OBSERVED TIME   RECORD YEAR NORMAL DEPARTURE LAST
                VALUE   (LST)  VALUE       VALUE  FROM      YEAR
                                                  NORMAL
..................................................................
TEMPERATURE (F)
 YESTERDAY
  MAXIMUM         50    454 PM  89    1962  61    -11       62
  MINIMUM         28   1159 PM  22    2013  35     -7       37
  AVERAGE         39                        48     -9       50

PRECIPITATION (IN)
  YESTERDAY        0.05          0.48 2000   0.07  -0.02      T
  MONTH TO DATE    1.50                      1.29   0.21     1.44
  SINCE MAR 1      2.85                      2.22   0.63     1.97
  SINCE JAN 1      3.81                      2.96   0.85     2.78

SNOWFALL (IN)
  YESTERDAY        T             5.5  2006   0.2   -0.2      0.0
  MONTH TO DATE   17.1                       6.8   10.3      2.5
  SINCE MAR 1     30.3                      15.5   14.8      3.0
  SINCE JUL 1     60.1                      38.9   21.2     33.5
  SNOW DEPTH       0

DEGREE DAYS
 HEATING
  YESTERDAY       26                        17      9       15
  MONTH TO DATE  710                       505    205      412
  SINCE MAR 1   1713                      1423    290     1201
  SINCE JUL 1   7233                      6633    600     6257

 COOLING
  YESTERDAY        0                         0      0        0
  MONTH TO DATE    0                         0      0        0
  SINCE MAR 1      0                         0      0        0
  SINCE JAN 1      0                         0      0        0
..................................................................


WIND (MPH)
  HIGHEST WIND SPEED    37   HIGHEST WIND DIRECTION    NW (320)
  HIGHEST GUST SPEED    43   HIGHEST GUST DIRECTION    NW (320)
  AVERAGE WIND SPEED    18.8


SKY COVER
  AVERAGE SKY COVER 0.6


WEATHER CONDITIONS
 THE FOLLOWING WEATHER WAS RECORDED YESTERDAY.
  LIGHT RAIN
  LIGHT SNOW
  FOG


RELATIVE HUMIDITY (PERCENT)
 HIGHEST    96           400 AM
 LOWEST     36           400 PM
 AVERAGE    66

..........................................................


THE RAPID CITY AIRPORT SD CLIMATE NORMALS FOR TODAY
                         NORMAL    RECORD    YEAR
 MAXIMUM TEMPERATURE (F)   62        86      1962
 MINIMUM TEMPERATURE (F)   35        22      2002


SUNRISE AND SUNSET
APRIL 25 2018.........SUNRISE   553 AM MDT   SUNSET   749 PM MDT
APRIL 26 2018.........SUNRISE   551 AM MDT   SUNSET   750 PM MDT


-  INDICATES NEGATIVE NUMBERS.
R  INDICATES RECORD WAS SET OR TIED.
MM INDICATES DATA IS MISSING.
T  INDICATES TRACE AMOUNT.




$$
