000
CDUS43 KUNR 030831
CLIRAP


CLIMATE REPORT
NATIONAL WEATHER SERVICE RAPID CITY SD
230 AM MDT WED JUN 3 2020


...................................

...THE RAPID CITY AIRPORT SD CLIMATE SUMMARY FOR JUNE 2 2020...

CLIMATE NORMAL PERIOD 1981 TO 2010
CLIMATE RECORD PERIOD 1942 TO 2020


WEATHER ITEM   OBSERVED TIME   RECORD YEAR NORMAL DEPARTURE LAST
                VALUE   (LST)  VALUE       VALUE  FROM      YEAR
                                                  NORMAL
..................................................................
TEMPERATURE (F)
 YESTERDAY
  MAXIMUM         79    345 PM  91    2011  73      6       76
  MINIMUM         56   1159 PM  31    1951  47      9       47
  AVERAGE         68                        60      8       62

PRECIPITATION (IN)
  YESTERDAY        0.00          1.75 1949   0.11  -0.11     0.15
  MONTH TO DATE    0.00                      0.22  -0.22     0.15
  SINCE JUN 1      0.00                      0.22  -0.22     0.15
  SINCE JAN 1      5.11                      6.91  -1.80    11.81

DEGREE DAYS
 HEATING
  YESTERDAY        0                         6     -6        3
  MONTH TO DATE    0                        12    -12       12
  SINCE JUN 1      0                        12    -12       12
  SINCE JUL 1   7290                      7066    224     8069

 COOLING
  YESTERDAY        3                         1      2        0
  MONTH TO DATE   11                         2      9        0
  SINCE JUN 1     11                         2      9        0
  SINCE JAN 1     17                        17      0        0
..................................................................


WIND (MPH)
  HIGHEST WIND SPEED    28   HIGHEST WIND DIRECTION     N (350)
  HIGHEST GUST SPEED    36   HIGHEST GUST DIRECTION     N (350)
  AVERAGE WIND SPEED    12.6


SKY COVER
  AVERAGE SKY COVER 0.0


WEATHER CONDITIONS
 THE FOLLOWING WEATHER WAS RECORDED YESTERDAY.
  NO SIGNIFICANT WEATHER WAS OBSERVED.


RELATIVE HUMIDITY (PERCENT)
 HIGHEST    93          1200 AM
 LOWEST     39           200 PM
 AVERAGE    66

..........................................................


THE RAPID CITY AIRPORT SD CLIMATE NORMALS FOR TODAY
                         NORMAL    RECORD    YEAR
 MAXIMUM TEMPERATURE (F)   73        94      1968
 MINIMUM TEMPERATURE (F)   48        32      1998


SUNRISE AND SUNSET
JUNE  3 2020..........SUNRISE   511 AM MDT   SUNSET   830 PM MDT
JUNE  4 2020..........SUNRISE   511 AM MDT   SUNSET   831 PM MDT


-  INDICATES NEGATIVE NUMBERS.
R  INDICATES RECORD WAS SET OR TIED.
MM INDICATES DATA IS MISSING.
T  INDICATES TRACE AMOUNT.




$$
