000
CDUS43 KUNR 171835
CLIRAP


CLIMATE REPORT
NATIONAL WEATHER SERVICE RAPID CITY SD
1235 PM MDT WED JUL 17 2019


...................................

...THE RAPID CITY AIRPORT SD CLIMATE SUMMARY FOR JULY 17 2019...
VALID AS OF 1100 AM LOCAL TIME.

CLIMATE NORMAL PERIOD 1981 TO 2010
CLIMATE RECORD PERIOD 1942 TO 2019


WEATHER ITEM   OBSERVED TIME   RECORD YEAR NORMAL DEPARTURE LAST
                VALUE   (LST)  VALUE       VALUE  FROM      YEAR
                                                  NORMAL
..................................................................
TEMPERATURE (F)
 TODAY
  MAXIMUM         77   1059 AM 104    1977  88    -11       85
  MINIMUM         63    430 AM  46    1950  59      4       60
  AVERAGE         70                        73     -3       73

PRECIPITATION (IN)
  TODAY            T             1.39 2018   0.06  -0.06     1.39
  MONTH TO DATE    5.28                      0.94   4.34     4.42
  SINCE JUN 1      7.39                      3.47   3.92    10.48
  SINCE JAN 1     19.05                     10.16   8.89    18.53

DEGREE DAYS
 HEATING
  TODAY            0                         0      0        0
  MONTH TO DATE    0                        10    -10        1
  SINCE JUN 1    111                       109      2       54
  SINCE JUL 1      0                        10    -10        1

 COOLING
  TODAY            5                         9     -4        8
  MONTH TO DATE   92                       124    -32      130
  SINCE JUN 1    130                       208    -78      234
  SINCE JAN 1    130                       223    -93      262
..................................................................


WIND (MPH)
  HIGHEST WIND SPEED    18   HIGHEST WIND DIRECTION     S (170)
  HIGHEST GUST SPEED    24   HIGHEST GUST DIRECTION     S (160)
  AVERAGE WIND SPEED    10.2


SKY COVER
  AVERAGE SKY COVER 0.5


WEATHER CONDITIONS
 THE FOLLOWING WEATHER WAS RECORDED TODAY.
  THUNDERSTORM
  LIGHT RAIN


RELATIVE HUMIDITY (PERCENT)
 HIGHEST    93          1200 AM
 LOWEST     60          1100 AM
 AVERAGE    77

..........................................................


THE RAPID CITY AIRPORT SD CLIMATE NORMALS FOR TOMORROW
                         NORMAL    RECORD    YEAR
 MAXIMUM TEMPERATURE (F)   88       106      2006
 MINIMUM TEMPERATURE (F)   59        49      1992
                                             1982
                                             1972


SUNRISE AND SUNSET
JULY 17 2019..........SUNRISE   525 AM MDT   SUNSET   831 PM MDT
JULY 18 2019..........SUNRISE   526 AM MDT   SUNSET   831 PM MDT


-  INDICATES NEGATIVE NUMBERS.
R  INDICATES RECORD WAS SET OR TIED.
MM INDICATES DATA IS MISSING.
T  INDICATES TRACE AMOUNT.




$$
