000
CDUS42 KRAH 170058
CLIRDU


CLIMATE REPORT
NATIONAL WEATHER SERVICE RALEIGH NC
857 PM EDT SUN JUN 16 2019


...................................

...THE RALEIGH-DURHAM INTL AIRPORT NC CLIMATE SUMMARY FOR JUNE 16 2019...
VALID AS OF 0857 PM LOCAL TIME.

CLIMATE NORMAL PERIOD 1981 TO 2010
CLIMATE RECORD PERIOD 1887 TO 2019


WEATHER ITEM   OBSERVED TIME   RECORD YEAR NORMAL DEPARTURE LAST
                VALUE   (LST)  VALUE       VALUE  FROM      YEAR
                                                  NORMAL
..................................................................
TEMPERATURE (F)
 TODAY
  MAXIMUM         89    259 PM 100    2015  87      2       90
  MINIMUM         66    536 AM  52    1997  66      0       65
  AVERAGE         78                        77      1       78

PRECIPITATION (IN)
  TODAY            0.00          2.30 2017   0.12  -0.12     0.00
  MONTH TO DATE    2.09                      1.89   0.20     0.83
  SINCE JUN 1      2.09                      1.89   0.20     0.83
  SINCE JAN 1     22.52                     18.92   3.60    21.72

DEGREE DAYS
 HEATING
  TODAY            0                         0      0        0
  MONTH TO DATE    0                         0      0        0
  SINCE JUN 1      0                         0      0        0
  SINCE JUL 1   3129                      3243   -114     3344

 COOLING
  TODAY           13                        12      1       13
  MONTH TO DATE  132                       160    -28      180
  SINCE JUN 1    132                       160    -28      180
  SINCE JAN 1    477                       369    108      515
..................................................................


WIND (MPH)
  HIGHEST WIND SPEED    20   HIGHEST WIND DIRECTION    SW (220)
  HIGHEST GUST SPEED    26   HIGHEST GUST DIRECTION     W (250)
  AVERAGE WIND SPEED    11.9


SKY COVER
  POSSIBLE SUNSHINE  MM
  AVERAGE SKY COVER 0.4


WEATHER CONDITIONS
 THE FOLLOWING WEATHER WAS RECORDED TODAY.
  HAZE


RELATIVE HUMIDITY (PERCENT)
 HIGHEST    93           300 AM
 LOWEST     48           600 PM
 AVERAGE    71

..........................................................


THE RALEIGH-DURHAM INTL AIRPORT NC CLIMATE NORMALS FOR TOMORROW
                         NORMAL    RECORD    YEAR
 MAXIMUM TEMPERATURE (F)   88        99      1945
 MINIMUM TEMPERATURE (F)   67        50      1961


SUNRISE AND SUNSET
JUNE 16 2019..........SUNRISE   558 AM EDT   SUNSET   833 PM EDT
JUNE 17 2019..........SUNRISE   558 AM EDT   SUNSET   834 PM EDT


-  INDICATES NEGATIVE NUMBERS.
R  INDICATES RECORD WAS SET OR TIED.
MM INDICATES DATA IS MISSING.
T  INDICATES TRACE AMOUNT.

&&

CLIMATE REPORT
NWS FORECAST OFFICE
NCSU CENTENNIAL CAMPUS
RALEIGH NC

MAXIMUM TEMPERATURE... 87

MINIMUM TEMPERATURE... 66

PRECIPITATION... 0.00

$$
