000
CDUS42 KRAH 090540
CLIRDU

CLIMATE REPORT
NATIONAL WEATHER SERVICE RALEIGH NC
140 AM EDT SUN AUG 09 2020

...................................

...THE RALEIGH-DURHAM INTL AIRPORT NC CLIMATE SUMMARY FOR AUGUST 8 2020...

CLIMATE NORMAL PERIOD 1981 TO 2010
CLIMATE RECORD PERIOD 1887 TO 2020


WEATHER ITEM   OBSERVED TIME   RECORD YEAR NORMAL DEPARTURE LAST
                VALUE   (LST)  VALUE       VALUE  FROM      YEAR
                                                  NORMAL
...................................................................
TEMPERATURE (F)
 YESTERDAY
  MAXIMUM         90    238 PM 102    2007  89      1       91
  MINIMUM         71    605 AM  55    2002  69      2       68
  AVERAGE         81                        79      2       80

PRECIPITATION (IN)
  YESTERDAY        0.00          2.63 1928   0.14  -0.14     0.12
  MONTH TO DATE    2.72                      1.14   1.58     1.88
  SINCE JUN 1      9.49                      9.39   0.10     9.11
  SINCE JAN 1     30.90                     26.42   4.48    29.54

DEGREE DAYS
 HEATING
  YESTERDAY        0                         0      0        0
  MONTH TO DATE    0                         0      0        0
  SINCE JUN 1      7                         4      3        0
  SINCE JUL 1      0                         0      0        0

 COOLING
  YESTERDAY       16                        14      2       15
  MONTH TO DATE  129                       117     12      111
  SINCE JUN 1   1018                       930     88      964
  SINCE JAN 1   1229                      1139     90     1309
...................................................................


WIND (MPH)
  HIGHEST WIND SPEED    14   HIGHEST WIND DIRECTION     E (90)
  HIGHEST GUST SPEED    17   HIGHEST GUST DIRECTION     E (90)
  AVERAGE WIND SPEED     3.9


SKY COVER
  POSSIBLE SUNSHINE  MM
  AVERAGE SKY COVER 0.7


WEATHER CONDITIONS
THE FOLLOWING WEATHER WAS RECORDED YESTERDAY.
  NO SIGNIFICANT WEATHER WAS OBSERVED.


RELATIVE HUMIDITY (PERCENT)
 HIGHEST    97           600 AM
 LOWEST     63           100 PM
 AVERAGE    80

..........................................................


THE RALEIGH-DURHAM INTL AIRPORT NC CLIMATE NORMALS FOR TODAY
                         NORMAL    RECORD    YEAR
 MAXIMUM TEMPERATURE (F)   89       104      2007
 MINIMUM TEMPERATURE (F)   69        58      1994
                                             2002


SUNRISE AND SUNSET
AUGUST  9 2020........SUNRISE   629 AM EDT   SUNSET   811 PM EDT
AUGUST 10 2020........SUNRISE   630 AM EDT   SUNSET   810 PM EDT


-  INDICATES NEGATIVE NUMBERS.
R  INDICATES RECORD WAS SET OR TIED.
MM INDICATES DATA IS MISSING.
T  INDICATES TRACE AMOUNT.

&&

CLIMATE REPORT
NWS FORECAST OFFICE
NCSU CENTENNIAL CAMPUS
RALEIGH, NC

MAXIMUM TEMPERATURE... 89

MINIMUM TEMPERATURE... 71

PRECIPITATION... T

$$
