145
CDUS42 KRAH 190055
CLIRDU


CLIMATE REPORT
NATIONAL WEATHER SERVICE RALEIGH NC
854 PM EDT SUN AUG 18 2019


...................................

...THE RALEIGH-DURHAM INTL AIRPORT NC CLIMATE SUMMARY FOR AUGUST 18 2019...
VALID AS OF 0854 PM LOCAL TIME.

CLIMATE NORMAL PERIOD 1981 TO 2010
CLIMATE RECORD PERIOD 1887 TO 2019


WEATHER ITEM   OBSERVED TIME   RECORD YEAR NORMAL DEPARTURE LAST
                VALUE   (LST)  VALUE       VALUE  FROM      YEAR
                                                  NORMAL
..................................................................
TEMPERATURE (F)
 TODAY
  MAXIMUM         92    214 PM 105    1988  88      4       88
  MINIMUM         70    301 AM  53    1981  69      1       73
  AVERAGE         81                        78      3       81

PRECIPITATION (IN)
  TODAY            0.00          3.00 1939   0.13  -0.13     0.49
  MONTH TO DATE    3.20                      2.38   0.82     3.64
  SINCE JUN 1     10.43                     10.63  -0.20    10.54
  SINCE JAN 1     30.86                     27.66   3.20    31.43

DEGREE DAYS
 HEATING
  TODAY            0                         0      0        0
  MONTH TO DATE    0                         0      0        0
  SINCE JUN 1      0                         4     -4        0
  SINCE JUL 1      0                         0      0        0

 COOLING
  TODAY           16                        14      2       16
  MONTH TO DATE  271                       257     14      271
  SINCE JUN 1   1124                      1070     54     1138
  SINCE JAN 1   1469                      1279    190     1473
..................................................................


WIND (MPH)
  HIGHEST WIND SPEED     9   HIGHEST WIND DIRECTION    SW (230)
  HIGHEST GUST SPEED    14   HIGHEST GUST DIRECTION     S (190)
  AVERAGE WIND SPEED     2.5


SKY COVER
  POSSIBLE SUNSHINE  MM
  AVERAGE SKY COVER 0.6


WEATHER CONDITIONS
 THE FOLLOWING WEATHER WAS RECORDED TODAY.
  FOG
  FOG W/VISIBILITY <= 1/4 MILE


RELATIVE HUMIDITY (PERCENT)
 HIGHEST   100           100 AM
 LOWEST     52           300 PM
 AVERAGE    76

..........................................................


THE RALEIGH-DURHAM INTL AIRPORT NC CLIMATE NORMALS FOR TOMORROW
                         NORMAL    RECORD    YEAR
 MAXIMUM TEMPERATURE (F)   88       103      1988
 MINIMUM TEMPERATURE (F)   69        58      1977


SUNRISE AND SUNSET
AUGUST 18 2019........SUNRISE   636 AM EDT   SUNSET   801 PM EDT
AUGUST 19 2019........SUNRISE   637 AM EDT   SUNSET   800 PM EDT


-  INDICATES NEGATIVE NUMBERS.
R  INDICATES RECORD WAS SET OR TIED.
MM INDICATES DATA IS MISSING.
T  INDICATES TRACE AMOUNT.

&&
CLIMATE REPORT NWS FORECAST OFFICE
NCSU CENTENNIAL CAMPUS
RALEIGH, NC

MAXIMUM TEMPERATURE... 72

MINIMUM TEMPERATURE... 93

PRECIPITATION... 0.00



$$
