000
CDUS42 KRAH 210606
CLIRDU


CLIMATE REPORT
NATIONAL WEATHER SERVICE RALEIGH NC
205 AM EDT SUN APR 21 2019


...................................

...THE RALEIGH-DURHAM INTL AIRPORT NC CLIMATE SUMMARY FOR APRIL 20 2019...

CLIMATE NORMAL PERIOD 1981 TO 2010
CLIMATE RECORD PERIOD 1887 TO 2019


WEATHER ITEM   OBSERVED TIME   RECORD YEAR NORMAL DEPARTURE LAST
                VALUE   (LST)  VALUE       VALUE  FROM      YEAR
                                                  NORMAL
..................................................................
TEMPERATURE (F)
 YESTERDAY
  MAXIMUM         66   1228 AM  93    1896  74     -8       65
  MINIMUM         49   1159 PM  28    1983  49      0       34
  AVERAGE         58                        61     -3       50

PRECIPITATION (IN)
  YESTERDAY        0.02          2.08 1918   0.10  -0.08     0.00
  MONTH TO DATE    6.15                      2.01   4.14     4.30
  SINCE MAR 1      9.32                      6.12   3.20     9.10
  SINCE JAN 1     17.01                     12.85   4.16    14.72

SNOWFALL (IN)
  YESTERDAY        0.0           0.0  2002   0.0    0.0      0.0
                                      2001
  MONTH TO DATE    0.0                       0.1   -0.1       T
  SINCE MAR 1      0.0                       0.6   -0.6      1.6
  SINCE JUL 1      8.9                       6.1    2.8      8.9
  SNOW DEPTH       0

DEGREE DAYS
 HEATING
  YESTERDAY        7                         5      2       15
  MONTH TO DATE  113                       147    -34      178
  SINCE MAR 1    596                       571     25      766
  SINCE JUL 1   3086                      3143    -57     3279

 COOLING
  YESTERDAY        0                         2     -2        0
  MONTH TO DATE   27                        27      0       14
  SINCE MAR 1     28                        38    -10       17
  SINCE JAN 1     33                        39     -6       39
..................................................................


WIND (MPH)
  HIGHEST WIND SPEED    28   HIGHEST WIND DIRECTION    SW (230)
  HIGHEST GUST SPEED    33   HIGHEST GUST DIRECTION    SW (240)
  AVERAGE WIND SPEED    12.6


SKY COVER
  POSSIBLE SUNSHINE  MM
  AVERAGE SKY COVER 0.8


WEATHER CONDITIONS
 THE FOLLOWING WEATHER WAS RECORDED YESTERDAY.
  LIGHT RAIN
  FOG


RELATIVE HUMIDITY (PERCENT)
 HIGHEST    90           200 AM
 LOWEST     49           300 PM
 AVERAGE    70

..........................................................


THE RALEIGH-DURHAM INTL AIRPORT NC CLIMATE NORMALS FOR TODAY
                         NORMAL    RECORD    YEAR
 MAXIMUM TEMPERATURE (F)   74        90      1985
                                             1896
 MINIMUM TEMPERATURE (F)   49        28      1983
                                             1956


SUNRISE AND SUNSET
APRIL 21 2019.........SUNRISE   635 AM EDT   SUNSET   753 PM EDT
APRIL 22 2019.........SUNRISE   634 AM EDT   SUNSET   754 PM EDT


-  INDICATES NEGATIVE NUMBERS.
R  INDICATES RECORD WAS SET OR TIED.
MM INDICATES DATA IS MISSING.
T  INDICATES TRACE AMOUNT.


&&
CLIMATE REPORT NWS FORECAST OFFICE
NCSU CENTENNIAL CAMPUS
RALEIGH, NC

MAXIMUM TEMPERATURE... 65

MINIMUM TEMPERATURE... 50

PRECIPITATION... 0.04

$$
