000
CDUS41 KBTV 030535
CLIRUT

CLIMATE REPORT
NATIONAL WEATHER SERVICE BURLINGTON VT
135 AM EDT WED JUN 03 2020

...................................

...THE RUTLAND VT CLIMATE SUMMARY FOR JUNE 2 2020...

CLIMATE NORMAL PERIOD: 9999 TO 9999
CLIMATE RECORD PERIOD: 9999 TO 9999


WEATHER ITEM   OBSERVED TIME   NORMAL DEPARTURE LAST
                VALUE   (LST)  VALUE  FROM      YEAR
                                      NORMAL
.......................................................
TEMPERATURE (F)
 YESTERDAY
  MAXIMUM         65        MM  MM     MM       71
  MINIMUM         40            MM     MM       56
  AVERAGE         53            MM     MM       64

PRECIPITATION (IN)
  YESTERDAY        0.01         MM     MM        0.10
  MONTH TO DATE    0.01          0.00   0.01     0.64
  SINCE JUN 1      0.01          0.00   0.01     0.64
  SINCE JAN 1      7.26          T      7.26    11.48

DEGREE DAYS
 HEATING
  YESTERDAY       12            MM     MM        1
  MONTH TO DATE   31            MM     MM        4
  SINCE JUN 1     31            MM     MM        4
  SINCE JUL 1   7008            MM     MM     7285

 COOLING
  YESTERDAY        0            MM     MM        0
  MONTH TO DATE    0            MM     MM        0
  SINCE JUN 1      0            MM     MM        0
  SINCE JAN 1     39            MM     MM        7
.......................................................


WIND (MPH)
  HIGHEST WIND SPEED    12   HIGHEST WIND DIRECTION    SW (240)
  HIGHEST GUST SPEED    17   HIGHEST GUST DIRECTION    SW (240)
  AVERAGE WIND SPEED     6.5


SKY COVER
  AVERAGE SKY COVER 0.7


WEATHER CONDITIONS
THE FOLLOWING WEATHER WAS RECORDED YESTERDAY.
  RAIN
  LIGHT RAIN


RELATIVE HUMIDITY (PERCENT)
 HIGHEST   100           9:00 PM
 LOWEST     46           3:00 PM
 AVERAGE    73

..........................................................


THE RUTLAND VT CLIMATE NORMALS FOR TODAY
                         NORMAL    RECORD    YEAR
 MAXIMUM TEMPERATURE (F)   MM        MM        MM
 MINIMUM TEMPERATURE (F)   MM        MM        MM


SUNRISE AND SUNSET
JUNE  3 2020..........SUNRISE   5:12 AM EDT   SUNSET   8:28 PM EDT
JUNE  4 2020..........SUNRISE   5:12 AM EDT   SUNSET   8:29 PM EDT


-  INDICATES NEGATIVE NUMBERS.
R  INDICATES RECORD WAS SET OR TIED.
MM INDICATES DATA IS MISSING.
T  INDICATES TRACE AMOUNT.




$$
