000
CDUS43 KLMK 030629
CLISDF


CLIMATE REPORT
NATIONAL WEATHER SERVICE LOUISVILLE KY
228 AM EDT WED JUN 3 2020


...................................

...THE LOUISVILLE KY CLIMATE SUMMARY FOR JUNE 2 2020...

CLIMATE NORMAL PERIOD 1981 TO 2010
CLIMATE RECORD PERIOD 1871 TO 2020


WEATHER ITEM   OBSERVED TIME   RECORD YEAR NORMAL DEPARTURE LAST
                VALUE   (LST)  VALUE       VALUE  FROM      YEAR
                                                  NORMAL
..................................................................
TEMPERATURE (F)
 YESTERDAY
  MAXIMUM         90    341 PM  97    1951  82      8       86
                                      1895
  MINIMUM         64    523 AM  45    1956  62      2       67
  AVERAGE         77                        72      5       77

PRECIPITATION (IN)
  YESTERDAY        0.00          1.75 2006   0.14  -0.14     0.00
  MONTH TO DATE    0.00                      0.29  -0.29     0.00
  SINCE JUN 1      0.00                      0.29  -0.29     0.00
  SINCE JAN 1     22.21                     20.16   2.05    26.57

SNOWFALL (IN)
  YESTERDAY        0.0          MM      MM   0.0    0.0      0.0
  MONTH TO DATE    0.0                       0.0    0.0      0.0
  SINCE JUN 1      0.0                       0.0    0.0      0.0
  SINCE JUL 1      3.4                      12.5   -9.1     11.2
  SNOW DEPTH       0

DEGREE DAYS
 HEATING
  YESTERDAY        0                         0      0        0
  MONTH TO DATE    0                         1     -1        0
  SINCE JUN 1      0                         1     -1        0
  SINCE JUL 1   3656                      4093   -437     3891

 COOLING
  YESTERDAY       12                         7      5       12
  MONTH TO DATE   13                        14     -1       21
  SINCE JUN 1     13                        14     -1       21
  SINCE JAN 1    184                       188     -4      295
..................................................................


WIND (MPH)
  HIGHEST WIND SPEED    18   HIGHEST WIND DIRECTION    SW (230)
  HIGHEST GUST SPEED    26   HIGHEST GUST DIRECTION    SW (230)
  AVERAGE WIND SPEED     8.7


SKY COVER
  POSSIBLE SUNSHINE  MM
  AVERAGE SKY COVER 0.4


WEATHER CONDITIONS
 THE FOLLOWING WEATHER WAS RECORDED YESTERDAY.
  NO SIGNIFICANT WEATHER WAS OBSERVED.


RELATIVE HUMIDITY (PERCENT)
 HIGHEST    63           500 AM
 LOWEST     31           300 PM
 AVERAGE    47

..........................................................


THE LOUISVILLE KY CLIMATE NORMALS FOR TODAY
                         NORMAL    RECORD    YEAR
 MAXIMUM TEMPERATURE (F)   82       100      1895
 MINIMUM TEMPERATURE (F)   63        43      1910


SUNRISE AND SUNSET
JUNE  3 2020..........SUNRISE   621 AM EDT   SUNSET   902 PM EDT
JUNE  4 2020..........SUNRISE   620 AM EDT   SUNSET   903 PM EDT


-  INDICATES NEGATIVE NUMBERS.
R  INDICATES RECORD WAS SET OR TIED.
MM INDICATES DATA IS MISSING.
T  INDICATES TRACE AMOUNT.




$$
