000
CDUS43 KLMK 150630
CLISDF


CLIMATE REPORT
NATIONAL WEATHER SERVICE LOUISVILLE KY
228 AM EDT SUN SEP 15 2019

...................................

...THE LOUISVILLE KY CLIMATE SUMMARY FOR SEPTEMBER 14 2019...

CLIMATE NORMAL PERIOD 1981 TO 2010
CLIMATE RECORD PERIOD 1871 TO 2019


WEATHER ITEM   OBSERVED TIME   RECORD YEAR NORMAL DEPARTURE LAST
                VALUE   (LST)  VALUE       VALUE  FROM      YEAR
                                                  NORMAL
..................................................................
TEMPERATURE (F)
 YESTERDAY
  MAXIMUM         87    243 PM 100    1897  82      5       91
  MINIMUM         70    718 AM  40    1902  61      9       70
  AVERAGE         79                        72      7       81

PRECIPITATION (IN)
  YESTERDAY        0.00          1.06 1938   0.11  -0.11     0.00
  MONTH TO DATE    0.00                      1.38  -1.38     4.66
  SINCE SEP 1      0.00                      1.38  -1.38     4.66
  SINCE JAN 1     38.38                     32.60   5.78    49.13

SNOWFALL (IN)
  YESTERDAY        0.0          MM      MM   0.0    0.0      0.0
  MONTH TO DATE    0.0                       0.0    0.0      0.0
  SINCE SEP 1      0.0                       0.0    0.0      0.0
  SINCE JUL 1      0.0                       0.0    0.0       T
  SNOW DEPTH       0

DEGREE DAYS
 HEATING
  YESTERDAY        0                         0      0        0
  MONTH TO DATE    0                         0      0        1
  SINCE SEP 1      0                         0      0        1
  SINCE JUL 1      0                         0      0        1

 COOLING
  YESTERDAY       14                         7      7       16
  MONTH TO DATE  210                       131     79      163
  SINCE SEP 1    210                       131     79      163
  SINCE JAN 1   1793                      1488    305     1896
..................................................................


WIND (MPH)
  HIGHEST WIND SPEED    15   HIGHEST WIND DIRECTION     N (20)
  HIGHEST GUST SPEED    19   HIGHEST GUST DIRECTION     N (10)
  AVERAGE WIND SPEED     6.9


SKY COVER
  POSSIBLE SUNSHINE  MM
  AVERAGE SKY COVER 0.6


WEATHER CONDITIONS
 THE FOLLOWING WEATHER WAS RECORDED YESTERDAY.
  NO SIGNIFICANT WEATHER WAS OBSERVED.


RELATIVE HUMIDITY (PERCENT)
 HIGHEST    66           700 AM
 LOWEST     27           300 PM
 AVERAGE    47

..........................................................


THE LOUISVILLE KY CLIMATE NORMALS FOR TODAY
                         NORMAL    RECORD    YEAR
 MAXIMUM TEMPERATURE (F)   82        99      1897
 MINIMUM TEMPERATURE (F)   61        44      1902


SUNRISE AND SUNSET
SEPTEMBER 15 2019.....SUNRISE   724 AM EDT   SUNSET   751 PM EDT
SEPTEMBER 16 2019.....SUNRISE   725 AM EDT   SUNSET   750 PM EDT


-  INDICATES NEGATIVE NUMBERS.
R  INDICATES RECORD WAS SET OR TIED.
MM INDICATES DATA IS MISSING.
T  INDICATES TRACE AMOUNT.

$$
04
