000
CDUS43 KLMK 222029
CLISDF


CLIMATE REPORT
NATIONAL WEATHER SERVICE LOUISVILLE KY
429 PM EDT MON APR 22 2019


...................................

...THE LOUISVILLE KY CLIMATE SUMMARY FOR APRIL 22 2019...
VALID TODAY AS OF 0400 PM LOCAL TIME.

CLIMATE NORMAL PERIOD 1981 TO 2010
CLIMATE RECORD PERIOD 1871 TO 2019


WEATHER ITEM   OBSERVED TIME   RECORD YEAR NORMAL DEPARTURE LAST
                VALUE   (LST)  VALUE       VALUE  FROM      YEAR
                                                  NORMAL
..................................................................
TEMPERATURE (F)
 TODAY
  MAXIMUM         80    259 PM  88    1960  71      9       74
  MINIMUM         47    355 AM  32    1936  49     -2       53
  AVERAGE         64                        60      4       64

PRECIPITATION (IN)
  TODAY            0.00          3.08 1887   0.14  -0.14      T
  MONTH TO DATE    5.35                      2.81   2.54     2.59
  SINCE MAR 1      9.09                      6.98   2.11     7.64
  SINCE JAN 1     20.69                     13.40   7.29    19.94

SNOWFALL (IN)
  TODAY            0.0           0.0    MM   0.0    0.0      0.0
  MONTH TO DATE    0.0                       0.1   -0.1      1.2
  SINCE MAR 1      2.6                       1.5    1.1     13.1
  SINCE JUL 1     11.2                      12.5   -1.3     19.1
  SNOW DEPTH       0

DEGREE DAYS
 HEATING
  TODAY            1                         6     -5        1
  MONTH TO DATE  132                       203    -71      314
  SINCE MAR 1    743                       741      2      915
  SINCE JUL 1   3840                      3982   -142     4003

 COOLING
  TODAY            0                         2     -2        0
  MONTH TO DATE   19                        25     -6       19
  SINCE MAR 1     22                        31     -9       19
  SINCE JAN 1     22                        31     -9       31
..................................................................


WIND (MPH)
  HIGHEST WIND SPEED    14   HIGHEST WIND DIRECTION    SE (140)
  HIGHEST GUST SPEED    18   HIGHEST GUST DIRECTION    SE (130)
  AVERAGE WIND SPEED     4.5


SKY COVER
  POSSIBLE SUNSHINE  MM
  AVERAGE SKY COVER 0.3


WEATHER CONDITIONS
 THE FOLLOWING WEATHER WAS RECORDED TODAY.
  NO SIGNIFICANT WEATHER WAS OBSERVED.


RELATIVE HUMIDITY (PERCENT)
 HIGHEST    80           400 AM
 LOWEST     28           300 PM
 AVERAGE    54

..........................................................


THE LOUISVILLE KY CLIMATE NORMALS FOR TOMORROW
                         NORMAL    RECORD    YEAR
 MAXIMUM TEMPERATURE (F)   71        91      1960
 MINIMUM TEMPERATURE (F)   50        28      1986


SUNRISE AND SUNSET
APRIL 22 2019.........SUNRISE   658 AM EDT   SUNSET   825 PM EDT
APRIL 23 2019.........SUNRISE   657 AM EDT   SUNSET   826 PM EDT


-  INDICATES NEGATIVE NUMBERS.
R  INDICATES RECORD WAS SET OR TIED.
MM INDICATES DATA IS MISSING.
T  INDICATES TRACE AMOUNT.




$$
