000
CDUS42 KMLB 142016
CLISFB


CLIMATE REPORT
NATIONAL WEATHER SERVICE MELBOURNE FL
416 PM EDT SAT SEP 14 2019


...................................

...THE SANFORD CLIMATE SUMMARY FOR SEPTEMBER 14 2019...
VALID TODAY AS OF 0400 PM LOCAL TIME.

CLIMATE NORMAL PERIOD 1981 TO 2010
CLIMATE RECORD PERIOD 1948 TO 2019


WEATHER ITEM   OBSERVED TIME   RECORD YEAR NORMAL DEPARTURE LAST
                VALUE   (LST)  VALUE       VALUE  FROM      YEAR
                                                  NORMAL
..................................................................
TEMPERATURE (F)
 TODAY
  MAXIMUM         89    246 PM  95    1950  90     -1       94
  MINIMUM         75    456 AM  63    1960  73      2       76
  AVERAGE         82                        81      1       85

PRECIPITATION (IN)
  TODAY            0.06          2.91 1999   0.23  -0.17     0.00
  MONTH TO DATE    2.82                      2.96  -0.14     2.55
  SINCE SEP 1      2.82                      2.96  -0.14     2.55
  SINCE JAN 1     37.26                     39.56  -2.30    39.21

SNOWFALL (IN)
  TODAY            0.0                                       0.0
  MONTH TO DATE    0.0                                       0.0
  SINCE SEP 1      0.0                                       0.0
  SINCE JUL 1      0.0                                       0.0

DEGREE DAYS
 HEATING
  TODAY            0                         0      0        0
  MONTH TO DATE    0                         0      0        0
  SINCE SEP 1      0                         0      0        0
  SINCE JUL 1      0                         0      0        0

 COOLING
  TODAY           17                        16      1       20
  MONTH TO DATE  262                       234     28      258
  SINCE SEP 1    262                       234     28      258
  SINCE JAN 1   3066                      2650    416     2818
..................................................................


WIND (MPH)
  HIGHEST WIND SPEED    26   HIGHEST WIND DIRECTION    NE (60)
  HIGHEST GUST SPEED    34   HIGHEST GUST DIRECTION    NE (60)
  AVERAGE WIND SPEED    11.4


SKY COVER
  AVERAGE SKY COVER 0.5


WEATHER CONDITIONS
 THE FOLLOWING WEATHER WAS RECORDED TODAY.
  LIGHT RAIN
  FOG


RELATIVE HUMIDITY (PERCENT)
 HIGHEST    94           100 AM
 LOWEST     63          1200 PM
 AVERAGE    79

..........................................................


THE SANFORD CLIMATE NORMALS FOR TOMORROW
                         NORMAL    RECORD    YEAR
 MAXIMUM TEMPERATURE (F)   90        95      2018
                                             1972
                                             1958
 MINIMUM TEMPERATURE (F)   73        62      1956


SUNRISE AND SUNSET
SEPTEMBER 14 2019.....SUNRISE   709 AM EDT   SUNSET   731 PM EDT
SEPTEMBER 15 2019.....SUNRISE   710 AM EDT   SUNSET   730 PM EDT


-  INDICATES NEGATIVE NUMBERS.
R  INDICATES RECORD WAS SET OR TIED.
MM INDICATES DATA IS MISSING.
T  INDICATES TRACE AMOUNT.




$$
