000
CDUS42 KMLB 220645
CLISFB


CLIMATE REPORT
NATIONAL WEATHER SERVICE MELBOURNE FL
245 AM EDT MON APR 22 2019


...................................

...THE SANFORD CLIMATE SUMMARY FOR APRIL 21 2019...

CLIMATE NORMAL PERIOD 1981 TO 2010
CLIMATE RECORD PERIOD 1948 TO 2019


WEATHER ITEM   OBSERVED TIME   RECORD YEAR NORMAL DEPARTURE LAST
                VALUE   (LST)  VALUE       VALUE  FROM      YEAR
                                                  NORMAL
..................................................................
TEMPERATURE (F)
 YESTERDAY
  MAXIMUM         76    445 PM  93    2006  83     -7       82
                                      1968
  MINIMUM         53    516 AM  40    1953  61     -8       66
  AVERAGE         65                        72     -7       74

PRECIPITATION (IN)
  YESTERDAY        0.00          1.04 1959   0.08  -0.08     0.09
  MONTH TO DATE    2.23                      1.87   0.36     2.02
  SINCE MAR 1      3.05                      5.98  -2.93     3.84
  SINCE JAN 1      8.72                     11.15  -2.43     6.45

SNOWFALL (IN)
  YESTERDAY        0.0
  MONTH TO DATE    0.0
  SINCE JUL 1      0.0
  SNOW DEPTH       0

DEGREE DAYS
 HEATING
  YESTERDAY        0                         0      0        0
  MONTH TO DATE    0                        15    -15        2
  SINCE MAR 1     43                        73    -30      108
  SINCE JUL 1    448                       598   -150      531

 COOLING
  YESTERDAY        0                         8     -8        9
  MONTH TO DATE  174                       132     42      148
  SINCE MAR 1    306                       240     66      230
  SINCE JAN 1    498                       336    162      450
..................................................................


WIND (MPH)
  RESULTANT WIND SPEED   3   RESULTANT WIND DIRECTION   W (280)
  HIGHEST WIND SPEED    14   HIGHEST WIND DIRECTION    NW (310)
  HIGHEST GUST SPEED    19   HIGHEST GUST DIRECTION     W (290)
  AVERAGE WIND SPEED     5.8


SKY COVER
  POSSIBLE SUNSHINE  MM
  AVERAGE SKY COVER 0.1


WEATHER CONDITIONS
 THE FOLLOWING WEATHER WAS RECORDED YESTERDAY.
  NO SIGNIFICANT WEATHER WAS OBSERVED.


RELATIVE HUMIDITY (PERCENT)
 HIGHEST    86           600 AM
 LOWEST     29           300 PM
 AVERAGE    58

..........................................................


THE SANFORD CLIMATE NORMALS FOR TODAY
                         NORMAL    RECORD    YEAR
 MAXIMUM TEMPERATURE (F)   84        94      1968
 MINIMUM TEMPERATURE (F)   61        45      1953


SUNRISE AND SUNSET
APRIL 22 2019.........SUNRISE   652 AM EDT   SUNSET   755 PM EDT
APRIL 23 2019.........SUNRISE   651 AM EDT   SUNSET   756 PM EDT


-  INDICATES NEGATIVE NUMBERS.
R  INDICATES RECORD WAS SET OR TIED.
MM INDICATES DATA IS MISSING.
T  INDICATES TRACE AMOUNT.




$$
