000
CDUS42 KMLB 030625
CLISFB

CLIMATE REPORT
NATIONAL WEATHER SERVICE MELBOURNE FL
225 AM EDT WED JUN 03 2020

...................................

...THE SANFORD CLIMATE SUMMARY FOR JUNE 2 2020...

CLIMATE NORMAL PERIOD 1981 TO 2010
CLIMATE RECORD PERIOD 1948 TO 2020


WEATHER ITEM   OBSERVED TIME   RECORD YEAR NORMAL DEPARTURE LAST
                VALUE   (LST)  VALUE       VALUE  FROM      YEAR
                                                  NORMAL
...................................................................
TEMPERATURE (F)
 YESTERDAY
  MAXIMUM         86    105 PM  98    2004  90     -4       96
  MINIMUM         74   1159 PM  52    1984  70      4       74
  AVERAGE         80                        80      0       85

PRECIPITATION (IN)
  YESTERDAY        0.00          1.85 1981   0.20  -0.20     0.00
  MONTH TO DATE    0.66                      0.40   0.26     0.04
  SINCE JUN 1      0.66                      0.40   0.26     0.04
  SINCE JAN 1     10.09                     15.30  -5.21    11.30

SNOWFALL (IN)
  YESTERDAY        0.0
  MONTH TO DATE    0.0
  SINCE JUL 1      0.0

DEGREE DAYS
 HEATING
  YESTERDAY        0                         0      0        0
  MONTH TO DATE    0                         0      0        0
  SINCE JUN 1      0                         0      0        0
  SINCE JUL 1    345                       598   -253      448

 COOLING
  YESTERDAY       15                        15      0       20
  MONTH TO DATE   32                        30      2       41
  SINCE JUN 1     32                        30      2       41
  SINCE JAN 1   1237                       822    415     1092
...................................................................


WIND (MPH)
  RESULTANT WIND SPEED  10   RESULTANT WIND DIRECTION   E (80)
  HIGHEST WIND SPEED    20   HIGHEST WIND DIRECTION     E (70)
  HIGHEST GUST SPEED    25   HIGHEST GUST DIRECTION     E (70)
  AVERAGE WIND SPEED    10.7


SKY COVER
  POSSIBLE SUNSHINE  MM
  AVERAGE SKY COVER 0.7


WEATHER CONDITIONS
THE FOLLOWING WEATHER WAS RECORDED YESTERDAY.
  NO SIGNIFICANT WEATHER WAS OBSERVED.


RELATIVE HUMIDITY (PERCENT)
 HIGHEST    91           200 AM
 LOWEST     57           100 PM
 AVERAGE    74

..........................................................


THE SANFORD CLIMATE NORMALS FOR TODAY
                         NORMAL    RECORD    YEAR
 MAXIMUM TEMPERATURE (F)   90        99      1998
                                             2000
 MINIMUM TEMPERATURE (F)   71        58      1961
                                             1984
                                             1997


SUNRISE AND SUNSET
JUNE  3 2020..........SUNRISE   627 AM EDT   SUNSET   820 PM EDT
JUNE  4 2020..........SUNRISE   627 AM EDT   SUNSET   821 PM EDT


-  INDICATES NEGATIVE NUMBERS.
R  INDICATES RECORD WAS SET OR TIED.
MM INDICATES DATA IS MISSING.
T  INDICATES TRACE AMOUNT.




$$
