000
CDUS46 KMTR 220029
CLISFD


CLIMATE REPORT
NATIONAL WEATHER SERVICE SAN FRANCISCO BAY AREA
529 PM PDT SUN APR 21 2019


...................................

...THE SAN FRANCISCO DWTN CA CLIMATE SUMMARY FOR APRIL 21 2019...
VALID TODAY AS OF 0500 PM LOCAL TIME.

CLIMATE NORMAL PERIOD 1981 TO 2010
CLIMATE RECORD PERIOD 1850 TO 2019


WEATHER ITEM   OBSERVED TIME   RECORD YEAR NORMAL DEPARTURE LAST
                VALUE   (LST)  VALUE       VALUE  FROM      YEAR
                                                  NORMAL
..................................................................
TEMPERATURE (F)
 TODAY
  MAXIMUM         MM        MM  90    1987  63     MM       71
  MINIMUM         MM        MM  42    1967  49     MM       49
  AVERAGE         MM                        56     MM       60

PRECIPITATION (IN)
  TODAY           MM             1.39 1880   0.04  MM        0.00
  MONTH TO DATE    0.42                      1.13  -0.71     3.91
  SINCE OCT 1     23.77                     22.19   1.58    17.37
  SINCE JAN 1     17.82                     13.35   4.47    14.08

DEGREE DAYS
 HEATING
  TODAY           MM                        MM     MM        5
  MONTH TO DATE  124                        MM     MM      183
  SINCE MAR 1    420                        MM     MM      498
  SINCE JUL 1   2138                        MM     MM     1953

 COOLING
  TODAY           MM                        MM     MM        0
  MONTH TO DATE    0                         0      0        0
  SINCE MAR 1      0                         0      0        6
  SINCE JAN 1      0                         0      0        8
..................................................................







THE SAN FRANCISCO DWTN CA CLIMATE NORMALS FOR TOMORROW
                         NORMAL    RECORD    YEAR
 MAXIMUM TEMPERATURE (F)   63        86      1910
 MINIMUM TEMPERATURE (F)   49        44      1901


SUNRISE AND SUNSET
APRIL 21 2019.........SUNRISE   627 AM PDT   SUNSET   751 PM PDT
APRIL 22 2019.........SUNRISE   625 AM PDT   SUNSET   752 PM PDT


-  INDICATES NEGATIVE NUMBERS.
R  INDICATES RECORD WAS SET OR TIED.
MM INDICATES DATA IS MISSING.
T  INDICATES TRACE AMOUNT.




$$
