000
CDUS46 KMTR 160826
CLISFD


CLIMATE REPORT
NATIONAL WEATHER SERVICE SAN FRANCISCO BAY AREA
126 AM PDT SUN JUN 16 2019


...................................

...THE SAN FRANCISCO DWTN CA CLIMATE SUMMARY FOR JUNE 15 2019...

CLIMATE NORMAL PERIOD 1981 TO 2010
CLIMATE RECORD PERIOD 1850 TO 2019


WEATHER ITEM   OBSERVED TIME   RECORD YEAR NORMAL DEPARTURE LAST
                VALUE   (LST)  VALUE       VALUE  FROM      YEAR
                                                  NORMAL
..................................................................
TEMPERATURE (F)
 YESTERDAY
  MAXIMUM         59    143 PM  89    1976  67     -8       59
  MINIMUM         52    543 AM  47    1908  53     -1       53
  AVERAGE         56                        60     -4       56

PRECIPITATION (IN)
  YESTERDAY        0.00          0.53 1875   0.00   0.00     0.00
  MONTH TO DATE    0.00                      0.12  -0.12     0.01
  SINCE OCT 1     25.72                     23.34   2.38    17.42
  SINCE JAN 1     19.77                     14.50   5.27    14.13

DEGREE DAYS
 HEATING
  YESTERDAY        9                        MM     MM        9
  MONTH TO DATE   64                        MM     MM       80
  SINCE JUN 1     64                        MM     MM       80
  SINCE JUL 1   2544                        MM     MM     2339

 COOLING
  YESTERDAY        0                        MM     MM        0
  MONTH TO DATE   53                         0     53        1
  SINCE JUN 1     53                         0     53        1
  SINCE JAN 1     57                         0     57       10
..................................................................







THE SAN FRANCISCO DWTN CA CLIMATE NORMALS FOR TODAY
                         NORMAL    RECORD    YEAR
 MAXIMUM TEMPERATURE (F)   67        90      1943
 MINIMUM TEMPERATURE (F)   53        48      1893


SUNRISE AND SUNSET
JUNE 16 2019..........SUNRISE   547 AM PDT   SUNSET   834 PM PDT
JUNE 17 2019..........SUNRISE   547 AM PDT   SUNSET   834 PM PDT


-  INDICATES NEGATIVE NUMBERS.
R  INDICATES RECORD WAS SET OR TIED.
MM INDICATES DATA IS MISSING.
T  INDICATES TRACE AMOUNT.




$$
