000
CDUS46 KPQR 221143
CLITTD


CLIMATE REPORT
NATIONAL WEATHER SERVICE PORTLAND OREGON
442 AM PDT MON APR 22 2019


...................................

...THE TROUTDALE OR CLIMATE SUMMARY FOR APRIL 21 2019...

CLIMATE NORMAL PERIOD 1981 TO 2010
CLIMATE RECORD PERIOD 1948 TO 2019


WEATHER ITEM   OBSERVED TIME   RECORD YEAR NORMAL DEPARTURE LAST
                VALUE   (LST)  VALUE       VALUE  FROM      YEAR
                                                  NORMAL
..................................................................
TEMPERATURE (F)
 YESTERDAY
  MAXIMUM         62    504 PM  81    2009  63     -1       63
  MINIMUM         44   1156 PM  30    1950  42      2       47
  AVERAGE         53                        52      1       55

PRECIPITATION (IN)
  YESTERDAY        0.00                      0.12  -0.12     0.01
  MONTH TO DATE    3.91                      2.77   1.14     3.73
  SINCE OCT 1     24.59                     37.08 -12.49    27.95
  SINCE JAN 1     12.54                     18.68  -6.14    13.61

DEGREE DAYS
 HEATING
  YESTERDAY       12                        13     -1       10
  MONTH TO DATE  249                       298    -49      282

 COOLING
  YESTERDAY        0                         0      0        0
  MONTH TO DATE    0                         0      0        0
..................................................................


WIND (MPH)
  HIGHEST WIND SPEED     8   HIGHEST WIND DIRECTION    NW (320)
  HIGHEST GUST SPEED    13   HIGHEST GUST DIRECTION    NW (310)
  AVERAGE WIND SPEED     3.1


SKY COVER
  POSSIBLE SUNSHINE  MM
  AVERAGE SKY COVER 0.7


WEATHER CONDITIONS
 THE FOLLOWING WEATHER WAS RECORDED YESTERDAY.
  NO SIGNIFICANT WEATHER WAS OBSERVED.


RELATIVE HUMIDITY (PERCENT)
 HIGHEST    80           200 AM
 LOWEST     46           500 PM
 AVERAGE    63

..........................................................


THE TROUTDALE OR CLIMATE NORMALS FOR TODAY
                         NORMAL    RECORD    YEAR
 MAXIMUM TEMPERATURE (F)   63        83      1982
 MINIMUM TEMPERATURE (F)   42        30      1972


SUNRISE AND SUNSET
APRIL 22 2019.........SUNRISE   612 AM PDT   SUNSET   805 PM PDT
APRIL 23 2019.........SUNRISE   611 AM PDT   SUNSET   806 PM PDT


-  INDICATES NEGATIVE NUMBERS.
R  INDICATES RECORD WAS SET OR TIED.
MM INDICATES DATA IS MISSING.
T  INDICATES TRACE AMOUNT.




$$
