000
CDUS46 KPQR 151145
CLITTD


CLIMATE REPORT
NATIONAL WEATHER SERVICE PORTLAND OREGON
444 AM PDT SUN SEP 15 2019


...................................

...THE TROUTDALE OR CLIMATE SUMMARY FOR SEPTEMBER 14 2019...

CLIMATE NORMAL PERIOD 1981 TO 2010
CLIMATE RECORD PERIOD 1948 TO 2019


WEATHER ITEM   OBSERVED TIME   RECORD YEAR NORMAL DEPARTURE LAST
                VALUE   (LST)  VALUE       VALUE  FROM      YEAR
                                                  NORMAL
..................................................................
TEMPERATURE (F)
 YESTERDAY
  MAXIMUM         77    415 PM  90    1979  77      0       72
  MINIMUM         57    517 AM  38    1970  50      7       50
  AVERAGE         67                        63      4       61

PRECIPITATION (IN)
  YESTERDAY        0.00                      0.05  -0.05     0.00
  MONTH TO DATE    0.87                      0.69   0.18     0.70
  SINCE OCT 1     30.12                     45.81 -15.69    31.57
  SINCE JAN 1     18.07                     27.41  -9.34    17.23

DEGREE DAYS
 HEATING
  YESTERDAY        0                         3     -3        4
  MONTH TO DATE    1                        33    -32       21

 COOLING
  YESTERDAY        2                         1      1        0
  MONTH TO DATE   54                        28     26       24
..................................................................


WIND (MPH)
  HIGHEST WIND SPEED    13   HIGHEST WIND DIRECTION    SW (240)
  HIGHEST GUST SPEED    17   HIGHEST GUST DIRECTION    SW (240)
  AVERAGE WIND SPEED     3.6


SKY COVER
  POSSIBLE SUNSHINE  MM
  AVERAGE SKY COVER 0.4


WEATHER CONDITIONS
 THE FOLLOWING WEATHER WAS RECORDED YESTERDAY.
  NO SIGNIFICANT WEATHER WAS OBSERVED.


RELATIVE HUMIDITY (PERCENT)
 HIGHEST    86           300 AM
 LOWEST     43           400 PM
 AVERAGE    65

..........................................................


THE TROUTDALE OR CLIMATE NORMALS FOR TODAY
                         NORMAL    RECORD    YEAR
 MAXIMUM TEMPERATURE (F)   77        93      1981
                                             2008
                                             1979
 MINIMUM TEMPERATURE (F)   50        36      1989


SUNRISE AND SUNSET
SEPTEMBER 15 2019.....SUNRISE   648 AM PDT   SUNSET   721 PM PDT
SEPTEMBER 16 2019.....SUNRISE   649 AM PDT   SUNSET   719 PM PDT


-  INDICATES NEGATIVE NUMBERS.
R  INDICATES RECORD WAS SET OR TIED.
MM INDICATES DATA IS MISSING.
T  INDICATES TRACE AMOUNT.




$$
