000
CDUS44 KJAN 230704
CLITVR


CLIMATE REPORT
NATIONAL WEATHER SERVICE JACKSON MS
201 AM CDT MON APR 23 2018


...................................

...THE VICKSBURG CLIMATE SUMMARY FOR APRIL 22 2018...

CLIMATE NORMAL PERIOD 1981 TO 2010
CLIMATE RECORD PERIOD 1948 TO 2018


WEATHER ITEM   OBSERVED TIME   RECORD YEAR NORMAL DEPARTURE LAST
                VALUE   (LST)  VALUE       VALUE  FROM      YEAR
                                                  NORMAL
..................................................................
TEMPERATURE (F)
 YESTERDAY
  MAXIMUM         68    520 PM  91    1987  78    -10       82
  MINIMUM         57   1159 PM  40    1993  55      2       58
  AVERAGE         63                        66     -3       70

PRECIPITATION (IN)
  YESTERDAY        0.63          1.40 1995   0.17   0.46     0.20
  MONTH TO DATE    5.36                      3.72   1.64     8.04
  SINCE MAR 1     11.30                      8.75   2.55    10.90
  SINCE JAN 1     24.71                     19.09   5.62    17.66

SNOWFALL (IN)
  YESTERDAY        0.0

DEGREE DAYS
 HEATING
  YESTERDAY        2                         2      0        0
  MONTH TO DATE  112                        87     25       16
  SINCE MAR 1    308                       352    -44      190
  SINCE JUL 1   2194                      2328   -134     1466

 COOLING
  YESTERDAY        0                         3     -3        5
  MONTH TO DATE   26                        54    -28      110
  SINCE MAR 1     68                        77     -9      196
  SINCE JAN 1    125                        86     39      247
..................................................................


WIND (MPH)
  HIGHEST WIND SPEED    18   HIGHEST WIND DIRECTION    SE (130)
  HIGHEST GUST SPEED    27   HIGHEST GUST DIRECTION     W (280)
  AVERAGE WIND SPEED     6.2


SKY COVER
  POSSIBLE SUNSHINE  MM
  AVERAGE SKY COVER 0.8


WEATHER CONDITIONS
 THE FOLLOWING WEATHER WAS RECORDED YESTERDAY.
  HEAVY RAIN
  RAIN
  LIGHT RAIN
  FOG


RELATIVE HUMIDITY (PERCENT)
 HIGHEST   100           300 AM
 LOWEST     75          1000 PM
 AVERAGE    88

..........................................................


THE VICKSBURG CLIMATE NORMALS FOR TODAY
                         NORMAL    RECORD    YEAR
 MAXIMUM TEMPERATURE (F)   78        89      1958
 MINIMUM TEMPERATURE (F)   55        40      1959


SUNRISE AND SUNSET
APRIL 23 2018.........SUNRISE   626 AM CDT   SUNSET   739 PM CDT
APRIL 24 2018.........SUNRISE   625 AM CDT   SUNSET   740 PM CDT


-  INDICATES NEGATIVE NUMBERS.
R  INDICATES RECORD WAS SET OR TIED.
MM INDICATES DATA IS MISSING.
T  INDICATES TRACE AMOUNT.




$$
