000
CDUS44 KJAN 170626
CLITVR


CLIMATE REPORT
NATIONAL WEATHER SERVICE JACKSON MS
124 AM CDT WED JUL 17 2019


...................................

...THE VICKSBURG CLIMATE SUMMARY FOR JULY 16 2019...

CLIMATE NORMAL PERIOD 1981 TO 2010
CLIMATE RECORD PERIOD 1948 TO 2019


WEATHER ITEM   OBSERVED TIME   RECORD YEAR NORMAL DEPARTURE LAST
                VALUE   (LST)  VALUE       VALUE  FROM      YEAR
                                                  NORMAL
..................................................................
TEMPERATURE (F)
 YESTERDAY
  MAXIMUM         90    300 PM 104    1954  92     -2       94
  MINIMUM         77    107 AM  57    1967  71      6       75
  AVERAGE         84                        82      2       85

PRECIPITATION (IN)
  YESTERDAY        0.04          1.62 1961   0.13  -0.09     0.33
  MONTH TO DATE    5.88                      1.91   3.97     3.30
  SINCE JUN 1     10.67                      5.90   4.77     5.97
  SINCE JAN 1     42.01                     31.20  10.81    32.61

SNOWFALL (IN)
  YESTERDAY        0.0

DEGREE DAYS
 HEATING
  YESTERDAY        0                         0      0        0
  MONTH TO DATE    0                         0      0        0
  SINCE JUN 1      0                         0      0        0
  SINCE JUL 1      0                         0      0        0

 COOLING
  YESTERDAY       19                        17      2       20
  MONTH TO DATE  282                       258     24      289
  SINCE JUN 1    717                       676     41      777
  SINCE JAN 1   1168                      1046    122     1312
..................................................................


WIND (MPH)
  HIGHEST WIND SPEED    16   HIGHEST WIND DIRECTION     S (170)
  HIGHEST GUST SPEED    26   HIGHEST GUST DIRECTION     W (290)
  AVERAGE WIND SPEED     6.9


SKY COVER
  POSSIBLE SUNSHINE  MM
  AVERAGE SKY COVER 0.4


WEATHER CONDITIONS
 THE FOLLOWING WEATHER WAS RECORDED YESTERDAY.
  THUNDERSTORM
  LIGHT RAIN
  HAZE


RELATIVE HUMIDITY (PERCENT)
 HIGHEST    91          1200 AM
 LOWEST     68           200 PM
 AVERAGE    80

..........................................................


THE VICKSBURG CLIMATE NORMALS FOR TODAY
                         NORMAL    RECORD    YEAR
 MAXIMUM TEMPERATURE (F)   92       102      2000
                                             1980
 MINIMUM TEMPERATURE (F)   71        63      2014


SUNRISE AND SUNSET
JULY 17 2019..........SUNRISE   609 AM CDT   SUNSET   811 PM CDT
JULY 18 2019..........SUNRISE   610 AM CDT   SUNSET   811 PM CDT


-  INDICATES NEGATIVE NUMBERS.
R  INDICATES RECORD WAS SET OR TIED.
MM INDICATES DATA IS MISSING.
T  INDICATES TRACE AMOUNT.




$$
