722
CDUS44 KJAN 150710
CLITVR


CLIMATE REPORT
NATIONAL WEATHER SERVICE JACKSON MS
207 AM CDT SUN SEP 15 2019


...................................

...THE VICKSBURG CLIMATE SUMMARY FOR SEPTEMBER 14 2019...

CLIMATE NORMAL PERIOD 1981 TO 2010
CLIMATE RECORD PERIOD 1948 TO 2019


WEATHER ITEM   OBSERVED TIME   RECORD YEAR NORMAL DEPARTURE LAST
                VALUE   (LST)  VALUE       VALUE  FROM      YEAR
                                                  NORMAL
..................................................................
TEMPERATURE (F)
 YESTERDAY
  MAXIMUM         99R   211 PM  98    1962  87     12       95
  MINIMUM         74    502 AM  44    1964  64     10       71
  AVERAGE         87                        76     11       83

PRECIPITATION (IN)
  YESTERDAY        0.00          0.78 2008   0.10  -0.10     0.00
  MONTH TO DATE    T                         1.65  -1.65     1.96
  SINCE SEP 1      T                         1.65  -1.65     1.96
  SINCE JAN 1     46.38                     38.22   8.16    38.84

SNOWFALL (IN)
  YESTERDAY        0.0

DEGREE DAYS
 HEATING
  YESTERDAY        0                         0      0        0
  MONTH TO DATE    0                         0      0        0
  SINCE SEP 1      0                         0      0        0
  SINCE JUL 1      0                         0      0        0

 COOLING
  YESTERDAY       22                        11     11       18
  MONTH TO DATE  284                       172    112      220
  SINCE SEP 1    284                       172    112      220
  SINCE JAN 1   2308                      1961    347     2305
..................................................................


WIND (MPH)
  HIGHEST WIND SPEED    12   HIGHEST WIND DIRECTION     E (80)
  HIGHEST GUST SPEED    15   HIGHEST GUST DIRECTION     E (90)
  AVERAGE WIND SPEED     5.0


SKY COVER
  POSSIBLE SUNSHINE  MM
  AVERAGE SKY COVER 0.0


WEATHER CONDITIONS
 THE FOLLOWING WEATHER WAS RECORDED YESTERDAY.
  NO SIGNIFICANT WEATHER WAS OBSERVED.


RELATIVE HUMIDITY (PERCENT)
 HIGHEST    82           300 AM
 LOWEST     35           200 PM
 AVERAGE    59

..........................................................


THE VICKSBURG CLIMATE NORMALS FOR TODAY
                         NORMAL    RECORD    YEAR
 MAXIMUM TEMPERATURE (F)   87        98      2016
                                             1980
 MINIMUM TEMPERATURE (F)   64        48      1964


SUNRISE AND SUNSET
SEPTEMBER 15 2019.....SUNRISE   648 AM CDT   SUNSET   710 PM CDT
SEPTEMBER 16 2019.....SUNRISE   648 AM CDT   SUNSET   709 PM CDT


-  INDICATES NEGATIVE NUMBERS.
R  INDICATES RECORD WAS SET OR TIED.
MM INDICATES DATA IS MISSING.
T  INDICATES TRACE AMOUNT.




$$
