000
CDUS44 KJAN 242228
CLITVR


CLIMATE REPORT
NATIONAL WEATHER SERVICE JACKSON MS
528 PM CDT SUN MAY 24 2020


...................................

...THE VICKSBURG CLIMATE SUMMARY FOR MAY 24 2020...
VALID AS OF 0500 PM LOCAL TIME.

CLIMATE NORMAL PERIOD 1981 TO 2010
CLIMATE RECORD PERIOD 1948 TO 2020


WEATHER ITEM   OBSERVED TIME   RECORD YEAR NORMAL DEPARTURE LAST
                VALUE   (LST)  VALUE       VALUE  FROM      YEAR
                                                  NORMAL
..................................................................
TEMPERATURE (F)
 TODAY
  MAXIMUM         90    325 PM  96    1969  86      4       88
  MINIMUM         68    536 AM  43    1951  64      4       71
  AVERAGE         79                        75      4       80

PRECIPITATION (IN)
  TODAY            0.00          1.42 1955   0.16  -0.16     0.00
  MONTH TO DATE    1.84                      4.02  -2.18     5.67
  SINCE MAR 1     14.89                     14.02   0.87    18.53
  SINCE JAN 1     38.09                     24.36  13.73    31.34

SNOWFALL (IN)
  TODAY            0.0

DEGREE DAYS
 HEATING
  TODAY            0                         0      0        0
  MONTH TO DATE    5                         9     -4        0
  SINCE MAR 1    118                       374   -256      376
  SINCE JUL 1   1643                      2350   -707     2127

 COOLING
  TODAY           14                        10      4       15
  MONTH TO DATE  201                       177     24      230
  SINCE MAR 1    417                       286    131      327
  SINCE JAN 1    431                       295    136      344
..................................................................


WIND (MPH)
  HIGHEST WIND SPEED    13   HIGHEST WIND DIRECTION    SE (140)
  HIGHEST GUST SPEED    19   HIGHEST GUST DIRECTION     S (170)
  AVERAGE WIND SPEED     6.5


SKY COVER
  POSSIBLE SUNSHINE  MM
  AVERAGE SKY COVER 0.1


WEATHER CONDITIONS
 THE FOLLOWING WEATHER WAS RECORDED TODAY.
  FOG


RELATIVE HUMIDITY (PERCENT)
 HIGHEST    90           200 AM
 LOWEST     55           400 PM
 AVERAGE    73

..........................................................


THE VICKSBURG CLIMATE NORMALS FOR TOMORROW
                         NORMAL    RECORD    YEAR
 MAXIMUM TEMPERATURE (F)   86        94      1972
                                             1970
 MINIMUM TEMPERATURE (F)   64        49      1979


SUNRISE AND SUNSET
MAY 24 2020...........SUNRISE   601 AM CDT   SUNSET   802 PM CDT
MAY 25 2020...........SUNRISE   600 AM CDT   SUNSET   802 PM CDT


-  INDICATES NEGATIVE NUMBERS.
R  INDICATES RECORD WAS SET OR TIED.
MM INDICATES DATA IS MISSING.
T  INDICATES TRACE AMOUNT.




$$
