000
CDUS44 KJAN 220645
CLITVR


CLIMATE REPORT
NATIONAL WEATHER SERVICE JACKSON MS
143 AM CDT MON APR 22 2019


...................................

...THE VICKSBURG CLIMATE SUMMARY FOR APRIL 21 2019...

CLIMATE NORMAL PERIOD 1981 TO 2010
CLIMATE RECORD PERIOD 1948 TO 2019


WEATHER ITEM   OBSERVED TIME   RECORD YEAR NORMAL DEPARTURE LAST
                VALUE   (LST)  VALUE       VALUE  FROM      YEAR
                                                  NORMAL
..................................................................
TEMPERATURE (F)
 YESTERDAY
  MAXIMUM         78    342 PM  90    1987  77      1       77
  MINIMUM         51    602 AM  32    1953  55     -4       49
  AVERAGE         65                        66     -1       63

PRECIPITATION (IN)
  YESTERDAY        0.00          5.47 1966   0.16  -0.16     0.00
  MONTH TO DATE    7.71                      3.55   4.16     4.73
  SINCE MAR 1     10.29                      8.58   1.71    10.67
  SINCE JAN 1     23.10                     18.92   4.18    24.08

SNOWFALL (IN)
  YESTERDAY        0.0

DEGREE DAYS
 HEATING
  YESTERDAY        0                         2     -2        2
  MONTH TO DATE   76                        85     -9      110
  SINCE MAR 1    376                       350     26      306
  SINCE JUL 1   2127                      2326   -199     2192

 COOLING
  YESTERDAY        0                         3     -3        0
  MONTH TO DATE   34                        51    -17       26
  SINCE MAR 1     53                        74    -21       68
  SINCE JAN 1     70                        83    -13      125
..................................................................


WIND (MPH)
  HIGHEST WIND SPEED    14   HIGHEST WIND DIRECTION     S (180)
  HIGHEST GUST SPEED    20   HIGHEST GUST DIRECTION     S (160)
  AVERAGE WIND SPEED     4.2


SKY COVER
  POSSIBLE SUNSHINE  MM
  AVERAGE SKY COVER 0.0


WEATHER CONDITIONS
 THE FOLLOWING WEATHER WAS RECORDED YESTERDAY.
  NO SIGNIFICANT WEATHER WAS OBSERVED.


RELATIVE HUMIDITY (PERCENT)
 HIGHEST    89           100 AM
 LOWEST     40           300 PM
 AVERAGE    65

..........................................................


THE VICKSBURG CLIMATE NORMALS FOR TODAY
                         NORMAL    RECORD    YEAR
 MAXIMUM TEMPERATURE (F)   78        91      1987
 MINIMUM TEMPERATURE (F)   55        40      1993


SUNRISE AND SUNSET
APRIL 22 2019.........SUNRISE   627 AM CDT   SUNSET   739 PM CDT
APRIL 23 2019.........SUNRISE   626 AM CDT   SUNSET   739 PM CDT


-  INDICATES NEGATIVE NUMBERS.
R  INDICATES RECORD WAS SET OR TIED.
MM INDICATES DATA IS MISSING.
T  INDICATES TRACE AMOUNT.




$$
