000
CDUS46 KPDT 170035 RRB
CLIYKM

CLIMATE REPORT
NATIONAL WEATHER SERVICE PENDLETON OR
534 PM PDT SUN JUN 16 2019


...................................

...THE YAKIMA WA CLIMATE SUMMARY FOR JUNE 16 2019...
VALID TODAY AS OF 0500 PM LOCAL TIME.

CLIMATE NORMAL PERIOD 1981 TO 2010
CLIMATE RECORD PERIOD 1946 TO 2019


WEATHER ITEM   OBSERVED TIME   RECORD YEAR NORMAL DEPARTURE LAST
                VALUE   (LST)  VALUE       VALUE  FROM      YEAR
                                                  NORMAL
..................................................................
TEMPERATURE (F)
 TODAY
  MAXIMUM         92    254 PM 103    1961  79     13       75
  MINIMUM         63    354 AM  35    2010  48     15       54
                                      1954
  AVERAGE         78                        64     14       65

PRECIPITATION (IN)
  TODAY            0.00          0.71 1947   0.02  -0.02     0.16
  MONTH TO DATE    T                         0.37  -0.37     0.53
  SINCE OCT 1      8.06                      7.16   0.90     5.17
  SINCE JAN 1      5.89                      4.04   1.85     2.88

DEGREE DAYS
 HEATING
  TODAY            0                         3     -3        0
  MONTH TO DATE   44                        65    -21       65
  SINCE JUN 1     44                        65    -21       65
  SINCE JUL 1   5957                      6009    -52     4889

 COOLING
  TODAY           13                         2     11        0
  MONTH TO DATE   83                        22     61        5
  SINCE JUN 1     83                        22     61        5
  SINCE JAN 1    123                        42     81      100
..................................................................


WIND (MPH)
  HIGHEST WIND SPEED    14   HIGHEST WIND DIRECTION    NW (330)
  HIGHEST GUST SPEED    19   HIGHEST GUST DIRECTION    NW (330)
  AVERAGE WIND SPEED     6.0


SKY COVER
  POSSIBLE SUNSHINE  MM
  AVERAGE SKY COVER 0.0


WEATHER CONDITIONS
 THE FOLLOWING WEATHER WAS RECORDED TODAY.
  NO SIGNIFICANT WEATHER WAS OBSERVED.


RELATIVE HUMIDITY (PERCENT)
 HIGHEST    43           400 AM
 LOWEST     21           200 PM
 AVERAGE    32

..........................................................


THE YAKIMA WA CLIMATE NORMALS FOR TOMORROW
                         NORMAL    RECORD    YEAR
 MAXIMUM TEMPERATURE (F)   80       102      1961
 MINIMUM TEMPERATURE (F)   49        36      1991


SUNRISE AND SUNSET
JUNE 16 2019..........SUNRISE   508 AM PDT   SUNSET   857 PM PDT
JUNE 17 2019..........SUNRISE   508 AM PDT   SUNSET   858 PM PDT


-  INDICATES NEGATIVE NUMBERS.
R  INDICATES RECORD WAS SET OR TIED.
MM INDICATES DATA IS MISSING.
T  INDICATES TRACE AMOUNT.




$$
