000
CDUS46 KPDT 210834
CLIYKM

CLIMATE REPORT
NATIONAL WEATHER SERVICE PENDLETON OR
134 AM PDT SUN APR 21 2019


...................................

...THE YAKIMA WA CLIMATE SUMMARY FOR APRIL 20 2019...

CLIMATE NORMAL PERIOD 1981 TO 2010
CLIMATE RECORD PERIOD 1946 TO 2019


WEATHER ITEM   OBSERVED TIME   RECORD YEAR NORMAL DEPARTURE LAST
                VALUE   (LST)  VALUE       VALUE  FROM      YEAR
                                                  NORMAL
..................................................................
TEMPERATURE (F)
 YESTERDAY
  MAXIMUM         70    411 PM  88    2016  65      5       71
  MINIMUM         50    516 AM  22    2008  35     15       36
                                      1985
  AVERAGE         60                        50     10       54

PRECIPITATION (IN)
  YESTERDAY        T             0.39 1963   0.02  -0.02     0.00
  MONTH TO DATE    0.68                      0.35   0.33     0.75
  SINCE OCT 1      7.29                      6.01   1.28     4.51
  SINCE JAN 1      5.12                      2.89   2.23     2.22

DEGREE DAYS
 HEATING
  YESTERDAY        5                        15    -10       11
  MONTH TO DATE  264                       338    -74      296
  SINCE MAR 1   1160                      1015    145      924
  SINCE JUL 1   5672                      5542    130     4690

 COOLING
  YESTERDAY        0                         0      0        0
  MONTH TO DATE    0                         0      0        0
  SINCE MAR 1      0                         0      0        0
  SINCE JAN 1      0                         0      0        0
..................................................................


WIND (MPH)
  HIGHEST WIND SPEED    20   HIGHEST WIND DIRECTION    NW (320)
  HIGHEST GUST SPEED    25   HIGHEST GUST DIRECTION    NW (320)
  AVERAGE WIND SPEED     7.9


SKY COVER
  POSSIBLE SUNSHINE  MM
  AVERAGE SKY COVER 0.6


WEATHER CONDITIONS
 THE FOLLOWING WEATHER WAS RECORDED YESTERDAY.
  LIGHT RAIN


RELATIVE HUMIDITY (PERCENT)
 HIGHEST    68           600 AM
 LOWEST     26           400 PM
 AVERAGE    47

..........................................................


THE YAKIMA WA CLIMATE NORMALS FOR TODAY
                         NORMAL    RECORD    YEAR
 MAXIMUM TEMPERATURE (F)   65        85      2009
                                             1956
 MINIMUM TEMPERATURE (F)   35        19      2008


SUNRISE AND SUNSET
APRIL 21 2019.........SUNRISE   604 AM PDT   SUNSET   758 PM PDT
APRIL 22 2019.........SUNRISE   603 AM PDT   SUNSET   759 PM PDT


-  INDICATES NEGATIVE NUMBERS.
R  INDICATES RECORD WAS SET OR TIED.
MM INDICATES DATA IS MISSING.
T  INDICATES TRACE AMOUNT.


$$
