853
CDUS46 KPDT 190027 RRC
CLIYKM

CLIMATE REPORT
NATIONAL WEATHER SERVICE PENDLETON OR
526 PM PDT SUN AUG 18 2019


...................................

...THE YAKIMA WA CLIMATE SUMMARY FOR AUGUST 18 2019...
VALID TODAY AS OF 0500 PM LOCAL TIME.

CLIMATE NORMAL PERIOD 1981 TO 2010
CLIMATE RECORD PERIOD 1946 TO 2019


WEATHER ITEM   OBSERVED TIME   RECORD YEAR NORMAL DEPARTURE LAST
                VALUE   (LST)  VALUE       VALUE  FROM      YEAR
                                                  NORMAL
..................................................................
TEMPERATURE (F)
 TODAY
  MAXIMUM         87    358 PM 103    1977  87      0       91
  MINIMUM         52    524 AM  38    1995  52      0       51
  AVERAGE         70                        69      1       71

PRECIPITATION (IN)
  TODAY            0.00          1.40 1975   0.01  -0.01     0.00
  MONTH TO DATE    0.71                      0.14   0.57      T
  SINCE OCT 1      8.92                      7.77   1.15     5.17
  SINCE JAN 1      6.75                      4.65   2.10     2.88

DEGREE DAYS
 HEATING
  TODAY            0                         1     -1        0
  MONTH TO DATE    0                        11    -11        0
  SINCE JUN 1     68                       130    -62       73
  SINCE JUL 1      1                        32    -31        6

 COOLING
  TODAY            5                         5      0        6
  MONTH TO DATE  169                       113     56      170
  SINCE JUN 1    459                       373     86      533
  SINCE JAN 1    499                       393    106      628
..................................................................


WIND (MPH)
  HIGHEST WIND SPEED    10   HIGHEST WIND DIRECTION     W (270)
  HIGHEST GUST SPEED    13   HIGHEST GUST DIRECTION    NW (330)
  AVERAGE WIND SPEED     4.0


SKY COVER
  POSSIBLE SUNSHINE  MM
  AVERAGE SKY COVER 0.0


WEATHER CONDITIONS
 THE FOLLOWING WEATHER WAS RECORDED TODAY.
  NO SIGNIFICANT WEATHER WAS OBSERVED.


RELATIVE HUMIDITY (PERCENT)
 HIGHEST    77           600 AM
 LOWEST     27           400 PM
 AVERAGE    52

..........................................................


THE YAKIMA WA CLIMATE NORMALS FOR TOMORROW
                         NORMAL    RECORD    YEAR
 MAXIMUM TEMPERATURE (F)   86        99      1967
 MINIMUM TEMPERATURE (F)   51        38      1947


SUNRISE AND SUNSET
AUGUST 18 2019........SUNRISE   604 AM PDT   SUNSET   807 PM PDT
AUGUST 19 2019........SUNRISE   605 AM PDT   SUNSET   805 PM PDT


-  INDICATES NEGATIVE NUMBERS.
R  INDICATES RECORD WAS SET OR TIED.
MM INDICATES DATA IS MISSING.
T  INDICATES TRACE AMOUNT.




$$
