000
CDUS46 KPDT 090833 RRB
CLIYKM

CLIMATE REPORT
NATIONAL WEATHER SERVICE PENDLETON OR
132 AM PDT SUN AUG 9 2020


...................................

...THE YAKIMA WA CLIMATE SUMMARY FOR AUGUST 8 2020...

CLIMATE NORMAL PERIOD 1981 TO 2010
CLIMATE RECORD PERIOD 1946 TO 2020


WEATHER ITEM   OBSERVED TIME   RECORD YEAR NORMAL DEPARTURE LAST
                VALUE   (LST)  VALUE       VALUE  FROM      YEAR
                                                  NORMAL
..................................................................
TEMPERATURE (F)
 YESTERDAY
  MAXIMUM         87    326 PM 106    1972  89     -2       95
  MINIMUM         60    536 AM  41    1992  54      6       65
  AVERAGE         74                        71      3       80

PRECIPITATION (IN)
  YESTERDAY        0.00          0.09 2008   0.01  -0.01     0.00
  MONTH TO DATE    0.01                      0.05  -0.04     0.00
  SINCE OCT 1      3.89                      7.68  -3.79     8.21
  SINCE JAN 1      2.68                      4.56  -1.88     6.04

DEGREE DAYS
 HEATING
  YESTERDAY        0                         1     -1        0
  MONTH TO DATE    1                         1      0        0
  SINCE JUN 1     63                       120    -57       68
  SINCE JUL 1      6                        22    -16        1

 COOLING
  YESTERDAY        9                         7      2       15
  MONTH TO DATE   67                        56     11       95
  SINCE JUN 1    434                       316    118      385
  SINCE JAN 1    465                       336    129      425
..................................................................


WIND (MPH)
  HIGHEST WIND SPEED    24   HIGHEST WIND DIRECTION    NW (330)
  HIGHEST GUST SPEED    36   HIGHEST GUST DIRECTION     W (280)
  AVERAGE WIND SPEED     7.7


SKY COVER
  POSSIBLE SUNSHINE  MM
  AVERAGE SKY COVER 0.1


WEATHER CONDITIONS
 THE FOLLOWING WEATHER WAS RECORDED YESTERDAY.
  NO SIGNIFICANT WEATHER WAS OBSERVED.


RELATIVE HUMIDITY (PERCENT)
 HIGHEST    60           400 AM
 LOWEST     23           400 PM
 AVERAGE    42

..........................................................


THE YAKIMA WA CLIMATE NORMALS FOR TODAY
                         NORMAL    RECORD    YEAR
 MAXIMUM TEMPERATURE (F)   89       108      1971
 MINIMUM TEMPERATURE (F)   53        43      1985


SUNRISE AND SUNSET
AUGUST  9 2020........SUNRISE   554 AM PDT   SUNSET   821 PM PDT
AUGUST 10 2020........SUNRISE   555 AM PDT   SUNSET   819 PM PDT


-  INDICATES NEGATIVE NUMBERS.
R  INDICATES RECORD WAS SET OR TIED.
MM INDICATES DATA IS MISSING.
T  INDICATES TRACE AMOUNT.




$$
