000
CXUS51 KBGM 012054
CLSBGM


CLIMATE REPORT
NATIONAL WEATHER SERVICE BINGHAMTON NY
314 PM EST SAT DEC 1 2018

...................................

...THE BINGHAMTON NY CLIMATE SUMMARY FOR THE SEASON, FROM
9/1/2018 TO 11/30/2018...

CLIMATE NORMAL PERIOD 1981 TO 2010
CLIMATE RECORD PERIOD 1951 TO 2018

WEATHER         OBSERVED          NORMAL  DEPART  LAST YEAR`S
                 VALUE   DATE(S)  VALUE   FROM    VALUE  DATE(S)
                                          NORMAL
................................................................
TEMPERATURE (F)
RECORD
 HIGH              96   09/03/1953
                        09/02/1953
 LOW                0   11/23/2018
HIGHEST            87   09/05        56      31       87  09/25
LOWEST              0R  11/23        40     -40       13  11/11
AVG. MAXIMUM     54.5              56.8    -2.3     60.0
AVG. MINIMUM     41.5              40.7     0.8     42.2
MEAN             48.0              48.8    -0.8     51.1
DAYS MAX >= 90      0               0.0     0.0        0
DAYS MAX <= 32      8               3.2     4.8        2
DAYS MIN <= 32     30              21.9     8.1       23
DAYS MIN <= 0       1               0.0     1.0        0

PRECIPITATION (INCHES)
RECORD
 MAXIMUM        23.75   2011
 MINIMUM         3.62   1964
TOTALS          19.91             10.26    9.65     7.15
DAILY AVG.       0.22              0.11    0.11     0.08
DAYS >= .01        50              38.2    11.8       37
DAYS >= .10        31              20.0    11.0       16
DAYS >= .50        10               6.4     3.6        3
DAYS >= 1.00        6               2.1     3.9        1
GREATEST
  24 HR TOTAL    3.11  09/17 TO 09/18

SNOWFALL (INCHES)
RECORDS
 TOTAL           33.9   1995
 24 HR TOTAL     12.9   11/20/2016 TO 11/21/2016
 SNOW DEPTH        15   11/22/2016
TOTALS           26.2               6.8    19.4      1.8
SINCE 7/1        26.2               6.8    19.4      1.8
SNOWDEPTH AVG.      1                MM      MM        0
DAYS >= TRACE      21               6.9    14.1       14
DAYS >= 1.0         8               2.4     5.6        1
GREATEST
 SNOW DEPTH        10   11/20                          1  11/20
                        11/16
 24 HR TOTAL     10.1   11/15 TO 11/16

DEGREE_DAYS
HEATING TOTAL    1620              1512     108     1317
 SINCE 7/1       1632              1575      57     1398
COOLING TOTAL      99                33      66       78
 SINCE 1/1        536               381     155      349

FREEZE DATES
RECORD
 EARLIEST     09/20/1993
 LATEST       05/25/1956
EARLIEST                        10/08
LATEST                          05/02
.................................................................

WIND (MPH)
AVERAGE WIND SPEED              7.8
RESULTANT WIND SPEED/DIRECTION   2/248
HIGHEST WIND SPEED/DIRECTION    30/280    DATE  11/10
HIGHEST GUST SPEED/DIRECTION    42/270    DATE  11/10

SKY COVER
POSSIBLE SUNSHINE (PERCENT)   MM
AVERAGE SKY COVER           0.70
NUMBER OF DAYS FAIR           17
NUMBER OF DAYS PC             29
NUMBER OF DAYS CLOUDY         45

AVERAGE RH (PERCENT)     81

WEATHER CONDITIONS. NUMBER OF DAYS WITH
THUNDERSTORM              4     MIXED PRECIP                0
HEAVY RAIN               13     RAIN                       18
LIGHT RAIN               47     FREEZING RAIN               0
LT FREEZING RAIN          1     HAIL                        0
HEAVY SNOW                1     SNOW                        7
LIGHT SNOW               21     SLEET                       0
FOG                      65     FOG W/VIS <= 1/4 MILE      22
HAZE                      2

-  INDICATES NEGATIVE NUMBERS.
R  INDICATES RECORD WAS SET OR TIED.
MM INDICATES DATA IS MISSING.
T  INDICATES TRACE AMOUNT.

&&
2ND WETTEST SEPTEMBER TO NOVEMBER
3RD SNOWIEST SEPTEMBER TO NOVEMBER

$$
