000
CXUS51 KBGM 011722 CCA
CLSBGM
CLIMATE REPORT...CORRECTED
NATIONAL WEATHER SERVICE BINGHAMTON,NY
1222 PM EST FRI MAR 01 2024
...................................
...THE BINGHAMTON NY CLIMATE SUMMARY FOR THE SEASON, FROM
12/1/2023 TO 2/29/2024...
CLIMATE NORMAL PERIOD 1991 TO 2020
CLIMATE RECORD PERIOD 1951 TO 2024
WEATHER OBSERVED NORMAL DEPART LAST YEAR`S
VALUE DATE(S) VALUE FROM VALUE DATE(S)
NORMAL
................................................................
TEMPERATURE (F)
RECORD
HIGH 70 02/24/2017
LOW -20 01/15/1957
HIGHEST 64 02/27 31 33 61 02/15
LOWEST 4 01/17 18 -14 -13 02/04
AVG. MAXIMUM 38.4 32.0 6.4 37.1
AVG. MINIMUM 26.1 18.1 8.0 23.0
MEAN 32.3 25.0 7.3 30.1
DAYS MAX >= 90 0 0.0 0.0 0
DAYS MAX <= 32 23 46.9 -23.9 31
DAYS MIN <= 32 67 81.3 -14.3 79
DAYS MIN <= 0 0 5.4 -5.4 4
PRECIPITATION (INCHES)
RECORD
MAXIMUM 12.16 1977
MINIMUM 3.99 1979
TOTALS 12.27R 8.11 4.16 9.09
DAILY AVG. 0.13 NAN NAN 0.10
DAYS >= .01 50 46.4 3.6 42
DAYS >= .10 25 19.5 5.5 27
DAYS >= .50 9 4.4 4.6 4
DAYS >= 1.00 1 0.9 0.1 0
GREATEST
24 HR. TOTAL 2.37 12/17 TO 12/18 1.21 12/15 TO 12/16
SNOWFALL (INCHES)
RECORDS
TOTAL 94.3 2021
24 HR TOTAL 40.0 12/16/2020 TO 12/17/2020
SNOW DEPTH 39 12/17/2020
TOTALS 36.4 58.4 -22.0 40.9
SINCE 7/1 39.2 66.2 -27.0 45.3
SNOWDEPTH AVG. 1 2
DAYS >= TRACE 51 43.4 7.6 47
DAYS >= 1.0 10 17.4 -7.4 13
GREATEST
SNOW DEPTH 7 01/07 10 12/16
01/08
01/09
24 HR TOTAL 7.3 01/06 TO 01/07 8.6 12/15 TO 12/16
DEGREE DAYS
HEATING TOTAL 2958 3594 -636 3120
SINCE 7/1 4274 5222 -948 4507
COOLING TOTAL 0 0 0 0
SINCE 1/1 0 0 0 0
FREEZE DATES
RECORD
EARLIEST 09/20/1993
LATEST 05/25/1956
EARLIEST 10/31
LATEST 05/18
................................................................
WIND (MPH)
AVERAGE WIND SPEED 8.0
RESULTANT WIND SPEED/DIRECTION 3/260
HIGHEST WIND SPEED/DIRECTION 36/130 DATE 01/09
HIGHEST GUST SPEED/DIRECTION 51/270 DATE 02/28
SKY COVER
POSSIBLE SUNSHINE (PERCENT) MM
AVERAGE SKY COVER 0.70
NUMBER OF DAYS FAIR 16
NUMBER OF DAYS PC 25
NUMBER OF DAYS CLOUDY 50
AVERAGE RH (PERCENT) 73
WEATHER CONDITIONS. NUMBER OF DAYS WITH
THUNDERSTORM 2 MIXED PRECIP 0
HEAVY RAIN 4 RAIN 12
LIGHT RAIN 25 FREEZING RAIN 1
LT FREEZING RAIN 2 HAIL 1
HEAVY SNOW 3 SNOW 10
LIGHT SNOW 47 SLEET 0
FOG 58 FOG W/VIS <= 1/4 MILE 11
HAZE 16
- INDICATES NEGATIVE NUMBERS.
R INDICATES RECORD WAS SET OR TIED.
MM INDICATES DATA IS MISSING.
T INDICATES TRACE AMOUNT.
&&
REPLACED MISSING 2023 DATA WITH ACTUAL
WARMEST DECEMBER TO FEBRUARY OLD RECORD 31.3F IN 2001 TO 2002
WETTEST DECEMBER TO FEBRUARY OLD RECORD LISTED ABOVE
7TH LOWEST DECEMBER TO FEBRUARY RECORD 20.6" IN 2015 TO 2016
$$
TAC