000
CXUS51 KBGM 020906
CLSBGM


CLIMATE REPORT
NATIONAL WEATHER SERVICE BINGHAMTON NY
448 AM EDT SUN JUN 2 2019

...................................

...THE BINGHAMTON NY CLIMATE SUMMARY FOR THE SEASON, FROM
3/1/2019 TO 5/31/2019...

CLIMATE NORMAL PERIOD 1981 TO 2010
CLIMATE RECORD PERIOD 1951 TO 2019

WEATHER         OBSERVED          NORMAL  DEPART  LAST YEAR`S
                 VALUE   DATE(S)  VALUE   FROM    VALUE  DATE(S)
                                          NORMAL
................................................................
TEMPERATURE (F)
RECORD
 HIGH              89   04/27/2009
                        05/20/1996
                        05/07/1982
 LOW               -7   03/19/1993
HIGHEST            83   05/19        53      30       84  05/29
                                                          05/02
LOWEST              3   03/07        35     -32       10  03/18
AVG. MAXIMUM     53.2              53.6    -0.4     51.4
AVG. MINIMUM     35.5              35.5     0.0     34.6
MEAN             44.3              44.6    -0.3     43.0
DAYS MAX >= 90      0               0.0     0.0        0
DAYS MAX <= 32      8               7.2     0.8       15
DAYS MIN <= 32     36              34.5     1.5       49
DAYS MIN <= 0       0               0.2    -0.2        0

PRECIPITATION (INCHES)
RECORD
 MAXIMUM        19.93   2011
 MINIMUM         5.07   1969
TOTALS          10.49              9.99    0.50     9.02
DAILY AVG.       0.11              0.11    0.00     0.10
DAYS >= .01        53              41.7    11.3       46
DAYS >= .10        26              22.8     3.2       29
DAYS >= .50         8               6.3     1.7        4
DAYS >= 1.00        0               1.2    -1.2        1
GREATEST
 24 HR. TOTAL    0.97   05/03 TO 05/04

SNOWFALL (INCHES)
RECORDS
 TOTAL           54.1   1993
 24 HR TOTAL     31.3   03/14/2017 TO 03/15/2017
 SNOW DEPTH        35   03/15/1993
TOTALS            9.2              19.5   -10.3     42.5
SINCE 7/1        81.4              83.4    -2.0     90.6
SNOWDEPTH AVG.      1                MM      MM        2
DAYS >= TRACE      24              14.0    10.0       34
DAYS >= 1.0         2               4.9    -2.9       12
GREATEST
 SNOW DEPTH         7   03/04                         15  03/15
                        03/03                             03/14
 24 HR TOTAL      4.4   03/03 TO 03/04

DEGREE_DAYS
HEATING TOTAL    1888              1904     -16     2017
 SINCE 7/1       7077              7104     -27     6985
COOLING TOTAL       7                24     -17       46
 SINCE 1/1          7                23     -16       46

FREEZE DATES
RECORD
 EARLIEST     09/20/1993
 LATEST       05/25/1956
EARLIEST                        10/08
LATEST                          05/02
.................................................................

WIND (MPH)
AVERAGE WIND SPEED              8.9
RESULTANT WIND SPEED/DIRECTION   3/274
HIGHEST WIND SPEED/DIRECTION    33/280    DATE  04/03
HIGHEST GUST SPEED/DIRECTION    48/130    DATE  03/10

SKY COVER
POSSIBLE SUNSHINE (PERCENT)   MM
AVERAGE SKY COVER           0.60
NUMBER OF DAYS FAIR           21
NUMBER OF DAYS PC             36
NUMBER OF DAYS CLOUDY         35

AVERAGE RH (PERCENT)     69

WEATHER CONDITIONS. NUMBER OF DAYS WITH
THUNDERSTORM             10     MIXED PRECIP                0
HEAVY RAIN               13     RAIN                       17
LIGHT RAIN               45     FREEZING RAIN               1
LT FREEZING RAIN          1     HAIL                        0
HEAVY SNOW                0     SNOW                        3
LIGHT SNOW               24     SLEET                       0
FOG                      57     FOG W/VIS <= 1/4 MILE       8
HAZE                     11

-  INDICATES NEGATIVE NUMBERS.
R  INDICATES RECORD WAS SET OR TIED.
MM INDICATES DATA IS MISSING.
T  INDICATES TRACE AMOUNT.

$$
