000
CXUS51 KBGM 011615
CLSBGM


CLIMATE REPORT
NATIONAL WEATHER SERVICE BINGHAMTON NY
1153 AM EDT MON JUN 1 2020

...................................

...THE BINGHAMTON NY CLIMATE SUMMARY FOR THE SEASON, FROM
3/1/2020 TO 5/31/2020...

CLIMATE NORMAL PERIOD 1981 TO 2010
CLIMATE RECORD PERIOD 1951 TO 2020

WEATHER         OBSERVED          NORMAL  DEPART  LAST YEAR`S
                 VALUE   DATE(S)  VALUE   FROM    VALUE  DATE(S)
                                          NORMAL
................................................................
TEMPERATURE (F)
RECORD
 HIGH              89   04/27/2009
                        05/20/1996
                        05/07/1982
 LOW               -7   03/19/1993
HIGHEST            88   05/26        53      35       83  05/19
LOWEST             15   03/01        35     -20        3  03/07
AVG. MAXIMUM     53.2              53.6    -0.4     53.2
AVG. MINIMUM     35.6              35.5     0.1     35.5
MEAN             44.4              44.6    -0.2     44.3
DAYS MAX >= 90      0               0.0     0.0        0
DAYS MAX <= 32      1               7.2    -6.2        8
DAYS MIN <= 32     40              34.5     5.5       36
DAYS MIN <= 0       0               0.2    -0.2        0

PRECIPITATION (INCHES)
RECORD
 MAXIMUM        19.93   2011
 MINIMUM         5.07   1969
TOTALS           9.76              9.99   -0.23    10.49
DAILY AVG.       0.11              0.11    0.00     0.11
DAYS >= .01        50              41.7     8.3       53
DAYS >= .10        24              22.8     1.2       26
DAYS >= .50         5               6.3    -1.3        8
DAYS >= 1.00        1               1.2    -0.2        0
GREATEST
 24 HR. TOTAL    1.60   04/30 TO 04/30

SNOWFALL (INCHES)
RECORDS
 TOTAL           54.1   1993
 24 HR TOTAL     31.3   03/14/2017 TO 03/15/2017
 SNOW DEPTH        35   03/15/1993
TOTALS           14.5              19.5    -5.0      9.2
SINCE 7/1        79.1              83.4    -4.3     81.4
SNOWDEPTH AVG.      0                MM      MM        1
DAYS >= TRACE      27              14.0    13.0       24
DAYS >= 1.0         3               4.9    -1.9        2
GREATEST
 SNOW DEPTH         6   04/18                          7  03/04
                                                          03/03
 24 HR TOTAL      5.7   04/17 TO 04/18

DEGREE_DAYS
HEATING TOTAL    1892              1904     -12     1888
 SINCE 7/1       6804              7104    -300     7077
COOLING TOTAL      27                24       3        7
 SINCE 1/1         27                23       4        7

FREEZE DATES
RECORD
 EARLIEST     09/20/1993
 LATEST       05/25/1956
EARLIEST                        10/08
LATEST                          05/02
.................................................................

WIND (MPH)
AVERAGE WIND SPEED              9.1
RESULTANT WIND SPEED/DIRECTION   2/282
HIGHEST WIND SPEED/DIRECTION    32/260    DATE  03/03
HIGHEST GUST SPEED/DIRECTION    47/290    DATE  04/21

SKY COVER
POSSIBLE SUNSHINE (PERCENT)   MM
AVERAGE SKY COVER           0.60
NUMBER OF DAYS FAIR           20
NUMBER OF DAYS PC             44
NUMBER OF DAYS CLOUDY         28

AVERAGE RH (PERCENT)     67

WEATHER CONDITIONS. NUMBER OF DAYS WITH
THUNDERSTORM              3     MIXED PRECIP                0
HEAVY RAIN               10     RAIN                       16
LIGHT RAIN               46     FREEZING RAIN               0
LT FREEZING RAIN          1     HAIL                        0
HEAVY SNOW                2     SNOW                        9
LIGHT SNOW               27     SLEET                       0
FOG                      53     FOG W/VIS <= 1/4 MILE      10
HAZE                     11

-  INDICATES NEGATIVE NUMBERS.
R  INDICATES RECORD WAS SET OR TIED.
MM INDICATES DATA IS MISSING.
T  INDICATES TRACE AMOUNT.

$$
